{"id":876,"date":"2011-09-09T14:10:25","date_gmt":"2011-09-09T12:10:25","guid":{"rendered":"http:\/\/baba.org.pl\/?page_id=876"},"modified":"2014-10-20T09:44:09","modified_gmt":"2014-10-20T07:44:09","slug":"chron-dziecko-przed-przemoca-seksualna","status":"publish","type":"page","link":"https:\/\/baba.org.pl\/index.php\/akcje\/chron-dziecko-przed-przemoca-seksualna\/","title":{"rendered":"Chro\u0144 dziecko przed przemoc\u0105 seksualn\u0105"},"content":{"rendered":"<p>Czy Twoje dziecko jest bezpieczne?<\/p>\n<p>W Polsce ok. 10 tysi\u0119cy dzieci jest rokrocznie wykorzystywanych seksualnie, ale wiemy tylko o 10% tych przest\u0119pstw.<\/p>\n<h3>Co powinno Ci\u0119 zaniepokoi\u0107?<\/h3>\n<ul>\n<li>uszkodzenia okolic narz\u0105d&oacute;w p\u0142ciowych i odbytu, moczenia i bezwiedne oddawania ka\u0142u,<\/li>\n<li>bolesno\u015b\u0107 podbrzusza i trudno\u015bci w chodzeniu<\/li>\n<li>zbytnia seksualizacja w zachowaniu (masturbacja, rozbieranie w publicznych miejscach lub<\/li>\n<li>nadmierna wstydliwo\u015b\u0107)<\/li>\n<li>nadmierna agresywno\u015b\u0107 lub apatia, poczucie winy i izolacja<\/li>\n<li>sygnalizowanie tajemnicy (&quot;Mamo, jak b\u0119d\u0119 du\u017cy, to co\u015b ci powiem&quot;)<\/li>\n<li>l\u0119k przed okre\u015blon\u0105 osob\u0105 lub miejscem<\/li>\n<li>pojawienie si\u0119 w domu prezent&oacute;w lub pieni\u0119dzy<\/li>\n<li>zaburzenia snu, a tak\u017ce apetytu i mowy (j\u0105kanie)<\/li>\n<\/ul>\n<h3>Jak uchroni\u0107 dziecko przed przemoc\u0105 seksualn\u0105<\/h3>\n<ul>\n<li>S\u0142uchaj uwa\u017cnie: dziecko zawsze zasygnalizuje, \u017ce dzieje si\u0119 co\u015b z\u0142ego.<\/li>\n<li>Spraw, by czu\u0142o si\u0119 dla Ciebie najwa\u017cniejsze na \u015bwiecie.<\/li>\n<li>Nie pozw&oacute;l, by bawi\u0142o si\u0119 w tajemnice przed Tob\u0105, nawet je\u015bli znaszjego powiernika.<\/li>\n<li>Nie wprowadzaj w domu klimatu wstydu, niech wie, \u017ce o najbardziej kr\u0119puj\u0105cej sprawie mo\u017ce<\/li>\n<li>z Tob\u0105 porozmawia\u0107.<\/li>\n<li>Okre\u015bl te strefy na jego ciele, kt&oacute;rych nikomu nie mo\u017cna dotyka\u0107, ani ogl\u0105da\u0107<\/li>\n<li>Nie pozw&oacute;l mu na jakiekolwiek kontakty z obcymi, pomoc im, wchodzenie z nimi do windy,<\/li>\n<li>piwnicy, odwiedzanie s\u0105siad&oacute;w w domach, wsp&oacute;lne spacery.<\/li>\n<li>Zabro\u0144 przyjmowania prezent&oacute;w i pieni\u0119dzy bez Twojej wiedzy.<\/li>\n<li>Wskazuj mu nieodpowiednie zachowania innych dzieci (&quot;Maciu\u015b wpu\u015bci\u0142 do domu obcego pana i ten pan zrobi\u0142 mu krzywd\u0119&quot;)<\/li>\n<li>Je\u015bli dziecko zrobi\u0142o co\u015b z\u0142ego, nie krzycz i nie wi\u0144 go, ma prawo by\u0107 nadmiernie ufne.<\/li>\n<li>Powiedz, \u017ce ono jest dobre i kochane, a tylko to, co zrobi\u0142o, by\u0142o z\u0142e.<\/li>\n<li>Nie zostawiaj go samego w domu lub z kluczem na podw&oacute;rku, pedofil zawsze znajdzie spos&oacute;b, by nam&oacute;wi\u0107 dziecko na otworzenie drzwi.<\/li>\n<\/ul>\n<p>Seksualne wykorzystywanie dzieci przez osoby z nimi spokrewnione i obce jest \u015bcigane z urz\u0119du, a wi\u0119c niezale\u017cnie od woli pokrzywdzonego. Kazirodztwo i molestowanie dzieci mo\u017ce si\u0119 zdarzy\u0107 w ka\u017cdej rodzinie, bez wzgl\u0119du na jej status. Je\u015bli wiesz o takim fakcie, musisz powiadomi\u0107 policj\u0119 lub prokuratur\u0119. Wszystkim wykorzystywanym seksualnie dzieciom nale\u017cy zapewni\u0107 psychoterapi\u0119.<\/p>\n<p>Je\u015bli szukasz pomocy zadzwo\u0144 do naszego O\u015brodka Pomocy dla Os&oacute;b Pokrzywdzonych Przest\u0119pstwem 68 4549232, 68 4571045 lub skontaktuj si\u0119 z nami anonimowo <a href=\"mailto:poradyprawne@baba.org.pl\">poradyprawne@baba.org.pl<\/a><\/p>\n","protected":false},"excerpt":{"rendered":"<p>Czy Twoje dziecko jest bezpieczne? W Polsce ok. 10 tysi\u0119cy dzieci jest rokrocznie wykorzystywanych seksualnie, ale wiemy tylko o 10% tych przest\u0119pstw. Co powinno Ci\u0119 zaniepokoi\u0107? uszkodzenia okolic narz\u0105d&oacute;w p\u0142ciowych i odbytu, moczenia i bezwiedne oddawania ka\u0142u, bolesno\u015b\u0107 podbrzusza i trudno\u015bci w chodzeniu zbytnia seksualizacja w zachowaniu (masturbacja, rozbieranie w publicznych miejscach lub nadmierna wstydliwo\u015b\u0107) [&hellip;]<\/p>\n","protected":false},"author":6,"featured_media":0,"parent":574,"menu_order":15,"comment_status":"closed","ping_status":"closed","template":"","meta":{"footnotes":""},"class_list":["post-876","page","type-page","status-publish","hentry"],"_links":{"self":[{"href":"https:\/\/baba.org.pl\/index.php\/wp-json\/wp\/v2\/pages\/876","targetHints":{"allow":["GET"]}}],"collection":[{"href":"https:\/\/baba.org.pl\/index.php\/wp-json\/wp\/v2\/pages"}],"about":[{"href":"https:\/\/baba.org.pl\/index.php\/wp-json\/wp\/v2\/types\/page"}],"author":[{"embeddable":true,"href":"https:\/\/baba.org.pl\/index.php\/wp-json\/wp\/v2\/users\/6"}],"replies":[{"embeddable":true,"href":"https:\/\/baba.org.pl\/index.php\/wp-json\/wp\/v2\/comments?post=876"}],"version-history":[{"count":7,"href":"https:\/\/baba.org.pl\/index.php\/wp-json\/wp\/v2\/pages\/876\/revisions"}],"predecessor-version":[{"id":2357,"href":"https:\/\/baba.org.pl\/index.php\/wp-json\/wp\/v2\/pages\/876\/revisions\/2357"}],"up":[{"embeddable":true,"href":"https:\/\/baba.org.pl\/index.php\/wp-json\/wp\/v2\/pages\/574"}],"wp:attachment":[{"href":"https:\/\/baba.org.pl\/index.php\/wp-json\/wp\/v2\/media?parent=876"}],"curies":[{"name":"wp","href":"https:\/\/api.w.org\/{rel}","templated":true}]}}