{"id":742,"date":"2011-09-07T22:06:49","date_gmt":"2011-09-07T20:06:49","guid":{"rendered":"http:\/\/baba.org.pl\/?page_id=742"},"modified":"2018-09-24T09:32:18","modified_gmt":"2018-09-24T07:32:18","slug":"osrodek-pomocy-dla-osob-pokrzywdzonych-przestepstwem","status":"publish","type":"page","link":"https:\/\/baba.org.pl\/index.php\/programy\/osrodek-pomocy-dla-osob-pokrzywdzonych-przestepstwem\/","title":{"rendered":"Pomoc materialna"},"content":{"rendered":"<h3><span style=\"font-size: 26px;\">W 2018&nbsp;roku pomoc materialna nie b\u0119dzie udzielana, ze wzgl\u0119du na brak dofinansowania!<\/span><\/h3>\n<h3>&nbsp;<\/h3>\n<p><!--more--><\/p>\n<h3>&nbsp;<\/h3>\n<h3><a href=\"http:\/\/babazg.home.pl\/autoinstalator\/wordpress\/wp-content\/uploads\/2011\/09\/fundusz.jpg\"><img loading=\"lazy\" decoding=\"async\" alt=\"fundusz\" class=\"alignleft size-medium wp-image-2835\" height=\"199\" src=\"http:\/\/babazg.home.pl\/autoinstalator\/wordpress\/wp-content\/uploads\/2011\/09\/fundusz-300x199.jpg\" width=\"300\" \/><\/a><\/h3>\n<h3><strong>Dla Os&oacute;b Pokrzywdzonych Przest\u0119pstwem i Cz\u0142onk&oacute;w Ich Rodzin <\/strong><\/h3>\n<p><strong><span style=\"color: rgb(0, 0, 205);\">Oferujemy&nbsp;pomoc finansow\u0105 i materialn\u0105 ze \u015brodk&oacute;w FUNDUSZU POMOCY POKRZYWDZONYM ORAZ POMOCY POSTPENITENCJARNEJ w ramach umowy pomi\u0119dzy Ministerstwem Sprawiedliwo\u015bci &ndash; Dysponentem Funduszu, a Lubuskim Stowarzyszeniem na Rzecz Kobiet BABA&nbsp; oraz \u015brodk&oacute;w w\u0142asnych BABY.<br \/>\n\t<a href=\"http:\/\/babazg.home.pl\/autoinstalator\/wordpress\/wp-content\/uploads\/2014\/08\/zakres_pomocy.doc\">Wi\u0119cej pod linkiem&#8230;<\/a><\/span><\/strong><\/p>\n<p>Osobom pokrzywdzonym przest\u0119pstwem udzielamy wsparcia finasowego:<br \/>\n\t1) organizowanie i finansowanie pomocy prawnej, w tym alternatywnych metod rozwi\u0105zywania konflikt&oacute;w;<br \/>\n\t2) pokrywanie koszt&oacute;w zwi\u0105zanych z psychoterapi\u0105 lub pomoc\u0105 psychologiczn\u0105, w tym organizowanie<br \/>\n\ti finansowanie pomocy przez osob\u0119 pierwszego kontaktu;<br \/>\n\t3) pokrywanie koszt&oacute;w \u015bwiadcze\u0144 zdrowotnych, wyrob&oacute;w medycznych, w tym przedmiot&oacute;w ortopedycznych oraz \u015brodk&oacute;w pomocniczych, je\u017celi jest to niezb\u0119dne w procesie leczniczym doznanego uszczerbku na zdrowiu wynikaj\u0105cego z przest\u0119pstwa lub jego nast\u0119pstw;<br \/>\n\t4) pokrywanie koszt&oacute;w zwi\u0105zanych z edukacj\u0105 og&oacute;lnokszta\u0142c\u0105c\u0105 i zawodow\u0105, tak\u017ce na zasadach indywidualnego kszta\u0142cenia, odpowiednio do wieku i potrzeb edukacyjnych os&oacute;b uprawnionych;<br \/>\n\t5) pokrywanie koszt&oacute;w czasowego zakwaterowania lub udzielania schronienia;<br \/>\n\t6) finansowanie okresowych dop\u0142at do bie\u017c\u0105cych zobowi\u0105za\u0144 czynszowych za lokal mieszkalny, do kt&oacute;rego osoba uprawniona posiada tytu\u0142 prawny, a lokal mieszkalny nie jest u\u017cytkowany przez inne osoby;<br \/>\n\t7) dostosowanie lokalu mieszkalnego lub budynku mieszkalnego do potrzeb osoby pokrzywdzonej przest\u0119pstwem w przypadku, gdy utrata sprawno\u015bci fizycznej nast\u0105pi\u0142a w wyniku przest\u0119pstwa;<br \/>\n\t8) finansowanie przejazd&oacute;w \u015brodkami komunikacji publicznej lub pokrywanie koszt&oacute;w transportu zwi\u0105zanych z uzyskiwaniem \u015bwiadcze\u0144 i regulowaniem spraw okre\u015blonych w pkt 1&ndash;7;<br \/>\n\t9) pokrywanie koszt&oacute;w \u017cywno\u015bci lub bon&oacute;w \u017cywno\u015bciowych;<br \/>\n\t10) pokrywanie koszt&oacute;w zakupu odzie\u017cy, bielizny, obuwia, \u015brodk&oacute;w czysto\u015bci i higieny osobistej.<\/p>\n<p>Dokumenty do pobrania: <a href=\"http:\/\/babazg.home.pl\/autoinstalator\/wordpress\/wp-content\/uploads\/2015\/04\/uchwala_Regulamin.doc\">Regulamin&nbsp;przyznawania pomocy finansowej z za\u0142acznikiem<\/a>, <a href=\"http:\/\/babazg.home.pl\/autoinstalator\/wordpress\/wp-content\/uploads\/2014\/09\/wniosek-o-udzielenie-pomocy-ze-srodkow-funduszu-2.pdf\">Wniosek osoby pokrzywdzonej<\/a>, <a href=\"http:\/\/babazg.home.pl\/autoinstalator\/wordpress\/wp-content\/uploads\/2013\/04\/o\u015bwiadczenie.docx\">O\u015bwiadczenie<\/a>.<br \/>\n\t\u017beby skorzysta\u0107 ze spo\u0142ecznej&nbsp;pomocy materialnej, nale\u017cy skontaktowa\u0107 si\u0119 z nami, pomo\u017cemy wype\u0142ni\u0107 dokumenty, um&oacute;wimy na spotkanie ze specjalist\u0105. Zapraszamy w Zielonej G&oacute;rze, Czerwie\u0144sku, Jasieniu,&nbsp;<span style=\"background-color: rgb(255, 255, 255);\">Ko\u017cuchowie, Kro\u015bnie Odrza\u0144skim,&nbsp;<\/span>Lubsku,&nbsp;<span style=\"background-color: rgb(255, 255, 255);\">Nowej Soli,&nbsp;Nowogrodzie Bobrza\u0144skim,&nbsp;Skwierzynie, <\/span>Sulechowie, Szprotawie, <span style=\"background-color: rgb(255, 255, 255);\">&nbsp;\u015awiebodzinie&nbsp;<\/span>i <span style=\"background-color: rgb(255, 255, 255);\">\u017baganiu.&nbsp; <\/span>Chcesz skontaktowac si\u0119 z osob\u0105 pierwszego kontaktu &#8211; zadzwo\u0144 do BABY. W sytuacjach awaryjnych &#8211; przyjedziemy do Ciebie.<\/p>\n<p><a href=\"http:\/\/babazg.home.pl\/autoinstalator\/wordpress\/wp-content\/uploads\/2010\/11\/logo3.gif\"><img loading=\"lazy\" decoding=\"async\" alt=\"Sie\u0107 pomocy ofiarom przest\u0119pstw (logo)\" class=\"alignleft size-full wp-image-67\" height=\"109\" src=\"http:\/\/babazg.home.pl\/autoinstalator\/wordpress\/wp-content\/uploads\/2010\/11\/logo3.gif\" title=\"siec_pomocy\" width=\"152\" \/><\/a>Lubuskie Stowarzyszenie na Rzecz Kobiet BABA prowadzi&nbsp;O\u015brodek Pomocy dla Os&oacute;b Pokrzywdzonych Przest\u0119pstwem w Zielonej G&oacute;rze wchodz\u0105cy w sk\u0142ad og&oacute;lnopolskiej Sieci Pomocy Ofiarom Przest\u0119pstw, nadzorowanej przez Ministerstwo Sprawiedliwo\u015bci RP. (<a href=\"http:\/\/ms.gov.pl\">http:\/\/ms.gov.pl<\/a> lub <a href=\"http:\/\/pokrzywdzeni.gov.pl\">http:\/\/pokrzywdzeni.gov.pl<\/a>).<br \/>\n\tO\u015brodek swym zasi\u0119giem obejmuje wojew&oacute;dztwo lubuskie, a opiek\u0105 wszelkie kategorie pokrzywdzonych.<\/p>\n[audio:http:\/\/babazg.home.pl\/autoinstalator\/wordpress\/wp-content\/uploads\/2011\/09\/radio_zachod_tydzien_pomocy_ofiarom2.mp3|titles=Prezes BABY o tygodniu pomocy ofiarom przest\u0119pstw (Radio Zach&oacute;d 21.02.2011)]\n<p><span>Oferujemy bezp\u0142atn\u0105 pomoc prawn\u0105 i psychologiczn\u0105 oraz opiek\u0119 wolontariuszy.<\/span><\/p>\n<p><a href=\"http:\/\/baba.org.pl\/index.php\/kontakt\/\" title=\"Kontakt\">Kontakt<\/a><br \/>\n\t<a href=\"http:\/\/babazg.home.pl\/autoinstalator\/wordpress\/wp-content\/uploads\/2011\/09\/LEX1.jpg\"><img loading=\"lazy\" decoding=\"async\" alt=\"\" class=\"alignright size-full wp-image-1648\" height=\"100\" src=\"http:\/\/babazg.home.pl\/autoinstalator\/wordpress\/wp-content\/uploads\/2011\/09\/LEX1.jpg\" title=\"LEX\" width=\"100\" \/><\/a><span style=\"font-size: 14px;\"><strong>Punkty porad&nbsp;dofinansowano ze \u015brodk&oacute;w Funduszu Pomocy Pokrzywdzonym oraz Pomocy Postpenitencjarnej, kt&oacute;rego dysponentem jest Ministerstwo Sprawiedliwo\u015bci RP.<\/strong><\/span><br \/>\n\t<a href=\"http:\/\/babazg.home.pl\/autoinstalator\/wordpress\/wp-content\/uploads\/2015\/02\/Logotyp_MS_z_godlem_w_orientacji_poziomej.jpg\"><img loading=\"lazy\" decoding=\"async\" alt=\"Logotyp_MS_z_godlem_w_orientacji_poziomej\" class=\"alignleft size-medium wp-image-3086\" height=\"75\" src=\"http:\/\/babazg.home.pl\/autoinstalator\/wordpress\/wp-content\/uploads\/2015\/02\/Logotyp_MS_z_godlem_w_orientacji_poziomej-300x75.jpg\" width=\"300\" srcset=\"https:\/\/baba.org.pl\/wp-content\/uploads\/2015\/02\/Logotyp_MS_z_godlem_w_orientacji_poziomej-300x75.jpg 300w, https:\/\/baba.org.pl\/wp-content\/uploads\/2015\/02\/Logotyp_MS_z_godlem_w_orientacji_poziomej-1024x255.jpg 1024w, https:\/\/baba.org.pl\/wp-content\/uploads\/2015\/02\/Logotyp_MS_z_godlem_w_orientacji_poziomej-150x37.jpg 150w, https:\/\/baba.org.pl\/wp-content\/uploads\/2015\/02\/Logotyp_MS_z_godlem_w_orientacji_poziomej-768x191.jpg 768w, https:\/\/baba.org.pl\/wp-content\/uploads\/2015\/02\/Logotyp_MS_z_godlem_w_orientacji_poziomej.jpg 1526w\" sizes=\"auto, (max-width: 300px) 100vw, 300px\" \/><\/a><strong><a href=\"http:\/\/babazg.home.pl\/autoinstalator\/wordpress\/wp-content\/uploads\/2011\/09\/baba_ulotka_DL_siec_pomocy_ofiarom2013_11.jpg\"><img loading=\"lazy\" decoding=\"async\" alt=\"\" class=\"alignleft size-full wp-image-2079\" height=\"493\" src=\"http:\/\/babazg.home.pl\/autoinstalator\/wordpress\/wp-content\/uploads\/2011\/09\/baba_ulotka_DL_siec_pomocy_ofiarom2013_11.jpg\" style=\"width: 602px;\" title=\"baba_ulotka_DL_siec_pomocy_ofiarom2013_1[1]\" width=\"1214\" \/><\/a><\/strong><\/p>\n","protected":false},"excerpt":{"rendered":"<p>W 2018&nbsp;roku pomoc materialna nie b\u0119dzie udzielana, ze wzgl\u0119du na brak dofinansowania! &nbsp;<\/p>\n","protected":false},"author":6,"featured_media":0,"parent":212,"menu_order":11,"comment_status":"closed","ping_status":"closed","template":"","meta":{"footnotes":""},"class_list":["post-742","page","type-page","status-publish","hentry"],"_links":{"self":[{"href":"https:\/\/baba.org.pl\/index.php\/wp-json\/wp\/v2\/pages\/742","targetHints":{"allow":["GET"]}}],"collection":[{"href":"https:\/\/baba.org.pl\/index.php\/wp-json\/wp\/v2\/pages"}],"about":[{"href":"https:\/\/baba.org.pl\/index.php\/wp-json\/wp\/v2\/types\/page"}],"author":[{"embeddable":true,"href":"https:\/\/baba.org.pl\/index.php\/wp-json\/wp\/v2\/users\/6"}],"replies":[{"embeddable":true,"href":"https:\/\/baba.org.pl\/index.php\/wp-json\/wp\/v2\/comments?post=742"}],"version-history":[{"count":100,"href":"https:\/\/baba.org.pl\/index.php\/wp-json\/wp\/v2\/pages\/742\/revisions"}],"predecessor-version":[{"id":5444,"href":"https:\/\/baba.org.pl\/index.php\/wp-json\/wp\/v2\/pages\/742\/revisions\/5444"}],"up":[{"embeddable":true,"href":"https:\/\/baba.org.pl\/index.php\/wp-json\/wp\/v2\/pages\/212"}],"wp:attachment":[{"href":"https:\/\/baba.org.pl\/index.php\/wp-json\/wp\/v2\/media?parent=742"}],"curies":[{"name":"wp","href":"https:\/\/api.w.org\/{rel}","templated":true}]}}