{"id":737,"date":"2011-09-07T21:55:17","date_gmt":"2011-09-07T19:55:17","guid":{"rendered":"http:\/\/baba.org.pl\/?page_id=737"},"modified":"2016-03-29T21:09:11","modified_gmt":"2016-03-29T19:09:11","slug":"wspolpraca-polsko-niemiecka","status":"publish","type":"page","link":"https:\/\/baba.org.pl\/index.php\/programy\/wspolpraca-polsko-niemiecka\/","title":{"rendered":"Wsp\u00f3\u0142praca polsko-niemiecka"},"content":{"rendered":"<p><a href=\"http:\/\/babazg.home.pl\/autoinstalator\/wordpress\/wp-content\/uploads\/2011\/09\/logo_lila_villa.jpg\" data-lightbox=\"gal[737]\"><img loading=\"lazy\" decoding=\"async\" alt=\"\" class=\"size-full wp-image-792 alignright\" height=\"96\" src=\"http:\/\/babazg.home.pl\/autoinstalator\/wordpress\/wp-content\/uploads\/2011\/09\/logo_lila_villa.jpg\" title=\"logo_lila_villa\" width=\"164\" srcset=\"https:\/\/baba.org.pl\/wp-content\/uploads\/2011\/09\/logo_lila_villa.jpg 164w, https:\/\/baba.org.pl\/wp-content\/uploads\/2011\/09\/logo_lila_villa-150x88.jpg 150w\" sizes=\"auto, (max-width: 164px) 100vw, 164px\" \/><\/a>Od 10 lat wsp&oacute;\u0142pracujemy z <a href=\"http:\/\/www.frauenzentrum-cottbus.de\/\">Lila Villa Frauenzentrum<\/a> z Cottbus.<\/p>\n<p>Projekty wsp&oacute;\u0142pracy realizowa\u0142y\u015bmy dzi\u0119ki Fundacji Batorego i Fundacji Wsp&oacute;\u0142pracy Polsko-Niemieckiej. Z paniami z Cottbus spotykamy si\u0119 rokrocznie i cz\u0119sto poza oficjalnymi projektami, bo zd\u0105\u017cy\u0142y\u015bmy si\u0119 polubi\u0107 i zaprzyja\u017ani\u0107.<\/p>\n<p>Od 2008 roku wsp&oacute;\u0142pracujemy tak\u017ce z <a href=\"http:\/\/www.frauenbruecke-ost-west.de\/\">FRAUENBR&Uuml;CKE OST-WEST<\/a> z Emsdetten.<\/p>\n<p>W 2008 r. reprezentowa\u0142y\u015bmy Polki na konferencji OST-WEST w Schwerin, omawiaj\u0105c kwestie prostytucji i handlu kobietami, w 2010 roku coroczna konferencja odby\u0142a si\u0119 w Polsce, w \u0141agowie: zaprosi\u0142y\u015bmy oko\u0142o setk\u0119 kole\u017canek z ca\u0142ych Niemiec, by porozmawia\u0107 o przemianach politycznych w regionie wp\u0142ywaj\u0105cych na \u017cycie naszych rodzin.<\/p>\n<h4>PARTNERSTWO MIAST I OBYWATELI<\/h4>\n<p>W ramach tego programu prowadz\u0142y\u015bimy wsp&oacute;lne z paniami z Lila Villa Frauenzentrum z Cottbus polsko-niemieckie warsztaty dla kobiet s\u0142u\u017c\u0105ce poprawie stosunk&oacute;w, lepszemu zrozumieniu, zainicjowaniu wsp&oacute;\u0142pracy w ramach zjednoczonej Europy. O nawi\u0105zanych kontaktach, przyja\u017aniach, efektach programu, dyskusji i wsp&oacute;\u0142pracy na bie\u017c\u0105co informujemy na \u0142amach naszej strony internetowej www.baba.org.pl. Spotykamy si\u0119 po obu stronach granicy, dzielimy pomys\u0142ami i do\u015bwiadczeniami. Do tej pory zrealizowa\u0142y\u015bmy ju\u017c dwie edycje programu, szkol\u0105c si\u0119 w zakresie aktywizacji zawodowej kobiet, co jest dominuj\u0105c\u0105 stron\u0105 w pi\u0119tnastoletniej dzia\u0142alno\u015bci Lila Villa Frauenzentrum.<\/p>\n<p><a href=\"http:\/\/babazg.home.pl\/autoinstalator\/wordpress\/wp-content\/uploads\/2011\/09\/grupa-w-niemczech.jpg\" data-lightbox=\"gal[737]\"><img loading=\"lazy\" decoding=\"async\" alt=\"\" class=\"alignnone size-full wp-image-794\" height=\"196\" src=\"http:\/\/babazg.home.pl\/autoinstalator\/wordpress\/wp-content\/uploads\/2011\/09\/grupa-w-niemczech.jpg\" title=\"grupa-w-niemczech\" width=\"295\" \/><\/a><\/p>\n<div class=\"mcePaste\" id=\"_mcePaste\" style=\"left: -10000px; top: 0px; width: 1px; height: 1px; overflow: hidden; position: absolute;\">&nbsp;<\/div>\n","protected":false},"excerpt":{"rendered":"<p>Od 10 lat wsp&oacute;\u0142pracujemy z Lila Villa Frauenzentrum z Cottbus. Projekty wsp&oacute;\u0142pracy realizowa\u0142y\u015bmy dzi\u0119ki Fundacji Batorego i Fundacji Wsp&oacute;\u0142pracy Polsko-Niemieckiej. Z paniami z Cottbus spotykamy si\u0119 rokrocznie i cz\u0119sto poza oficjalnymi projektami, bo zd\u0105\u017cy\u0142y\u015bmy si\u0119 polubi\u0107 i zaprzyja\u017ani\u0107. Od 2008 roku wsp&oacute;\u0142pracujemy tak\u017ce z FRAUENBR&Uuml;CKE OST-WEST z Emsdetten. W 2008 r. reprezentowa\u0142y\u015bmy Polki na konferencji [&hellip;]<\/p>\n","protected":false},"author":6,"featured_media":0,"parent":212,"menu_order":12,"comment_status":"closed","ping_status":"closed","template":"","meta":{"footnotes":""},"class_list":["post-737","page","type-page","status-publish","hentry"],"_links":{"self":[{"href":"https:\/\/baba.org.pl\/index.php\/wp-json\/wp\/v2\/pages\/737","targetHints":{"allow":["GET"]}}],"collection":[{"href":"https:\/\/baba.org.pl\/index.php\/wp-json\/wp\/v2\/pages"}],"about":[{"href":"https:\/\/baba.org.pl\/index.php\/wp-json\/wp\/v2\/types\/page"}],"author":[{"embeddable":true,"href":"https:\/\/baba.org.pl\/index.php\/wp-json\/wp\/v2\/users\/6"}],"replies":[{"embeddable":true,"href":"https:\/\/baba.org.pl\/index.php\/wp-json\/wp\/v2\/comments?post=737"}],"version-history":[{"count":13,"href":"https:\/\/baba.org.pl\/index.php\/wp-json\/wp\/v2\/pages\/737\/revisions"}],"predecessor-version":[{"id":4067,"href":"https:\/\/baba.org.pl\/index.php\/wp-json\/wp\/v2\/pages\/737\/revisions\/4067"}],"up":[{"embeddable":true,"href":"https:\/\/baba.org.pl\/index.php\/wp-json\/wp\/v2\/pages\/212"}],"wp:attachment":[{"href":"https:\/\/baba.org.pl\/index.php\/wp-json\/wp\/v2\/media?parent=737"}],"curies":[{"name":"wp","href":"https:\/\/api.w.org\/{rel}","templated":true}]}}

Współpraca polsko-niemiecka

<p><a href="http://babazg.home.pl/autoinstalator/wordpress/wp-content/uploads/2011/09/logo_lila_villa.jpg" data-lightbox="gal[737]"><img loading="lazy" decoding="async" alt="" class="size-full wp-image-792 alignright" height="96" src="http://babazg.home.pl/autoinstalator/wordpress/wp-content/uploads/2011/09/logo_lila_villa.jpg" title="logo_lila_villa" width="164" srcset="https://baba.org.pl/wp-content/uploads/2011/09/logo_lila_villa.jpg 164w, https://baba.org.pl/wp-content/uploads/2011/09/logo_lila_villa-150x88.jpg 150w" sizes="auto, (max-width: 164px) 100vw, 164px" /></a>Od 10 lat wsp&oacute;łpracujemy z <a href="http://www.frauenzentrum-cottbus.de/">Lila Villa Frauenzentrum</a> z Cottbus.</p>
<p>Projekty wsp&oacute;łpracy realizowałyśmy dzięki Fundacji Batorego i Fundacji Wsp&oacute;łpracy Polsko-Niemieckiej. Z paniami z Cottbus spotykamy się rokrocznie i często poza oficjalnymi projektami, bo zdążyłyśmy się polubić i zaprzyjaźnić.</p>
<p>Od 2008 roku wsp&oacute;łpracujemy także z <a href="http://www.frauenbruecke-ost-west.de/">FRAUENBR&Uuml;CKE OST-WEST</a> z Emsdetten.</p>
<p>W 2008 r. reprezentowałyśmy Polki na konferencji OST-WEST w Schwerin, omawiając kwestie prostytucji i handlu kobietami, w 2010 roku coroczna konferencja odbyła się w Polsce, w Łagowie: zaprosiłyśmy około setkę koleżanek z całych Niemiec, by porozmawiać o przemianach politycznych w regionie wpływających na życie naszych rodzin.</p>
<h4>PARTNERSTWO MIAST I OBYWATELI</h4>
<p>W ramach tego programu prowadzłyśimy wsp&oacute;lne z paniami z Lila Villa Frauenzentrum z Cottbus polsko-niemieckie warsztaty dla kobiet służące poprawie stosunk&oacute;w, lepszemu zrozumieniu, zainicjowaniu wsp&oacute;łpracy w ramach zjednoczonej Europy. O nawiązanych kontaktach, przyjaźniach, efektach programu, dyskusji i wsp&oacute;łpracy na bieżąco informujemy na łamach naszej strony internetowej www.baba.org.pl. Spotykamy się po obu stronach granicy, dzielimy pomysłami i doświadczeniami. Do tej pory zrealizowałyśmy już dwie edycje programu, szkoląc się w zakresie aktywizacji zawodowej kobiet, co jest dominującą stroną w piętnastoletniej działalności Lila Villa Frauenzentrum.</p>
<p><a href="http://babazg.home.pl/autoinstalator/wordpress/wp-content/uploads/2011/09/grupa-w-niemczech.jpg" data-lightbox="gal[737]"><img loading="lazy" decoding="async" alt="" class="alignnone size-full wp-image-794" height="196" src="http://babazg.home.pl/autoinstalator/wordpress/wp-content/uploads/2011/09/grupa-w-niemczech.jpg" title="grupa-w-niemczech" width="295" /></a></p>
<div class="mcePaste" id="_mcePaste" style="left: -10000px; top: 0px; width: 1px; height: 1px; overflow: hidden; position: absolute;">&nbsp;</div>

<p>Od 10 lat wsp&oacute;łpracujemy z Lila Villa Frauenzentrum z Cottbus. Projekty wsp&oacute;łpracy realizowałyśmy dzięki Fundacji Batorego i Fundacji Wsp&oacute;łpracy Polsko-Niemieckiej. Z paniami z Cottbus spotykamy się rokrocznie i często poza oficjalnymi projektami, bo zdążyłyśmy się polubić i zaprzyjaźnić. Od 2008 roku wsp&oacute;łpracujemy także z FRAUENBR&Uuml;CKE OST-WEST z Emsdetten. W 2008 r. reprezentowałyśmy Polki na konferencji [&hellip;]</p>
