{"id":6992,"date":"2022-08-30T08:47:31","date_gmt":"2022-08-30T06:47:31","guid":{"rendered":"https:\/\/baba.org.pl\/?page_id=6992"},"modified":"2022-10-18T08:47:53","modified_gmt":"2022-10-18T06:47:53","slug":"rodzaje-przemocy","status":"publish","type":"page","link":"https:\/\/baba.org.pl\/index.php\/rodzaje-przemocy\/","title":{"rendered":"Rodzaje przemocy"},"content":{"rendered":"<p>Przemoc to:<\/p>\n<ul>\n<li>intencjonalne dzia\u0142anie sprawcy, kt\u00f3rego celem jest kontrolowanie i podporz\u0105dkowanie sobie ofiary,<\/li>\n<li>narusza prawa lub dobra osobiste,<\/li>\n<li>uniemo\u017cliwia samoobron\u0119 osoby krzywdzonej,<\/li>\n<li>powoduje b\u00f3l i cierpienie,<\/li>\n<li>istnieje dysproporcja si\u0142 mi\u0119dzy ofiar\u0105 i sprawc\u0105.<\/li>\n<\/ul>\n<p>Konwencja Stambulska rozr\u00f3\u017cnia cztery rodzaje przemocy: fizyczn\u0105, psychiczn\u0105, seksualn\u0105 i ekonomiczn\u0105. Polska ustawa karna przewiduje tylko trzy pierwsze. Przemoc ekonomiczn\u0105 \u201epodci\u0105ga\u201d si\u0119 pod przemoc psychiczn\u0105. Je\u017celi pokrzywdzona przest\u0119pstwem ekonomicznym kobieta uda\u0142aby si\u0119 do organ\u00f3w \u015bcigania z wnioskiem o \u015bciganie sprawcy przemocy ekonomicznej najprawdopodobniej odm\u00f3wiono by jej wszcz\u0119cia post\u0119powania. Przemoc ekonomiczna jest trudna do udowodnienia,<br \/>\nale to nie znaczy, \u017ce niemo\u017cliwa.<\/p>\n<p><strong>Przemoc fizyczna<\/strong><br \/>\nJest to naruszanie nietykalno\u015bci cielesnej ofiary poprzez m.in. bicie, popychanie, kopanie, ci\u0105ganie za w\u0142osy, duszenie, wykr\u0119canie r\u0105k, przypalanie, zmuszanie do okre\u015blonych zachowa\u0144 i dzia\u0142a\u0144, wi\u0105zanie, opluwanie itp. Ograniczanie snu i jedzenia. Ten rodzaj przemocy cz\u0119sto doprowadza do uszkodze\u0144 cia\u0142a takich jak: siniaki, z\u0142amania, rany, uszkodzenia narz\u0105d\u00f3w wewn\u0119trznych ze \u015bmierci\u0105 w\u0142\u0105cznie. Przemoc fizyczn\u0105 jest \u0142atwo udowodni\u0107.<\/p>\n<p><strong>Przemoc psychiczna<\/strong><br \/>\nPrzemocy fizycznej przewa\u017cnie towarzyszy przemoc psychiczna. Jest to naruszenie Twojej godno\u015bci, krytykowanie i poni\u017canie, kontrolowanie, inwigilowanie, \u015bledzenie, cyberstalking. To obelgi, poni\u017canie Ciebie, Twojej rodziny i znajomych, pogarda, gro\u017cenie u\u017cyciem si\u0142y fizycznej, wmawianie choroby psychicznej Tobie b\u0105d\u017a Twojej rodzinie, ograniczanie wolno\u015bci osobistej, izolowanie od rodziny, znajomych. To r\u00f3wnie\u017c szanta\u017c emocjonalny, gro\u017aby porzucenia i zemsty. Ci\u0105g\u0142a agresja s\u0142owna. To tak\u017ce zachowania manipulacyjne \u2013 wmawianie Ci winy i odpowiedzialno\u015bci za czyje\u015b post\u0119powanie. Prof. Jerzy Mellibruda twierdzi, \u017ce ka\u017cda przemoc jest psychiczna, poniewa\u017c istot\u0105 ka\u017cdej formy przemocy jest sprawowanie kontroli psychicznej. S\u0142u\u017c\u0105 temu r\u00f3\u017cne oddzia\u0142ywania natury psychologicznej takie jak: wywo\u0142ywanie strachu i zagro\u017cenia, niszczenie poczucia w\u0142asnej warto\u015bci i godno\u015bci, uzale\u017cnianie od siebie w aspekcie emocjonalnym (uczucia, my\u015bli i zachowania ofiary zaczynaj\u0105 zale\u017ce\u0107 od tego, co zrobi lub czego nie zrobi sprawca).<\/p>\n<p><strong>Przemoc seksualna<\/strong><br \/>\nTo zmuszanie Ciebie b\u0105d\u017a dzieci do wsp\u00f3\u0142\u017cycia seksualnego. Uzale\u017cnianie \u0142o\u017cenia na rodzin\u0119 od Twoich okre\u015blonych zachowa\u0144 seksualnych. U\u017cywanie gr\u00f3\u017ab lub si\u0142y w celu zmuszenia Ci\u0119 do wsp\u00f3\u0142\u017cycia. Egzekwowanie si\u0142\u0105 tzw. powinno\u015bci ma\u0142\u017ce\u0144skich. To tak\u017ce o\u015bmieszanie na tle seksualnym, zachowania nacechowane seksualnie okazywane przy innych (np. dzieciach), czy dzielenie si\u0119 publicznie Waszymi intymnymi sprawami. Badania wykazuj\u0105, \u017ce co trzecia kobieta doznaj\u0105ca przemocy fizycznej doznaje te\u017c przemocy seksualnej.<\/p>\n<p><strong>Przemoc ekonomiczna<\/strong><br \/>\nPrzemoc ekonomiczna wobec kobiet wyst\u0119puje od stuleci i zwi\u0105zana jest z podzia\u0142em r\u00f3l mi\u0119dzy p\u0142ciami. Jest stosowana przez sprawc\u00f3w przemocy do kontrolowania ofiary i ugruntowania swojej w\u0142adzy nad ni\u0105 poprzez szanta\u017c ekonomiczny zmuszanie do uleg\u0142o\u015bci. Przejawia si\u0119 w takich zachowaniach jak:<\/p>\n<ul>\n<li>wydzielanie skromnych \u015brodk\u00f3w na utrzymanie i \u017c\u0105danie szczeg\u00f3\u0142owego rozliczania si\u0119 z wydatk\u00f3w zanim kobieta otrzyma kolejn\u0105 kwot\u0119 na wydatki,<\/li>\n<li>zmuszanie do upokarzaj\u0105cego proszenia o pieni\u0105dze,<\/li>\n<li>uniemo\u017cliwianie dost\u0119pu do konta bankowego,<\/li>\n<li>zabranianie podj\u0119cia zatrudnienia,<\/li>\n<li>odbieranie wynagrodzenia, renty, emerytury i innych \u015bwiadcze\u0144,<\/li>\n<li>nieuwzgl\u0119dnianie w wydatkach domowych osobistych potrzeb kobiety,<\/li>\n<li>zmuszanie do pracy bez wynagrodzenie w rodzinnym biznesie,<\/li>\n<li>wymuszanie pe\u0142nomocnictwa do zarz\u0105dzania maj\u0105tkiem ofiary,<\/li>\n<li>wymuszanie wyra\u017cania zgody do zaci\u0105gania kredyt\u00f3w.<\/li>\n<\/ul>\n<p>Wa\u017cnym zadaniem, kt\u00f3re spoczywa na administracji rz\u0105dowej i samorz\u0105dowej jest systematyczne diagnozowanie zjawiska przemocy w Polsce. Przemoc domowa jest w Polsce, podobnie jak w innych krajach, jednym z problem\u00f3w spo\u0142ecznych, kt\u00f3ry wymaga podejmowania szeroko zakrojonych dzia\u0142a\u0144 przeciwdzia\u0142aj\u0105cych temu zjawisku.<\/p>\n<p>Wa\u017cn\u0105 kwesti\u0105 problemow\u0105 pozostaje na pewno okres jaki mija zanim osoby zmagaj\u0105ce si\u0119 z problemem przemocy domowej b\u0119d\u0105 mia\u0142y wszcz\u0119t\u0105 w ich przypadku procedur\u0119 \u201eNiebieskiej Karty\u201d. Mo\u017ce to wynika\u0107 z d\u0142ugiego czasu, kt\u00f3ry up\u0142ynie zanim osoba doznaj\u0105ca przemocy zdob\u0119dzie si\u0119 i postanowi zg\u0142osi\u0107 po pomoc. Prowadzi to do konkluzji, \u017ce nadal potrzebne s\u0105 dzia\u0142ania u\u015bwiadamiaj\u0105ce spo\u0142ecze\u0144stwo w zakresie zagadnie\u0144 zwi\u0105zanych z przemoc\u0105 w rodzinie, aby osoby jej do\u015bwiadczaj\u0105ce zdawa\u0142y sobie wi\u0119ksz\u0105 spraw\u0119 ze swojej sytuacji i mo\u017cliwo\u015bci jej poprawy, ale tak\u017ce po to, aby ich otoczenie reagowa\u0142o w wi\u0119kszym stopniu na sygna\u0142y wyst\u0119powania przemocy w rodzinach.<\/p>\n<p>Pami\u0119ta\u0107 nale\u017cy, \u017ce ka\u017cda przemoc rani i \u0142amie prawa drugiego cz\u0142owieka.<\/p>\n","protected":false},"excerpt":{"rendered":"<p>Przemoc to: intencjonalne dzia\u0142anie sprawcy, kt\u00f3rego celem jest kontrolowanie i podporz\u0105dkowanie sobie ofiary, narusza prawa lub dobra osobiste, uniemo\u017cliwia samoobron\u0119 osoby krzywdzonej, powoduje b\u00f3l i cierpienie, istnieje dysproporcja si\u0142 mi\u0119dzy ofiar\u0105 i sprawc\u0105. Konwencja Stambulska rozr\u00f3\u017cnia cztery rodzaje przemocy: fizyczn\u0105, psychiczn\u0105, seksualn\u0105 i ekonomiczn\u0105. Polska ustawa karna przewiduje tylko trzy pierwsze. Przemoc ekonomiczn\u0105 \u201epodci\u0105ga\u201d si\u0119 [&hellip;]<\/p>\n","protected":false},"author":4,"featured_media":0,"parent":0,"menu_order":0,"comment_status":"closed","ping_status":"closed","template":"","meta":{"footnotes":""},"class_list":["post-6992","page","type-page","status-publish","hentry"],"_links":{"self":[{"href":"https:\/\/baba.org.pl\/index.php\/wp-json\/wp\/v2\/pages\/6992","targetHints":{"allow":["GET"]}}],"collection":[{"href":"https:\/\/baba.org.pl\/index.php\/wp-json\/wp\/v2\/pages"}],"about":[{"href":"https:\/\/baba.org.pl\/index.php\/wp-json\/wp\/v2\/types\/page"}],"author":[{"embeddable":true,"href":"https:\/\/baba.org.pl\/index.php\/wp-json\/wp\/v2\/users\/4"}],"replies":[{"embeddable":true,"href":"https:\/\/baba.org.pl\/index.php\/wp-json\/wp\/v2\/comments?post=6992"}],"version-history":[{"count":1,"href":"https:\/\/baba.org.pl\/index.php\/wp-json\/wp\/v2\/pages\/6992\/revisions"}],"predecessor-version":[{"id":6994,"href":"https:\/\/baba.org.pl\/index.php\/wp-json\/wp\/v2\/pages\/6992\/revisions\/6994"}],"wp:attachment":[{"href":"https:\/\/baba.org.pl\/index.php\/wp-json\/wp\/v2\/media?parent=6992"}],"curies":[{"name":"wp","href":"https:\/\/api.w.org\/{rel}","templated":true}]}}