{"id":6843,"date":"2022-06-30T00:29:04","date_gmt":"2022-06-29T22:29:04","guid":{"rendered":"https:\/\/baba.org.pl\/?page_id=6843"},"modified":"2022-10-18T08:52:58","modified_gmt":"2022-10-18T06:52:58","slug":"artykuly-mini-biblioteczka","status":"publish","type":"page","link":"https:\/\/baba.org.pl\/index.php\/artykuly-mini-biblioteczka\/","title":{"rendered":"Artyku\u0142y z naszej biblioteczki :)"},"content":{"rendered":"<p>Zapraszamy do zapoznanie si\u0119 z artyku\u0142ami, w kt\u00f3rych poruszamy i b\u0119dziemy porusza\u0107 wiele temat\u00f3w, od historii emancypacji, po problemy z jakimi przychodzi nam si\u0119 mierzy\u0107 ka\u017cdego dnia, przepisy prawne, kt\u00f3re warto zna\u0107. B\u0119dziemy pisa\u0107 o tym jakie mamy prawa, jak o nie walczy\u0107 i poruszymy jeszcze wiele wiele wi\u0119cej temat\u00f3w. Zapraszamy do lektury!!<\/p>\n<p>1. <a href=\"https:\/\/baba.org.pl\/index.php\/rodzaje-przemocy\/\">Rodzaje przemocy<\/a><\/p>\n<p>2. <a href=\"https:\/\/baba.org.pl\/index.php\/2022\/02\/zmiany-definicji-gwaltu\/\">Zmiana definicji gwa\u0142tu<\/a><\/p>\n<p>3.<a href=\"https:\/\/baba.org.pl\/index.php\/procedura-niebieskiej-karty-na-czym-polega-i-jak-wygladala-w-2021-roku\/\">Procedura Niebieskiej Karty na czym polega i jak wygl\u0105daj\u0105 statystyki za 2021 roku<\/a><\/p>\n<p>4. <a href=\"https:\/\/baba.org.pl\/index.php\/ustawa-izolacyjna-ratunek-dla-ofiar-przemocy-domowej\/\">\u201eUstawa izolacyjna\u201d \u2013 ratunek dla ofiar przemocy domowej<\/a><\/p>\n<p>5. <a href=\"https:\/\/baba.org.pl\/index.php\/emancypacja-polek-w-xx-wieku\/\">Emancypacja Polek w XX wieku<\/a><\/p>\n<p>6. <a href=\"https:\/\/baba.org.pl\/index.php\/edukacyjne-aspekty-polek-w-xix-xxi-wieku\/\">Edukacyjne aspekty Polek w XIX\/XXI wieku<\/a><\/p>\n<p>Pami\u0119tajcie, \u017ce ka\u017cda z Was mo\u017ce zwr\u00f3ci\u0107 si\u0119 do nas o pomoc! M<span class=\"d2edcug0 hpfvmrgz qv66sw1b c1et5uql oi732d6d ik7dh3pa ht8s03o8 a8c37x1j fe6kdd0r mau55g9w c8b282yb keod5gw0 nxhoafnm aigsh9s9 d3f4x2em iv3no6db jq4qci2q a3bd9o3v b1v8xokw oo9gr5id hzawbc8m\" dir=\"auto\">o\u017cecie korzysta\u0107 bezp\u0142atnie z porad prawnych i wsparcia psychologa. Wystarczy zadzwoni\u0107\/przyj\u015b\u0107\/napisa\u0107 do nas i um\u00f3wi\u0107 si\u0119 na porad\u0119! Pomoc kierowana jest do wszystkich tych, kt\u00f3rych prawa s\u0105 \u0142amane! Porady organizowane s\u0105 w ramach projektu <strong><em>&#8222;Babska interwencja w obronie ludzkich praw kobiet&#8221;<\/em> <\/strong>realizowanego z dotacji programu Aktywni Obywatele \u2013 Fundusz Krajowy finansowanego przez Islandi\u0119, Liechtenstein i Norwegi\u0119 w ramach Funduszy EOG.<\/span><\/p>\n<p><a href=\"https:\/\/baba.org.pl\/index.php\/projekt-babska-interwencja\/\"><img loading=\"lazy\" decoding=\"async\" class=\"aligncenter wp-image-6783 size-full\" src=\"https:\/\/baba.org.pl\/wp-content\/uploads\/2022\/04\/Baner_29_04.jpg\" alt=\"\" width=\"986\" height=\"630\" srcset=\"https:\/\/baba.org.pl\/wp-content\/uploads\/2022\/04\/Baner_29_04.jpg 986w, https:\/\/baba.org.pl\/wp-content\/uploads\/2022\/04\/Baner_29_04-300x192.jpg 300w, https:\/\/baba.org.pl\/wp-content\/uploads\/2022\/04\/Baner_29_04-150x96.jpg 150w, https:\/\/baba.org.pl\/wp-content\/uploads\/2022\/04\/Baner_29_04-768x491.jpg 768w\" sizes=\"auto, (max-width: 986px) 100vw, 986px\" \/><\/a><\/p>\n","protected":false},"excerpt":{"rendered":"<p>Zapraszamy do zapoznanie si\u0119 z artyku\u0142ami, w kt\u00f3rych poruszamy i b\u0119dziemy porusza\u0107 wiele temat\u00f3w, od historii emancypacji, po problemy z jakimi przychodzi nam si\u0119 mierzy\u0107 ka\u017cdego dnia, przepisy prawne, kt\u00f3re warto zna\u0107. B\u0119dziemy pisa\u0107 o tym jakie mamy prawa, jak o nie walczy\u0107 i poruszymy jeszcze wiele wiele wi\u0119cej temat\u00f3w. Zapraszamy do lektury!! 1. Rodzaje [&hellip;]<\/p>\n","protected":false},"author":4,"featured_media":0,"parent":0,"menu_order":0,"comment_status":"closed","ping_status":"closed","template":"","meta":{"footnotes":""},"class_list":["post-6843","page","type-page","status-publish","hentry"],"_links":{"self":[{"href":"https:\/\/baba.org.pl\/index.php\/wp-json\/wp\/v2\/pages\/6843","targetHints":{"allow":["GET"]}}],"collection":[{"href":"https:\/\/baba.org.pl\/index.php\/wp-json\/wp\/v2\/pages"}],"about":[{"href":"https:\/\/baba.org.pl\/index.php\/wp-json\/wp\/v2\/types\/page"}],"author":[{"embeddable":true,"href":"https:\/\/baba.org.pl\/index.php\/wp-json\/wp\/v2\/users\/4"}],"replies":[{"embeddable":true,"href":"https:\/\/baba.org.pl\/index.php\/wp-json\/wp\/v2\/comments?post=6843"}],"version-history":[{"count":13,"href":"https:\/\/baba.org.pl\/index.php\/wp-json\/wp\/v2\/pages\/6843\/revisions"}],"predecessor-version":[{"id":6995,"href":"https:\/\/baba.org.pl\/index.php\/wp-json\/wp\/v2\/pages\/6843\/revisions\/6995"}],"wp:attachment":[{"href":"https:\/\/baba.org.pl\/index.php\/wp-json\/wp\/v2\/media?parent=6843"}],"curies":[{"name":"wp","href":"https:\/\/api.w.org\/{rel}","templated":true}]}}