{"id":669,"date":"2011-09-06T21:49:35","date_gmt":"2011-09-06T19:49:35","guid":{"rendered":"http:\/\/babazg.home.pl\/autoinstalator\/wordpress\/?page_id=669"},"modified":"2013-09-15T11:18:28","modified_gmt":"2013-09-15T09:18:28","slug":"akcja-akacja","status":"publish","type":"page","link":"https:\/\/baba.org.pl\/index.php\/akcje\/akcja-akacja\/","title":{"rendered":"Akcja Akacja"},"content":{"rendered":"<p><a href=\"http:\/\/babazg.home.pl\/autoinstalator\/wordpress\/wp-content\/uploads\/2011\/09\/logo-akcja-akacja.jpg\" data-lightbox=\"gal[669]\"><img loading=\"lazy\" decoding=\"async\" alt=\"\" class=\"alignleft size-medium wp-image-814\" height=\"99\" src=\"http:\/\/babazg.home.pl\/autoinstalator\/wordpress\/wp-content\/uploads\/2011\/09\/logo-akcja-akacja-300x99.jpg\" title=\"logo akcja akacja\" width=\"300\" srcset=\"https:\/\/baba.org.pl\/wp-content\/uploads\/2011\/09\/logo-akcja-akacja-300x99.jpg 300w, https:\/\/baba.org.pl\/wp-content\/uploads\/2011\/09\/logo-akcja-akacja-150x50.jpg 150w, https:\/\/baba.org.pl\/wp-content\/uploads\/2011\/09\/logo-akcja-akacja.jpg 350w\" sizes=\"auto, (max-width: 300px) 100vw, 300px\" \/><\/a>AKCJA AKACJA to porozumienie organizacji pozarz\u0105dowych, kt&oacute;re mia\u0142o na celu promocj\u0119 kobiet aktywnych w swoim \u015brodowisku, dzia\u0142aj\u0105cych na rzecz rozwoju spo\u0142ecze\u0144stwa obywatelskiego i wsp&oacute;lnot lokalnych. I st\u0105d konkurs o tytu\u0142 <strong>Niezwyk\u0142ej Polki.<\/strong> Do komisji konkursowej nadsy\u0142ano zg\u0142oszenia z ca\u0142ego kraju, a nast\u0119pnie Komisja Konkursowa przyzna\u0142a ten zaszczytny tytu\u0142 jednej kobiecie z ka\u017cdego regionu.<\/p>\n<p><a href=\"http:\/\/babazg.home.pl\/autoinstalator\/wordpress\/wp-content\/uploads\/2011\/09\/akcja-akacja-tokarska2.jpg\" data-lightbox=\"gal[669]\"><img loading=\"lazy\" decoding=\"async\" alt=\"\" class=\"size-medium wp-image-815 alignright\" height=\"199\" src=\"http:\/\/babazg.home.pl\/autoinstalator\/wordpress\/wp-content\/uploads\/2011\/09\/akcja-akacja-tokarska2-300x199.jpg\" title=\"akcja akacja tokarska2\" width=\"300\" srcset=\"https:\/\/baba.org.pl\/wp-content\/uploads\/2011\/09\/akcja-akacja-tokarska2-300x199.jpg 300w, https:\/\/baba.org.pl\/wp-content\/uploads\/2011\/09\/akcja-akacja-tokarska2-150x100.jpg 150w, https:\/\/baba.org.pl\/wp-content\/uploads\/2011\/09\/akcja-akacja-tokarska2-768x510.jpg 768w, https:\/\/baba.org.pl\/wp-content\/uploads\/2011\/09\/akcja-akacja-tokarska2.jpg 876w\" sizes=\"auto, (max-width: 300px) 100vw, 300px\" \/><\/a>W 2006 roku laureatk\u0105 Akcji Akacja w wojew&oacute;dztwie lubuskim zosta\u0142a <strong>Magdalena Tokarska<\/strong>, fundatorka Fundacji Alicji pracuj\u0105cej na rzecz sierot i ich adaptacji w \u015brodowisku, tak\u017ce nowym rodzinnym.<\/p>\n<p>W 2007 roku z naszego wojew&oacute;dztwa laureatk\u0119 tytu\u0142u Niezwyk\u0142ej Polki spo\u015br&oacute;d grona zg\u0142oszonych do akcji 28 Lubuszanek, wskaza\u0142a lokalna komisja konkursowa. Zasiad\u0142y w niej: Kazimiera Jakubowska (szefowa Spo\u0142ecznej Rady Kobiet w woj. lubuskim), dr Anita Kucharska-Dziedzic (prezeska Lubuskiego Stowarzyszenia na Rzecz Kobiet Baba, koordynatora akcji), dr \u017bywia Leszkowicz-Baczy\u0144ska (socjolo\u017cka, politolo\u017cka, feministka) oraz Magdalena Tokarska (prezes Fundacji Alicji, laureatka Akcji Akacja 2006).<\/p>\n<p>Zwyci\u0119\u017cczyni\u0105 2007 roku zosta\u0142a pani <strong>Ewa Klepczy\u0144ska<\/strong> &#8211; od kilku lat mieszkanka wsi Gostchorze, od 2005 roku jej so\u0142tyska. Jak sama opowiada, zakocha\u0142a si\u0119 w tym pi\u0119knym miejscu, wi\u0119c postanowi\u0142a zadba\u0107 o nie i o mieszka\u0144c&oacute;w wsi. Zbuntowa\u0142a si\u0119 przeciwko marazmowi. Zaanga\u017cowa\u0142a niemal wszystkich mieszka\u0144c&oacute;w do r&oacute;\u017cnego typu dzia\u0142alno\u015bci. I okaza\u0142o si\u0119, \u017ce s\u0105 efekty. Wie\u015b sta\u0142a si\u0119 czysta i estetyczna, co\u015b si\u0119 w niej zacz\u0119\u0142o dzia\u0107. Na szczeg&oacute;ln\u0105 uwag\u0119 zas\u0142uguje to, \u017ce pani Ewa uczyni\u0142a to wszystko, wkraczaj\u0105c w t\u0119 spo\u0142eczno\u015b\u0107 jako kto\u015b nowy.<\/p>\n<p>Nale\u017cy te\u017c wspomnie\u0107 o wyr&oacute;\u017cnionych paniach:<\/p>\n<p><strong><a href=\"http:\/\/babazg.home.pl\/autoinstalator\/wordpress\/wp-content\/uploads\/2011\/09\/Akcja-Akacja-dla-2008.jpg\" data-lightbox=\"gal[669]\"><img loading=\"lazy\" decoding=\"async\" alt=\"\" class=\"size-medium wp-image-817 alignright\" height=\"225\" src=\"http:\/\/babazg.home.pl\/autoinstalator\/wordpress\/wp-content\/uploads\/2011\/09\/Akcja-Akacja-dla-2008-300x225.jpg\" title=\"Akcja-Akacja-dla-2008\" width=\"300\" \/><\/a>Renata W&oacute;jtowicz<\/strong> jest cz\u0142onkini\u0105 Caritas w Zielonej G&oacute;rze, zaanga\u017cowan\u0105 w jego dzia\u0142alno\u015b\u0107. Komisja doceni\u0142a jej indywidualn\u0105, wolontariack\u0105 inicjatyw\u0119 &#8211; klub &quot;Przyl\u0105dek Nadziei&rdquo; adresowany do m\u0142odzie\u017cy i przygotowuj\u0105cy do \u017cycia w rodzinie w odmienny od stereotypowego spos&oacute;b. Przez nauk\u0119 \u017cycia.<\/p>\n<p><strong>Gra\u017cyna Dere\u0144 <\/strong>jest mieszkank\u0105 Lubiechni Wielkiej oraz animatork\u0105 \u017cycia spo\u0142ecznego w ma\u0142ej miejscowo\u015bci, kt&oacute;ra bez \u017cadnego organizacyjnego wsparcia i mimo trudnej sytuacji \u017cyciowej, potrafi wspiera\u0107 innych i inicjowa\u0107 dzia\u0142alno\u015b\u0107 samopomocow\u0105. Potrafi\u0142a zjednoczy\u0107 kobiety z 10 wsi dla wsp&oacute;lnej dzia\u0142alno\u015bci.<\/p>\n<p><strong>Lidia Kurzawowa<\/strong> jest zwi\u0105zana z zielonog&oacute;rskim oddzia\u0142em klubu Kiwanis Ad Sum, kt&oacute;ry prowadzi charytatywn\u0105 dzia\u0142alno\u015b\u0107 wychowawcz\u0105 skierowan\u0105 o mieszka\u0144c&oacute;w ma\u0142ych miejscowo\u015bci w pobli\u017cu Zielonej G&oacute;ry.<\/p>\n<p>Akcj\u0119 Akacja na terenie Polski koordynowa\u0142a: Fundacja &bdquo;Partners&rdquo; Polska<\/p>\n<p>Patronaty nad Akcj\u0105 Akacja przyj\u0119\u0142y:<\/p>\n<ul>\n<li>Fundacja Przyjaci&oacute;\u0142ka,<\/li>\n<li>Prezydentowa Maria Kaczy\u0144ska,<\/li>\n<li>R&oacute;\u017ca Thun &ndash; Szefowa Reprezentacji Komisji Europejskiej w Polsce.<\/li>\n<\/ul>\n<p>Partnerami Akcji Akacja byli:<\/p>\n<ul>\n<li>Program Narod&oacute;w Zjednoczonych ds. Rozwoju (UNDP) &#8211; Polska<\/li>\n<li>Przedstawicielstwo Fundacji im. Heinricha B&ouml;lla w Polsce<\/li>\n<li>Akademia Rozwoju Filantropii w Polsce<\/li>\n<li>Fundacja Feminoteka<\/li>\n<li>ngo.pl<\/li>\n<li>Oriflame<\/li>\n<\/ul>\n<p>Patronat nad lubusk\u0105 Akcja Akacja obj\u0119li:<\/p>\n<ul>\n<li>Prezydent Zielonej G&oacute;ry<\/li>\n<li>Gazeta Lubuska<\/li>\n<li>Radio Zach&oacute;d<\/li>\n<\/ul>\n<p>Fundatorami nagr&oacute;d dla laureatek lubuskich byli:<\/p>\n<p>VIVA Salon Fryzjerski &ndash; Monika Zdanowska-Rze\u017aniczak<br \/>\n\tANGEL Gabinet Kosmetyczny &ndash; Katarzyna J\u0119drzejowska<br \/>\n\tRAMZES Restauracja &ndash; Marek Pr\u0119dkiewicz<br \/>\n\tDOMI Nieruchomo\u015bci &ndash; Stanis\u0142awa Prze\u017awiecka<br \/>\n\tGROTA SOLNA &ndash; Anna Nowicka<br \/>\n\tFANTAZJA Salon Kwiat&oacute;w &ndash; A. W. Gulbiccy<\/p>\n<p>&nbsp;<\/p>\n","protected":false},"excerpt":{"rendered":"<p>AKCJA AKACJA to porozumienie organizacji pozarz\u0105dowych, kt&oacute;re mia\u0142o na celu promocj\u0119 kobiet aktywnych w swoim \u015brodowisku, dzia\u0142aj\u0105cych na rzecz rozwoju spo\u0142ecze\u0144stwa obywatelskiego i wsp&oacute;lnot lokalnych. I st\u0105d konkurs o tytu\u0142 Niezwyk\u0142ej Polki. Do komisji konkursowej nadsy\u0142ano zg\u0142oszenia z ca\u0142ego kraju, a nast\u0119pnie Komisja Konkursowa przyzna\u0142a ten zaszczytny tytu\u0142 jednej kobiecie z ka\u017cdego regionu. W 2006 [&hellip;]<\/p>\n","protected":false},"author":6,"featured_media":0,"parent":574,"menu_order":50,"comment_status":"closed","ping_status":"closed","template":"","meta":{"footnotes":""},"class_list":["post-669","page","type-page","status-publish","hentry"],"_links":{"self":[{"href":"https:\/\/baba.org.pl\/index.php\/wp-json\/wp\/v2\/pages\/669","targetHints":{"allow":["GET"]}}],"collection":[{"href":"https:\/\/baba.org.pl\/index.php\/wp-json\/wp\/v2\/pages"}],"about":[{"href":"https:\/\/baba.org.pl\/index.php\/wp-json\/wp\/v2\/types\/page"}],"author":[{"embeddable":true,"href":"https:\/\/baba.org.pl\/index.php\/wp-json\/wp\/v2\/users\/6"}],"replies":[{"embeddable":true,"href":"https:\/\/baba.org.pl\/index.php\/wp-json\/wp\/v2\/comments?post=669"}],"version-history":[{"count":11,"href":"https:\/\/baba.org.pl\/index.php\/wp-json\/wp\/v2\/pages\/669\/revisions"}],"predecessor-version":[{"id":2349,"href":"https:\/\/baba.org.pl\/index.php\/wp-json\/wp\/v2\/pages\/669\/revisions\/2349"}],"up":[{"embeddable":true,"href":"https:\/\/baba.org.pl\/index.php\/wp-json\/wp\/v2\/pages\/574"}],"wp:attachment":[{"href":"https:\/\/baba.org.pl\/index.php\/wp-json\/wp\/v2\/media?parent=669"}],"curies":[{"name":"wp","href":"https:\/\/api.w.org\/{rel}","templated":true}]}}

<p><a href="http://babazg.home.pl/autoinstalator/wordpress/wp-content/uploads/2011/09/logo-akcja-akacja.jpg" data-lightbox="gal[669]"><img loading="lazy" decoding="async" alt="" class="alignleft size-medium wp-image-814" height="99" src="http://babazg.home.pl/autoinstalator/wordpress/wp-content/uploads/2011/09/logo-akcja-akacja-300x99.jpg" title="logo akcja akacja" width="300" srcset="https://baba.org.pl/wp-content/uploads/2011/09/logo-akcja-akacja-300x99.jpg 300w, https://baba.org.pl/wp-content/uploads/2011/09/logo-akcja-akacja-150x50.jpg 150w, https://baba.org.pl/wp-content/uploads/2011/09/logo-akcja-akacja.jpg 350w" sizes="auto, (max-width: 300px) 100vw, 300px" /></a>AKCJA AKACJA to porozumienie organizacji pozarządowych, kt&oacute;re miało na celu promocję kobiet aktywnych w swoim środowisku, działających na rzecz rozwoju społeczeństwa obywatelskiego i wsp&oacute;lnot lokalnych. I stąd konkurs o tytuł <strong>Niezwykłej Polki.</strong> Do komisji konkursowej nadsyłano zgłoszenia z całego kraju, a następnie Komisja Konkursowa przyznała ten zaszczytny tytuł jednej kobiecie z każdego regionu.</p>
<p><a href="http://babazg.home.pl/autoinstalator/wordpress/wp-content/uploads/2011/09/akcja-akacja-tokarska2.jpg" data-lightbox="gal[669]"><img loading="lazy" decoding="async" alt="" class="size-medium wp-image-815 alignright" height="199" src="http://babazg.home.pl/autoinstalator/wordpress/wp-content/uploads/2011/09/akcja-akacja-tokarska2-300x199.jpg" title="akcja akacja tokarska2" width="300" srcset="https://baba.org.pl/wp-content/uploads/2011/09/akcja-akacja-tokarska2-300x199.jpg 300w, https://baba.org.pl/wp-content/uploads/2011/09/akcja-akacja-tokarska2-150x100.jpg 150w, https://baba.org.pl/wp-content/uploads/2011/09/akcja-akacja-tokarska2-768x510.jpg 768w, https://baba.org.pl/wp-content/uploads/2011/09/akcja-akacja-tokarska2.jpg 876w" sizes="auto, (max-width: 300px) 100vw, 300px" /></a>W 2006 roku laureatką Akcji Akacja w wojew&oacute;dztwie lubuskim została <strong>Magdalena Tokarska</strong>, fundatorka Fundacji Alicji pracującej na rzecz sierot i ich adaptacji w środowisku, także nowym rodzinnym.</p>
<p>W 2007 roku z naszego wojew&oacute;dztwa laureatkę tytułu Niezwykłej Polki spośr&oacute;d grona zgłoszonych do akcji 28 Lubuszanek, wskazała lokalna komisja konkursowa. Zasiadły w niej: Kazimiera Jakubowska (szefowa Społecznej Rady Kobiet w woj. lubuskim), dr Anita Kucharska-Dziedzic (prezeska Lubuskiego Stowarzyszenia na Rzecz Kobiet Baba, koordynatora akcji), dr Żywia Leszkowicz-Baczyńska (socjolożka, politolożka, feministka) oraz Magdalena Tokarska (prezes Fundacji Alicji, laureatka Akcji Akacja 2006).</p>
<p>Zwyciężczynią 2007 roku została pani <strong>Ewa Klepczyńska</strong> &#8211; od kilku lat mieszkanka wsi Gostchorze, od 2005 roku jej sołtyska. Jak sama opowiada, zakochała się w tym pięknym miejscu, więc postanowiła zadbać o nie i o mieszkańc&oacute;w wsi. Zbuntowała się przeciwko marazmowi. Zaangażowała niemal wszystkich mieszkańc&oacute;w do r&oacute;żnego typu działalności. I okazało się, że są efekty. Wieś stała się czysta i estetyczna, coś się w niej zaczęło dziać. Na szczeg&oacute;lną uwagę zasługuje to, że pani Ewa uczyniła to wszystko, wkraczając w tę społeczność jako ktoś nowy.</p>
<p>Należy też wspomnieć o wyr&oacute;żnionych paniach:</p>
<p><strong><a href="http://babazg.home.pl/autoinstalator/wordpress/wp-content/uploads/2011/09/Akcja-Akacja-dla-2008.jpg" data-lightbox="gal[669]"><img loading="lazy" decoding="async" alt="" class="size-medium wp-image-817 alignright" height="225" src="http://babazg.home.pl/autoinstalator/wordpress/wp-content/uploads/2011/09/Akcja-Akacja-dla-2008-300x225.jpg" title="Akcja-Akacja-dla-2008" width="300" /></a>Renata W&oacute;jtowicz</strong> jest członkinią Caritas w Zielonej G&oacute;rze, zaangażowaną w jego działalność. Komisja doceniła jej indywidualną, wolontariacką inicjatywę &#8211; klub &quot;Przylądek Nadziei&rdquo; adresowany do młodzieży i przygotowujący do życia w rodzinie w odmienny od stereotypowego spos&oacute;b. Przez naukę życia.</p>
<p><strong>Grażyna Dereń </strong>jest mieszkanką Lubiechni Wielkiej oraz animatorką życia społecznego w małej miejscowości, kt&oacute;ra bez żadnego organizacyjnego wsparcia i mimo trudnej sytuacji życiowej, potrafi wspierać innych i inicjować działalność samopomocową. Potrafiła zjednoczyć kobiety z 10 wsi dla wsp&oacute;lnej działalności.</p>
<p><strong>Lidia Kurzawowa</strong> jest związana z zielonog&oacute;rskim oddziałem klubu Kiwanis Ad Sum, kt&oacute;ry prowadzi charytatywną działalność wychowawczą skierowaną o mieszkańc&oacute;w małych miejscowości w pobliżu Zielonej G&oacute;ry.</p>
<p>Akcję Akacja na terenie Polski koordynowała: Fundacja &bdquo;Partners&rdquo; Polska</p>
<p>Patronaty nad Akcją Akacja przyjęły:</p>
<ul>
<li>Fundacja Przyjaci&oacute;łka,</li>
<li>Prezydentowa Maria Kaczyńska,</li>
<li>R&oacute;ża Thun &ndash; Szefowa Reprezentacji Komisji Europejskiej w Polsce.</li>
</ul>
<p>Partnerami Akcji Akacja byli:</p>
<ul>
<li>Program Narod&oacute;w Zjednoczonych ds. Rozwoju (UNDP) &#8211; Polska</li>
<li>Przedstawicielstwo Fundacji im. Heinricha B&ouml;lla w Polsce</li>
<li>Akademia Rozwoju Filantropii w Polsce</li>
<li>Fundacja Feminoteka</li>
<li>ngo.pl</li>
<li>Oriflame</li>
</ul>
<p>Patronat nad lubuską Akcja Akacja objęli:</p>
<ul>
<li>Prezydent Zielonej G&oacute;ry</li>
<li>Gazeta Lubuska</li>
<li>Radio Zach&oacute;d</li>
</ul>
<p>Fundatorami nagr&oacute;d dla laureatek lubuskich byli:</p>
<p>VIVA Salon Fryzjerski &ndash; Monika Zdanowska-Rzeźniczak<br />
	ANGEL Gabinet Kosmetyczny &ndash; Katarzyna Jędrzejowska<br />
	RAMZES Restauracja &ndash; Marek Prędkiewicz<br />
	DOMI Nieruchomości &ndash; Stanisława Przeźwiecka<br />
	GROTA SOLNA &ndash; Anna Nowicka<br />
	FANTAZJA Salon Kwiat&oacute;w &ndash; A. W. Gulbiccy</p>
<p>&nbsp;</p>

<p>AKCJA AKACJA to porozumienie organizacji pozarządowych, kt&oacute;re miało na celu promocję kobiet aktywnych w swoim środowisku, działających na rzecz rozwoju społeczeństwa obywatelskiego i wsp&oacute;lnot lokalnych. I stąd konkurs o tytuł Niezwykłej Polki. Do komisji konkursowej nadsyłano zgłoszenia z całego kraju, a następnie Komisja Konkursowa przyznała ten zaszczytny tytuł jednej kobiecie z każdego regionu. W 2006 [&hellip;]</p>
