{"id":6374,"date":"2020-12-01T21:30:12","date_gmt":"2020-12-01T19:30:12","guid":{"rendered":"https:\/\/baba.org.pl\/?page_id=6374"},"modified":"2020-12-04T23:23:41","modified_gmt":"2020-12-04T21:23:41","slug":"kategorie-ngo-zarzadzanie","status":"publish","type":"page","link":"https:\/\/baba.org.pl\/index.php\/kategorie-ngo-zarzadzanie\/","title":{"rendered":"Kategorie NGO &#8211; Zarz\u0105dzanie"},"content":{"rendered":"<div id=\"kat_content\">Ochrona zabytk\u00f3w,Ochrona miejsc kultu,Ruchy miejskie,Pami\u0119\u0107 i historia,Literatura i kultura,Turystyka i krajoznawstwo,Kultura miejska,Kultura wysoka,Wsparcie ubogich,Wsparcie bezdomnych,Dzia\u0142alno\u015b\u0107 charytatywna,Streetworking,Jad\u0142odajnie,Wsparcie os\u00f3b wychodz\u0105cych z na\u0142og\u00f3w,Ochrona zwierz\u0105t dzikich,Ochrona zwierz\u0105t domowych,Piel\u0119gnacja zwierz\u0105t,Obserwacja zwierz\u0105t,Ochrona przyrody,Ochrona klimatu,Prawa kobiet,Prawa dzieci,Prawa cz\u0142owieka,LGBT+,Antydyskryminacja,Przeciwdzia\u0142anie przemocy,Obrona praworz\u0105dno\u015bci,Pomoc ofiarom przemocy,Poradnictwo prawne,Poradnictwo obywatelskie,Coaching,Wsparcie psychologiczne,Wsparcie m\u0142odzie\u017cy z trudno\u015bciami,Korepetycje dla dzieci,Korepetycje dla m\u0142odzie\u017cy,Opieka nad dzie\u0107mi,Prace porz\u0105dkowe,Pomoc osobom niepe\u0142nosprawnym,Ochrona zdrowia,Piel\u0119gnacja chorych,Wsparcie senior\u00f3w,Samorozw\u00f3j senior\u00f3w,Muzyka,Grafika,Obs\u0142uga komputera,Praca biurowa,Transport,Praca zdalna,Walka z pandemi\u0105,Organizacja protest\u00f3w\/event\u00f3w<\/div>\n","protected":false},"excerpt":{"rendered":"<p>Ochrona zabytk\u00f3w,Ochrona miejsc kultu,Ruchy miejskie,Pami\u0119\u0107 i historia,Literatura i kultura,Turystyka i krajoznawstwo,Kultura miejska,Kultura wysoka,Wsparcie ubogich,Wsparcie bezdomnych,Dzia\u0142alno\u015b\u0107 charytatywna,Streetworking,Jad\u0142odajnie,Wsparcie os\u00f3b wychodz\u0105cych z na\u0142og\u00f3w,Ochrona zwierz\u0105t dzikich,Ochrona zwierz\u0105t domowych,Piel\u0119gnacja zwierz\u0105t,Obserwacja zwierz\u0105t,Ochrona przyrody,Ochrona klimatu,Prawa kobiet,Prawa dzieci,Prawa cz\u0142owieka,LGBT+,Antydyskryminacja,Przeciwdzia\u0142anie przemocy,Obrona praworz\u0105dno\u015bci,Pomoc ofiarom przemocy,Poradnictwo prawne,Poradnictwo obywatelskie,Coaching,Wsparcie psychologiczne,Wsparcie m\u0142odzie\u017cy z trudno\u015bciami,Korepetycje dla dzieci,Korepetycje dla m\u0142odzie\u017cy,Opieka nad dzie\u0107mi,Prace porz\u0105dkowe,Pomoc osobom niepe\u0142nosprawnym,Ochrona zdrowia,Piel\u0119gnacja chorych,Wsparcie senior\u00f3w,Samorozw\u00f3j senior\u00f3w,Muzyka,Grafika,Obs\u0142uga komputera,Praca [&hellip;]<\/p>\n","protected":false},"author":4,"featured_media":0,"parent":0,"menu_order":0,"comment_status":"closed","ping_status":"closed","template":"","meta":{"footnotes":""},"class_list":["post-6374","page","type-page","status-publish","hentry"],"_links":{"self":[{"href":"https:\/\/baba.org.pl\/index.php\/wp-json\/wp\/v2\/pages\/6374","targetHints":{"allow":["GET"]}}],"collection":[{"href":"https:\/\/baba.org.pl\/index.php\/wp-json\/wp\/v2\/pages"}],"about":[{"href":"https:\/\/baba.org.pl\/index.php\/wp-json\/wp\/v2\/types\/page"}],"author":[{"embeddable":true,"href":"https:\/\/baba.org.pl\/index.php\/wp-json\/wp\/v2\/users\/4"}],"replies":[{"embeddable":true,"href":"https:\/\/baba.org.pl\/index.php\/wp-json\/wp\/v2\/comments?post=6374"}],"version-history":[{"count":14,"href":"https:\/\/baba.org.pl\/index.php\/wp-json\/wp\/v2\/pages\/6374\/revisions"}],"predecessor-version":[{"id":6439,"href":"https:\/\/baba.org.pl\/index.php\/wp-json\/wp\/v2\/pages\/6374\/revisions\/6439"}],"wp:attachment":[{"href":"https:\/\/baba.org.pl\/index.php\/wp-json\/wp\/v2\/media?parent=6374"}],"curies":[{"name":"wp","href":"https:\/\/api.w.org\/{rel}","templated":true}]}}