{"id":6066,"date":"2019-12-31T00:40:21","date_gmt":"2019-12-30T22:40:21","guid":{"rendered":"http:\/\/baba.org.pl\/?page_id=6066"},"modified":"2026-01-17T14:43:01","modified_gmt":"2026-01-17T12:43:01","slug":"dzieci","status":"publish","type":"page","link":"https:\/\/baba.org.pl\/index.php\/dzieci\/","title":{"rendered":"Dzieci"},"content":{"rendered":"<p>Bezpiecze\u0144stwo naszych dzieci jest dla nas spraw\u0105 kluczow\u0105. Dzi\u0119ki wielu dotacjom i projektom w\u0142asnym oraz wolontariatowi, mo\u017cemy zadba\u0107 o bezpiecze\u0144stwo dzieci.<br \/>\nSzkolimy rodzic\u00f3w i nauczycieli w zakresie rozpoznawania zagro\u017ce\u0144 przemoc\u0105 seksualn\u0105, domow\u0105, psychiczn\u0105, r\u00f3wie\u015bnicz\u0105, cyberprzemoc\u0105, zagro\u017ceniami zwi\u0105zanymi z alkoholem, narkotykami, pedofili\u0105.<br \/>\nUczymy doros\u0142ych, jak reagowa\u0107 w sytuacji zagro\u017cenia i kryzysu.<br \/>\nNo i oczywi\u015bcie prowadzimy warsztaty i zaj\u0119cia dla dzieci informuj\u0105ce o zagro\u017ceniach, \u015bcie\u017ckach pomocy, ucz\u0105ce podstaw prawa i asertywno\u015bci.<\/p>\n\n\n<div data-wp-interactive=\"core\/file\" class=\"wp-block-file\"><object data-wp-bind--hidden=\"!state.hasPdfPreview\" hidden class=\"wp-block-file__embed\" data=\"https:\/\/baba.org.pl\/wp-content\/uploads\/2026\/01\/Standardy-Ochrony-Maloletnich-Stowarzyszenie-BABA.pdf\" type=\"application\/pdf\" style=\"width:100%;height:600px\" aria-label=\"Osadzone z Standardy Ochrony Ma\u0142oletnich Stowarzyszenie BABA.\"><\/object><a id=\"wp-block-file--media-66c44b3f-1e76-46b2-bc9c-b018fa18a10f\" href=\"https:\/\/baba.org.pl\/wp-content\/uploads\/2026\/01\/Standardy-Ochrony-Maloletnich-Stowarzyszenie-BABA.pdf\">Standardy Ochrony Ma\u0142oletnich Stowarzyszenie BABA<\/a><a href=\"https:\/\/baba.org.pl\/wp-content\/uploads\/2026\/01\/Standardy-Ochrony-Maloletnich-Stowarzyszenie-BABA.pdf\" class=\"wp-block-file__button wp-element-button\" download aria-describedby=\"wp-block-file--media-66c44b3f-1e76-46b2-bc9c-b018fa18a10f\">Pobierz<\/a><\/div>\n","protected":false},"excerpt":{"rendered":"<p>Bezpiecze\u0144stwo naszych dzieci jest dla nas spraw\u0105 kluczow\u0105. Dzi\u0119ki wielu dotacjom i projektom w\u0142asnym oraz wolontariatowi, mo\u017cemy zadba\u0107 o bezpiecze\u0144stwo dzieci. Szkolimy rodzic\u00f3w i nauczycieli w zakresie rozpoznawania zagro\u017ce\u0144 przemoc\u0105 seksualn\u0105, domow\u0105, psychiczn\u0105, r\u00f3wie\u015bnicz\u0105, cyberprzemoc\u0105, zagro\u017ceniami zwi\u0105zanymi z alkoholem, narkotykami, pedofili\u0105. Uczymy doros\u0142ych, jak reagowa\u0107 w sytuacji zagro\u017cenia i kryzysu. No i oczywi\u015bcie prowadzimy warsztaty [&hellip;]<\/p>\n","protected":false},"author":4,"featured_media":0,"parent":0,"menu_order":0,"comment_status":"closed","ping_status":"closed","template":"","meta":{"footnotes":""},"class_list":["post-6066","page","type-page","status-publish","hentry"],"_links":{"self":[{"href":"https:\/\/baba.org.pl\/index.php\/wp-json\/wp\/v2\/pages\/6066","targetHints":{"allow":["GET"]}}],"collection":[{"href":"https:\/\/baba.org.pl\/index.php\/wp-json\/wp\/v2\/pages"}],"about":[{"href":"https:\/\/baba.org.pl\/index.php\/wp-json\/wp\/v2\/types\/page"}],"author":[{"embeddable":true,"href":"https:\/\/baba.org.pl\/index.php\/wp-json\/wp\/v2\/users\/4"}],"replies":[{"embeddable":true,"href":"https:\/\/baba.org.pl\/index.php\/wp-json\/wp\/v2\/comments?post=6066"}],"version-history":[{"count":2,"href":"https:\/\/baba.org.pl\/index.php\/wp-json\/wp\/v2\/pages\/6066\/revisions"}],"predecessor-version":[{"id":7566,"href":"https:\/\/baba.org.pl\/index.php\/wp-json\/wp\/v2\/pages\/6066\/revisions\/7566"}],"wp:attachment":[{"href":"https:\/\/baba.org.pl\/index.php\/wp-json\/wp\/v2\/media?parent=6066"}],"curies":[{"name":"wp","href":"https:\/\/api.w.org\/{rel}","templated":true}]}}