{"id":570,"date":"2011-09-06T16:23:39","date_gmt":"2011-09-06T14:23:39","guid":{"rendered":"http:\/\/babazg.home.pl\/autoinstalator\/wordpress\/?page_id=570"},"modified":"2016-04-27T12:59:41","modified_gmt":"2016-04-27T10:59:41","slug":"zaangazuj-sie","status":"publish","type":"page","link":"https:\/\/baba.org.pl\/index.php\/zaangazuj-sie\/","title":{"rendered":"Zaanga\u017cuj si\u0119"},"content":{"rendered":"<ul>\n<li>pieni\u0119dzmi, produktami lub us\u0142ugami &#8211; <a href=\"http:\/\/baba.org.pl\/index.php\/zaangazuj-sie\/zostan-darczynca\/\" title=\"Zosta\u0144 darczy\u0144c\u0105\">zosta\u0144 darczy\u0144c\u0105<\/a> lub przeka\u017c nam <a href=\"http:\/\/baba.org.pl\/index.php\/zaangazuj-sie\/jak-przekazac-1-procent-podatku\/\" title=\"Jak przekaza\u0107 1% podatku\">1% podatku<\/a><\/li>\n<li>w\u0142asnymi r\u0119koma i w\u0142asn\u0105 wiedz\u0105 &#8211; <a href=\"http:\/\/baba.org.pl\/index.php\/zaangazuj-sie\/zostan-wolontariuszem\/\" title=\"Wolontariat dla Ciebie\">zosta\u0144 wolontariuszem<\/a><\/li>\n<\/ul>\n<p><a href=\"http:\/\/babazg.home.pl\/autoinstalator\/wordpress\/wp-content\/uploads\/2011\/09\/DSC_9106-Edit.jpg\" data-lightbox=\"gal[570]\" rel=\"attachment wp-att-4159\"><img loading=\"lazy\" decoding=\"async\" alt=\"DSC_9106-Edit\" class=\"alignleft size-medium wp-image-4159\" height=\"200\" src=\"http:\/\/babazg.home.pl\/autoinstalator\/wordpress\/wp-content\/uploads\/2011\/09\/DSC_9106-Edit-300x200.jpg\" width=\"300\" srcset=\"https:\/\/baba.org.pl\/wp-content\/uploads\/2011\/09\/DSC_9106-Edit-300x200.jpg 300w, https:\/\/baba.org.pl\/wp-content\/uploads\/2011\/09\/DSC_9106-Edit-1024x684.jpg 1024w, https:\/\/baba.org.pl\/wp-content\/uploads\/2011\/09\/DSC_9106-Edit-150x100.jpg 150w, https:\/\/baba.org.pl\/wp-content\/uploads\/2011\/09\/DSC_9106-Edit-768x513.jpg 768w, https:\/\/baba.org.pl\/wp-content\/uploads\/2011\/09\/DSC_9106-Edit-1536x1025.jpg 1536w, https:\/\/baba.org.pl\/wp-content\/uploads\/2011\/09\/DSC_9106-Edit.jpg 2048w\" sizes=\"auto, (max-width: 300px) 100vw, 300px\" \/><\/a>Dzi\u0119ki Wam i Waszym wp\u0142atom got&oacute;wkowym uda\u0142o si\u0119:<\/p>\n<p><strong>Zdoby\u0107 wk\u0142ad w\u0142asny do realizowanych projekt&oacute;w<\/strong>. W wi\u0119kszo\u015bci przypadk&oacute;w, \u017ceby zrealizowa\u0107 jaki\u015b projekt, trzeba wykaza\u0107 si\u0119 tzw. wk\u0142adem w\u0142asnym w wysoko\u015bci od kilku do 30% koszt&oacute;w realizowanego projektu. Musimy zatem, aplikuj\u0105c o \u015brodki, zadeklarowa\u0107 prac\u0119 w wolontariacie, wk\u0142ad rzeczowy w postacie lokalu lub sprz\u0119tu i oczywi\u015bcie wk\u0142ad got&oacute;wkowy. A ten mamy dzi\u0119ki darczy\u0144com. Bez Was nie by\u0142oby 300 tysi\u0119cy wydanych broszur i 35 tysi\u0119cy os&oacute;b, kt&oacute;re skorzysta\u0142y z porad i pomocy naszych specjalist&oacute;w.<\/p>\n<p><strong>Zdoby\u0107 kapita\u0142.<\/strong> Cz\u0119\u015b\u0107 instytucji przyznaj\u0105cych \u015brodki na realizacj\u0119 naszych projekt&oacute;w, przekazuje cz\u0119\u015b\u0107 og&oacute;lne sumy dopiero po zako\u0144czeniu i rozliczeniu projektu. Musimy zatem dysponowa\u0107 kapita\u0142em, kt&oacute;ry umo\u017cliwi nam &bdquo;skredytowanie&rdquo; naszej dzia\u0142alno\u015bci bez uciekania si\u0119 do po\u017cyczek bankowych.<\/p>\n<p><a href=\"http:\/\/babazg.home.pl\/autoinstalator\/wordpress\/wp-content\/uploads\/2016\/03\/10258991_977337689008962_1878957481137827858_o.jpg\" data-lightbox=\"gal[570]\" rel=\"attachment wp-att-3864\"><img loading=\"lazy\" decoding=\"async\" alt=\"10258991_977337689008962_1878957481137827858_o\" class=\"alignleft size-medium wp-image-3864\" height=\"222\" src=\"http:\/\/babazg.home.pl\/autoinstalator\/wordpress\/wp-content\/uploads\/2016\/03\/10258991_977337689008962_1878957481137827858_o-300x222.jpg\" width=\"300\" srcset=\"https:\/\/baba.org.pl\/wp-content\/uploads\/2016\/03\/10258991_977337689008962_1878957481137827858_o-300x222.jpg 300w, https:\/\/baba.org.pl\/wp-content\/uploads\/2016\/03\/10258991_977337689008962_1878957481137827858_o-1024x759.jpg 1024w, https:\/\/baba.org.pl\/wp-content\/uploads\/2016\/03\/10258991_977337689008962_1878957481137827858_o-150x111.jpg 150w, https:\/\/baba.org.pl\/wp-content\/uploads\/2016\/03\/10258991_977337689008962_1878957481137827858_o-768x569.jpg 768w, https:\/\/baba.org.pl\/wp-content\/uploads\/2016\/03\/10258991_977337689008962_1878957481137827858_o-1536x1139.jpg 1536w, https:\/\/baba.org.pl\/wp-content\/uploads\/2016\/03\/10258991_977337689008962_1878957481137827858_o.jpg 2048w\" sizes=\"auto, (max-width: 300px) 100vw, 300px\" \/><\/a><strong>Reagowa\u0107 natychmiast i dzia\u0142a\u0107.<\/strong> Nie jeste\u015bmy w stanie przewidzie\u0107, jakie wyzwania pojawi\u0105 si\u0119 jutro. Mo\u017ce trzeba b\u0119dzie z dnia na dzie\u0144 wydrukowa\u0107 ulotki czy broszury, wtedy dzi\u0119kujemy darczy\u0144com indywidualnym.<\/p>\n<p><strong>Wyremontowa\u0107 nasz nowy lokal<\/strong>. We wrze\u015bniu 2010 roku przenios\u0142y\u015bmy si\u0119 pod nowy adres. Zrezygnowa\u0142y\u015bmy z lokalu miejskiego i rozpaczliwych warunk&oacute;w, w jakich przyjmowa\u0142y\u015bmy beneficjent&oacute;w. Wynaj\u0119\u0142y\u015bmy lokal na rynku komercyjnym i same robimy <a href=\"http:\/\/baba.org.pl\/index.php\/programy\/remont\/\" title=\"Remont\">generalny remont<\/a>. Wiele prac wykonujemy same, wi\u0119kszo\u015b\u0107 materia\u0142&oacute;w otrzyma\u0142y\u015bmy od sponsor&oacute;w. Znajduj\u0105 si\u0119 wolontariusze, kt&oacute;rzy pomagaj\u0105 nam w wykonywaniu skomplikowanych prac remontowych. Cz\u0119\u015b\u0107 prac musimy op\u0142aci\u0107, cz\u0119\u015b\u0107 materia\u0142&oacute;w kupi\u0107 &ndash; na to przeznaczamy darowizny got&oacute;wkowe &ndash; celowe, przeznaczone na remont BABY.<br \/>\n\t<span style=\"color: rgb(51, 51, 51); font-size: 16px; line-height: 24px; background-color: rgb(255, 255, 255);\">Konto BABY: Raiffeisen Polbank nr 43 1750 0012 0000 0000 2109 7896<\/span><\/p>\n","protected":false},"excerpt":{"rendered":"<p>pieni\u0119dzmi, produktami lub us\u0142ugami &#8211; zosta\u0144 darczy\u0144c\u0105 lub przeka\u017c nam 1% podatku w\u0142asnymi r\u0119koma i w\u0142asn\u0105 wiedz\u0105 &#8211; zosta\u0144 wolontariuszem Dzi\u0119ki Wam i Waszym wp\u0142atom got&oacute;wkowym uda\u0142o si\u0119: Zdoby\u0107 wk\u0142ad w\u0142asny do realizowanych projekt&oacute;w. W wi\u0119kszo\u015bci przypadk&oacute;w, \u017ceby zrealizowa\u0107 jaki\u015b projekt, trzeba wykaza\u0107 si\u0119 tzw. wk\u0142adem w\u0142asnym w wysoko\u015bci od kilku do 30% koszt&oacute;w realizowanego [&hellip;]<\/p>\n","protected":false},"author":6,"featured_media":0,"parent":0,"menu_order":50,"comment_status":"closed","ping_status":"closed","template":"","meta":{"give_campaign_id":0,"footnotes":""},"class_list":["post-570","page","type-page","status-publish","hentry"],"campaignId":"","_links":{"self":[{"href":"https:\/\/baba.org.pl\/index.php\/wp-json\/wp\/v2\/pages\/570","targetHints":{"allow":["GET"]}}],"collection":[{"href":"https:\/\/baba.org.pl\/index.php\/wp-json\/wp\/v2\/pages"}],"about":[{"href":"https:\/\/baba.org.pl\/index.php\/wp-json\/wp\/v2\/types\/page"}],"author":[{"embeddable":true,"href":"https:\/\/baba.org.pl\/index.php\/wp-json\/wp\/v2\/users\/6"}],"replies":[{"embeddable":true,"href":"https:\/\/baba.org.pl\/index.php\/wp-json\/wp\/v2\/comments?post=570"}],"version-history":[{"count":25,"href":"https:\/\/baba.org.pl\/index.php\/wp-json\/wp\/v2\/pages\/570\/revisions"}],"predecessor-version":[{"id":4229,"href":"https:\/\/baba.org.pl\/index.php\/wp-json\/wp\/v2\/pages\/570\/revisions\/4229"}],"wp:attachment":[{"href":"https:\/\/baba.org.pl\/index.php\/wp-json\/wp\/v2\/media?parent=570"}],"curies":[{"name":"wp","href":"https:\/\/api.w.org\/{rel}","templated":true}]}}