{"id":4957,"date":"2017-12-19T15:43:49","date_gmt":"2017-12-19T13:43:49","guid":{"rendered":"http:\/\/baba.org.pl\/?page_id=4957"},"modified":"2019-12-31T00:46:28","modified_gmt":"2019-12-30T22:46:28","slug":"dzieci-i-mlodziez","status":"publish","type":"page","link":"https:\/\/baba.org.pl\/index.php\/dzieci-i-mlodziez\/","title":{"rendered":"M\u0142odzie\u017c"},"content":{"rendered":"<p>Bezpiecze\u0144stwo m\u0142odzie\u017cy jest dla nas spraw\u0105 kluczow\u0105. Dzi\u0119ki wielu dotacjom i projektom w\u0142asnym oraz wolontariatowi, mo\u017cemy zadba\u0107 o bezpiecze\u0144stwo wszystkich naszych dzieci, tak\u017ce tych ju\u017c dorastaj\u0105cych.<br \/>\nSzkolimy rodzic\u00f3w i nauczycieli w zakresie rozpoznawania zagro\u017ce\u0144 przemoc\u0105 seksualn\u0105, domow\u0105, psychiczn\u0105, r\u00f3wie\u015bnicz\u0105, cyberprzemoc\u0105, zagro\u017ceniami zwi\u0105zanymi z alkoholem, narkotykami, ryzykownymi zachowaniami seksualnymi.<br \/>\nUczymy doros\u0142ych, jak reagowa\u0107 w sytuacji zagro\u017cenia i kryzysu.<br \/>\nNo i oczywi\u015bcie prowadzimy warsztaty i zaj\u0119cia dla m\u0142odzie\u017cy informuj\u0105ce o zagro\u017ceniach, \u015bcie\u017ckach pomocy, ucz\u0105ce podstaw prawa i asertywno\u015bci.<br \/>\nPomagamy wybra\u0107 zaw\u00f3d i \u015bcie\u017ck\u0119 kariery.  <\/p>\n","protected":false},"excerpt":{"rendered":"<p>Bezpiecze\u0144stwo m\u0142odzie\u017cy jest dla nas spraw\u0105 kluczow\u0105. Dzi\u0119ki wielu dotacjom i projektom w\u0142asnym oraz wolontariatowi, mo\u017cemy zadba\u0107 o bezpiecze\u0144stwo wszystkich naszych dzieci, tak\u017ce tych ju\u017c dorastaj\u0105cych. Szkolimy rodzic\u00f3w i nauczycieli w zakresie rozpoznawania zagro\u017ce\u0144 przemoc\u0105 seksualn\u0105, domow\u0105, psychiczn\u0105, r\u00f3wie\u015bnicz\u0105, cyberprzemoc\u0105, zagro\u017ceniami zwi\u0105zanymi z alkoholem, narkotykami, ryzykownymi zachowaniami seksualnymi. Uczymy doros\u0142ych, jak reagowa\u0107 w sytuacji zagro\u017cenia [&hellip;]<\/p>\n","protected":false},"author":4,"featured_media":0,"parent":0,"menu_order":0,"comment_status":"closed","ping_status":"closed","template":"","meta":{"footnotes":""},"class_list":["post-4957","page","type-page","status-publish","hentry"],"_links":{"self":[{"href":"https:\/\/baba.org.pl\/index.php\/wp-json\/wp\/v2\/pages\/4957","targetHints":{"allow":["GET"]}}],"collection":[{"href":"https:\/\/baba.org.pl\/index.php\/wp-json\/wp\/v2\/pages"}],"about":[{"href":"https:\/\/baba.org.pl\/index.php\/wp-json\/wp\/v2\/types\/page"}],"author":[{"embeddable":true,"href":"https:\/\/baba.org.pl\/index.php\/wp-json\/wp\/v2\/users\/4"}],"replies":[{"embeddable":true,"href":"https:\/\/baba.org.pl\/index.php\/wp-json\/wp\/v2\/comments?post=4957"}],"version-history":[{"count":3,"href":"https:\/\/baba.org.pl\/index.php\/wp-json\/wp\/v2\/pages\/4957\/revisions"}],"predecessor-version":[{"id":6072,"href":"https:\/\/baba.org.pl\/index.php\/wp-json\/wp\/v2\/pages\/4957\/revisions\/6072"}],"wp:attachment":[{"href":"https:\/\/baba.org.pl\/index.php\/wp-json\/wp\/v2\/media?parent=4957"}],"curies":[{"name":"wp","href":"https:\/\/api.w.org\/{rel}","templated":true}]}}