{"id":4123,"date":"2016-04-04T12:24:30","date_gmt":"2016-04-04T10:24:30","guid":{"rendered":"http:\/\/baba.org.pl\/?page_id=4123"},"modified":"2016-04-27T10:36:55","modified_gmt":"2016-04-27T08:36:55","slug":"teoretyczne-i-praktyczne-wymiary-zjawiska-przemocy-w-rodzinie","status":"publish","type":"page","link":"https:\/\/baba.org.pl\/index.php\/teoretyczne-i-praktyczne-wymiary-zjawiska-przemocy-w-rodzinie\/","title":{"rendered":"Teoretyczne i praktyczne wymiary zjawiska przemocy w rodzinie"},"content":{"rendered":"<p><a href=\"http:\/\/babazg.home.pl\/autoinstalator\/wordpress\/wp-content\/uploads\/2016\/04\/konferencja-przemoc-plakat-B1-008-Ka\u015b-zdj\u0119cie-2-WYBRANE-podbite-czernie-2.jpg\" data-lightbox=\"gal[4123]\" rel=\"attachment wp-att-4124\"><img loading=\"lazy\" decoding=\"async\" alt=\"konferencja przemoc plakat B1 008 (Ka\u015b zdj\u0119cie) 2 - WYBRANE podbite czernie 2\" class=\"alignleft size-medium wp-image-4124\" height=\"300\" src=\"http:\/\/babazg.home.pl\/autoinstalator\/wordpress\/wp-content\/uploads\/2016\/04\/konferencja-przemoc-plakat-B1-008-Ka\u015b-zdj\u0119cie-2-WYBRANE-podbite-czernie-2-212x300.jpg\" width=\"212\" srcset=\"https:\/\/baba.org.pl\/wp-content\/uploads\/2016\/04\/konferencja-przemoc-plakat-B1-008-Ka\u015b-zdj\u0119cie-2-WYBRANE-podbite-czernie-2-212x300.jpg 212w, https:\/\/baba.org.pl\/wp-content\/uploads\/2016\/04\/konferencja-przemoc-plakat-B1-008-Ka\u015b-zdj\u0119cie-2-WYBRANE-podbite-czernie-2-106x150.jpg 106w, https:\/\/baba.org.pl\/wp-content\/uploads\/2016\/04\/konferencja-przemoc-plakat-B1-008-Ka\u015b-zdj\u0119cie-2-WYBRANE-podbite-czernie-2.jpg 339w\" sizes=\"auto, (max-width: 212px) 100vw, 212px\" \/><\/a>W Zielonej&nbsp;G&oacute;rze,&nbsp; 20-21 pa\u017adziernika 2015 r. odby\u0142a si\u0119&nbsp;Mi\u0119dzynarodowa&nbsp;Konferencja Naukowa:&nbsp;&nbsp;<em>Teoretyczne i praktyczne wymiary zjawiska przemocy&nbsp; w rodzinie<\/em>, kt&oacute;rej by\u0142y\u015bmy wsp&oacute;\u0142organizatorkami.&nbsp;<\/p>\n<p>&nbsp;<\/p>\n<p>&nbsp;<\/p>\n<p>&nbsp;<\/p>\n<p>&nbsp;<\/p>\n<p><a href=\"http:\/\/babazg.home.pl\/autoinstalator\/wordpress\/wp-content\/uploads\/2010\/11\/IMAG1603.jpg\" data-lightbox=\"gal[4123]\" rel=\"attachment wp-att-3831\"><img loading=\"lazy\" decoding=\"async\" alt=\"IMAG1603\" class=\"alignleft size-medium wp-image-3831\" height=\"169\" src=\"http:\/\/babazg.home.pl\/autoinstalator\/wordpress\/wp-content\/uploads\/2010\/11\/IMAG1603-300x169.jpg\" width=\"300\" srcset=\"https:\/\/baba.org.pl\/wp-content\/uploads\/2010\/11\/IMAG1603-300x169.jpg 300w, https:\/\/baba.org.pl\/wp-content\/uploads\/2010\/11\/IMAG1603-1024x576.jpg 1024w, https:\/\/baba.org.pl\/wp-content\/uploads\/2010\/11\/IMAG1603-150x84.jpg 150w, https:\/\/baba.org.pl\/wp-content\/uploads\/2010\/11\/IMAG1603-768x432.jpg 768w, https:\/\/baba.org.pl\/wp-content\/uploads\/2010\/11\/IMAG1603-1536x864.jpg 1536w, https:\/\/baba.org.pl\/wp-content\/uploads\/2010\/11\/IMAG1603-2048x1152.jpg 2048w\" sizes=\"auto, (max-width: 300px) 100vw, 300px\" \/><\/a>na zdj\u0119ciu: Anita Kucharska-Dziedzic, BABA, Monika Sajkowska, Dzieci Niczyje, Renata Durda, Niebieska Linia, prof. Grazyna Mi\u0142kowska, Uniwersytet Zielonog&oacute;rski&nbsp;<\/p>\n<p>&nbsp;<\/p>\n<p>Poni\u017cej przedstawiamy program konferencji:<br \/>\n\t<strong>20.10.2015 &ndash; wtorek<\/strong><br \/>\n\t<strong>I Uroczyste otwarcie konferencji<\/strong>&nbsp;&nbsp; 9.30 &ndash; 10.00&nbsp;przez:&nbsp;JM Rektora,&nbsp;Dziekana Wydzia\u0142u,&nbsp;Marsza\u0142ka Wojew&oacute;dztwa,&nbsp;Prezydenta Miasta Zielona G&oacute;ra<br \/>\n\t<strong>II. Sesja plenarna: 10.00 &ndash; 12.30<\/strong><br \/>\n\t<strong>(prowadzenie: dr hab. Gra\u017cyna Mi\u0142kowska, prof. UZ, dr Anita Kucharska-Dziedzic)<\/strong><br \/>\n\t1&nbsp;Prof. dr hab. Irena Pospiszyl, Wszechnica \u015awi\u0119tokrzyska w Kielcach,&nbsp;<em>Przemoc w rodzinie w obliczu wsp&oacute;\u0142czesnych zmian obyczajowych<\/em><br \/>\n\t2. Prof. zw. dr hab. Wies\u0142aw H\u0142adkiewicz, Uniwersytet Zielonog&oacute;rski<em>,<\/em><strong><em>&nbsp;<\/em><\/strong><em>Oblicza przemocy<\/em><br \/>\n\t3.&nbsp;Prof. PhDr Monika Ma\u010dkinov&aacute;, PhDr&nbsp; Peter Horv&aacute;th, Univerzita Cyrila a Metoda&nbsp;v Trnave&nbsp;<em>Prevencia a soci&aacute;lne d&ocirc;sledky kr&iacute;zy v \u017eivote \u010dloveka&nbsp;<\/em><em>(Prewencja a spo\u0142eczne konsekwencje kryzysu w \u017cyciu cz\u0142owieka)<\/em><br \/>\n\t4.&nbsp;Prof. zw. dr hab. Kazimierz Pospiszyl,<strong> <\/strong>Wszechnica \u015awi\u0119tokrzyska w Kielcach,&nbsp;<em>Kazirodztwo jako patologia wi\u0119zi w rodzinie<\/em><br \/>\n\t5.&nbsp;Iwona Matysiak,<em> <\/em>Departament Pomocy i Integracji Spo\u0142ecznej, Ministerstwo Pracy&nbsp;i Polityki Spo\u0142ecznej,&nbsp;<em>Dzia\u0142ania rz\u0105du w zakresie przeciwdzia\u0142ania przemocy w rodzinie.&nbsp;<\/em><em>Krajowy Program Przeciwdzia\u0142ania Przemocy w Rodzinie na lata 2014-2020<\/em><br \/>\n\t6.&nbsp;Prof. dr hab. Kazimierz Wojnowski, Mgr Katarzyna Wi\u0119c\u0142aw<em>,<\/em><em> <\/em>Uniwersytet im.&nbsp;A.&nbsp; Mickiewicza w Poznaniu, Wydzia\u0142 Pedagogiczno-Artystyczny w Kaliszu&nbsp;<em>Krzywdzenie rodziny w poczuciu&nbsp; os&oacute;b&nbsp; wychodz\u0105cych&nbsp; z uzale\u017cnienia alkoholowego<\/em><br \/>\n\t7.&nbsp;Jakub Piosik,<em><strong> <\/strong><\/em>Dyrektor Regionalnego O\u015brodka Polityki Spo\u0142ecznej w Zielonej G&oacute;rze,&nbsp;<em>Dzia\u0142ania samorz\u0105du wojew&oacute;dztwa lubuskiego wobec przemocy w rodzinie<\/em><br \/>\n\t<strong>III<\/strong><em> \u200b<\/em><strong>Obrady w sekcjach: 13.00 &ndash; 15.00<br \/>\n\tSekcja I: Problematyka zjawiska przemocy wobec dzieci i m\u0142odzie\u017cy&nbsp;(prowadzenie: dr Katarzyna Gajek, dr Anetta Soroka)<\/strong><br \/>\n\tProf. UP dr hab. Kazimierz Wojnowski, mgr Magdalena Wojtynia, Uniwersytet&nbsp;Przyrodniczy w Poznaniu&nbsp;<em>Zak\u0142&oacute;cenia w komunikacji mi\u0119dzy rodzicami a dzie\u0107mi w okresie dorastania<\/em><br \/>\n\tDr Katarzyna Gajek, Uniwersytet \u0141&oacute;dzki&nbsp;<em>Ofiara i sprawca &ndash; dwa oblicza przemocy domowej<\/em><br \/>\n\tDr Aneta Soroka-Fedorczuk,<strong> <\/strong>Uniwersytet Zielonog&oacute;rski&nbsp;<em>Dziecko jako ofiara przemocy w rodzinie<\/em><br \/>\n\tDr Maria Fudali<em><strong>,<\/strong><\/em><strong> <\/strong>Uniwersytet Zielonog&oacute;rsk<em>i&nbsp;<\/em><em>&bdquo;Projekt Dziecko&ldquo; jako przyk\u0142ad \u0142amania praw dziecka w rodzinie<\/em><br \/>\n\tDr Jolanta Lipi\u0144ska&ndash;Lok\u015b, dr Ewa Janion, Uniwersytet Zielonog&oacute;rski&nbsp;<em>Osoba z niepe\u0142nosprawno\u015bci\u0105 jako ofiara przemocy w rodzinie<\/em><br \/>\n\tPhDr. Peter Slov&aacute;k,&nbsp; PhD., Angelika Dud\u017e&aacute;kov&aacute;, MPH, Univerzita sv. Cyrila&nbsp;Metoda&nbsp; v Trnave&nbsp;<em>Je s&uacute;\u010dasn&aacute; rodina e&scaron;te tradi\u010dn&aacute; alebo pre\u010do je dysfunk\u010dn&aacute;? (<\/em>Czy wsp&oacute;\u0142czesna rodzina jest jeszcze tradycyjna czy raczej dysfunkcyjna?)<br \/>\n\tDoc. PhDr. Jana Keketiov&aacute;, Doc. PhDr. M&aacute;ria Vaver\u010d&aacute;kov&aacute;, Trnavsk&aacute; Univerzita&nbsp;v Trnave<em>&nbsp;<\/em><em>Internet ako nov&yacute; fenom&eacute;n z&aacute;vislosti u ml&aacute;de\u017ee v Slovenskej Republike&nbsp;<\/em><em>(Internet jako nowy fenomen uzale\u017cnienia m\u0142odzie\u017cy na S\u0142owacji)&nbsp;<\/em><br \/>\n\tDr Krzysztof Zajdel, Uniwersytet Zielonog&oacute;rski<em>&nbsp;<\/em><em>Przemoc wobec gimnazjalist&oacute;w. Sposoby kompensacji w szkole<\/em><br \/>\n\t<strong>Sekcja II: Problematyka zjawiska przemocy wobec os&oacute;b doros\u0142ych&nbsp;(prowadzenie: dr Barbara M. Ka\u0142don, dr Jolanta Lipi\u0144ska-Lok\u015b)&nbsp;<\/strong><br \/>\n\tDr Barbara M. Ka\u0142don, Uniwersytet Kardyna\u0142a Stefana Wyszy\u0144skiego w Warszawie&nbsp;<em>Przemoc w rodzinie &ndash; charakterystyka zajawiska w uj\u0119ciu prawnym<\/em><br \/>\n\tDr Lidia Wawryk, Uniwersytet Zielonog&oacute;rski&nbsp;<em>Gdzie czai si\u0119 z\u0142o? &ndash; rozwa\u017cania o uwarunkowaniach przemocy&nbsp;&nbsp;<\/em><br \/>\n\tMUDr. Vladim&iacute;r Masaryk, PhD., &Uacute;stredn&aacute; vojensk&aacute; nemocnica Ru\u017eombero<em>&nbsp;<\/em><em>V&yacute;\u017eiva seniorov v Slovenskej Republike &nbsp;<\/em><em>(\u017bywienie os&oacute;b w starszym wieku na S\u0142owacji)&nbsp;&nbsp;<\/em><br \/>\n\tDr Dorota Niewiedzia\u0142, Uniwersytet Zielonog&oacute;rski<em>&nbsp;<\/em><em>Zachowania agresywne starzej\u0105cych si\u0119 ludzi &ndash; trudny problem czy poprawno\u015b\u0107 polityczna?&nbsp;<\/em><br \/>\n\tDr Agnieszka Nowicka, Uniwersytet Zielonog&oacute;rski&nbsp;<em>Osoba w starszym wieku jako ofiara i sprawca przemocy<br \/>\n\tI<\/em>ng. Peter Maty&scaron;&aacute;k, PhD, Vysok&aacute; &Scaron;kola Zdravotn&iacute;ctva a Soci&aacute;lnej Pr&aacute;ce sv. Al\u017ebety&nbsp;Bratislava&nbsp;<em>Vyu\u017eitie medi&aacute;cie pri rie&scaron;en&iacute; rodinn&yacute;ch sporov&nbsp;<\/em><em>(Wykorzystanie mediacji w rozstrzyganiu spor&oacute;w rodzinnych)<\/em><br \/>\n\tMgr Aleksandra Kawszyn, Dr hab. Gra\u017cyna Mi\u0142kowska, prof. UZ, Uniwersytet&nbsp;&nbsp;Zielonog&oacute;rski&nbsp;<em>Mapa przemocy domowej na terenie Zielonej G&oacute;ry<\/em><br \/>\n\tMgr Piotr Zalewski, Komenda Powiatowa Policji w Skar\u017cysku Kamiennej&nbsp;<em>Przemoc w relacjach rodzinnych w\u015br&oacute;d funkcjonariuszy wybranych grup dyspozycyjnych<\/em><br \/>\n\t<strong>IV Warsztaty 16.00 &ndash; 18.00<\/strong>&nbsp;(deklaracji udzia\u0142u w warsztatach dokonuj\u0105 uczestnicy konferencji podczas sesji plenarnej)<br \/>\n\tWarsztat I:&nbsp;&nbsp;&nbsp; <em>Procedura Niebieskiej Karty<\/em>, KM Policji w Zielonej G&oacute;rze<br \/>\n\tWarsztat II:&nbsp;&nbsp; <em>Przemoc wobec dziecka w rodzinie. Rozpoznawanie zjawiska, wczesna&nbsp;interwencja<\/em>, Marta Marzec, Lubuskie Stowarzyszenie na Rzecz Kobiet w&nbsp;Zielonej G&oacute;rze BABA<br \/>\n\tWarsztat III: <em>Pozainstytucjonalne modele reagowania w sytuacji przemocy<\/em>, dr Anita Kucharska-Dziedzic, Lubuskie Stowarzyszenie na Rzecz Kobiet w Zielonej G&oacute;rze BABA<br \/>\n\tUroczysta kolacja&nbsp; 19.30&nbsp; z prezentacj\u0105 tradycji winiarskich na Ziemi Lubuskiej &ndash; Mariusza i Karoliny Pacholak, w\u0142a\u015bcicieli winiarni <em>Cantina<\/em> w Mozowie<\/p>\n<p><strong>21.10.2015 &ndash; \u015broda&nbsp;<\/strong><br \/>\n\t<strong>Obrady plenarne 9.00 &ndash; 11.30&nbsp;(prowadzenie: prof. dr hab. Kazimierz Wojnowski, dr Agnieszka Nowicka)<\/strong><br \/>\n\tProf. zw. dr hab. Zbigniew Izdebski, Uniwersytet Zielonog&oacute;rski, Uniwersytet&nbsp;&nbsp;Warszawski,&nbsp;<em>&nbsp;Przemoc seksualna w rodzinie<\/em><br \/>\n\tDr hab. Iwona Grzegorzewska, prof. UZ, Uniwersytet Zielonog&oacute;rski&nbsp;<em>Przemoc seksualna wobec dzieci<\/em><br \/>\n\tDr Monika Sajkowska, Prezeska Zarz\u0105du Fundacji Dzieci Niczyje<em>&nbsp;<\/em><em>Jak zapobiega\u0107 wykorzystywaniu seksualnemu dzieci? &ndash; dzia\u0142ania profilaktyki uniwersalnej adresowane do dzieci i rodzic&oacute;w<\/em><br \/>\n\tRenata Durda, Niebieska Linia&nbsp;<em>&bdquo;Niebieska Linia&rdquo; przed i po ustawie o przeciwdzia\u0142aniu przemocy w rodzinie &ndash; bilans&nbsp;<\/em><em>korzy\u015bci i wyzwa\u0144<\/em><br \/>\n\tDr Anita Kucharska-Dziedzic, Monika Bendyk, Lubuskie Stowarzyszenie na Rzecz&nbsp;Kobiet w Zielonej G&oacute;rze BABA<em>&nbsp;<\/em><em>Analiza lubuskich samorz\u0105dowych program&oacute;w przeciwprzemocowych z perspektywy gender<\/em><br \/>\n\tDr Alfred Staszak, prokurator okr\u0119gowy w Zielonej G&oacute;rze&nbsp;<em>Stosowanie \u015brodk&oacute;w zapobiegawczych nakazu opuszczenia lokalu i zakazu zbli\u017cania&nbsp;z perspektywy prokuratora<\/em><br \/>\n\tDr hab. Gra\u017cyna Mi\u0142kowska, prof. UZ, Uniwersytet Zielonog&oacute;rski<em>&nbsp;(Nie)moc w rodzinnej przemocy<\/em><br \/>\n\t<strong>Panel dyskusyjny 12.00 &ndash; 13.30&nbsp;<em>Gdzie jeste\u015bmy po 10 latach funkcjonowania&nbsp; ustawy o przeciwdzia\u0142aniu przemocy w rodzinie?&nbsp;<\/em>(prowadz\u0105cy: prof. dr hab. Irena Pospiszyl, dr hab. Gra\u017cyna Mi\u0142kowska, prof.&nbsp; UZ)<br \/>\n\tUczestnicy panelu:&nbsp;<\/strong>Dr Monika Sajkowska &ndash; Prezeska Zarz\u0105du Fundacji &bdquo;Dzieci Niczyje&rdquo;&nbsp;Dr Anita Kucharska-Dziedzic &ndash; prezeska Lubuskiego Stowarzyszenia na Rzecz Kobiet &bdquo;Baba&rdquo;&nbsp;Mgr Mariusz Olejniczak &ndash; podinspektor Komendy Miejskiej Policji w Zielonej G&oacute;rze&nbsp;Mgr Ewa Blachowska &ndash; s\u0119dzia S\u0105du Rodzinnego i Opieku\u0144czego w Zielonej G&oacute;rze&nbsp;Mgr Justyna Pecyna &ndash; prokurator Prokuratury Rejonowej w Zielonej G&oacute;rze&nbsp;Dr Mieczys\u0142aw Jerulank &ndash; dyrektor Miejskiego O\u015brodka Pomocy Spo\u0142ecznej w Zielonej G&oacute;rze<\/p>\n<p><strong>Konferencja odby\u0142a si\u0119 pod patronatem:<\/strong><br \/>\n\tRektora Uniwersytetu Zielonog&oacute;rskiego&nbsp; prof. dr hab. in\u017c. Tadeusza Kuczy\u0144skiego<br \/>\n\tMarsza\u0142ka Wojew&oacute;dztwa Lubuskiego El\u017cbiety Polak<br \/>\n\tPe\u0142nomocnika Prezydenta Miasta Zielona G&oacute;ra ds. Profilaktyki i Rozwi\u0105zywania Problem&oacute;w Alkoholowych Renaty Teodorczyk<br \/>\n\tLubuskiego Stowarzyszenia na Rzecz Kobiet w Zielonej G&oacute;rze &bdquo;Baba&rdquo;<\/p>\n","protected":false},"excerpt":{"rendered":"<p>W Zielonej&nbsp;G&oacute;rze,&nbsp; 20-21 pa\u017adziernika 2015 r. odby\u0142a si\u0119&nbsp;Mi\u0119dzynarodowa&nbsp;Konferencja Naukowa:&nbsp;&nbsp;Teoretyczne i praktyczne wymiary zjawiska przemocy&nbsp; w rodzinie, kt&oacute;rej by\u0142y\u015bmy wsp&oacute;\u0142organizatorkami.&nbsp; &nbsp; &nbsp; &nbsp; &nbsp; na zdj\u0119ciu: Anita Kucharska-Dziedzic, BABA, Monika Sajkowska, Dzieci Niczyje, Renata Durda, Niebieska Linia, prof. Grazyna Mi\u0142kowska, Uniwersytet Zielonog&oacute;rski&nbsp; &nbsp; Poni\u017cej przedstawiamy program konferencji: 20.10.2015 &ndash; wtorek I Uroczyste otwarcie konferencji&nbsp;&nbsp; 9.30 &ndash; [&hellip;]<\/p>\n","protected":false},"author":4,"featured_media":0,"parent":0,"menu_order":0,"comment_status":"closed","ping_status":"closed","template":"","meta":{"give_campaign_id":0,"footnotes":""},"class_list":["post-4123","page","type-page","status-publish","hentry"],"campaignId":"","_links":{"self":[{"href":"https:\/\/baba.org.pl\/index.php\/wp-json\/wp\/v2\/pages\/4123","targetHints":{"allow":["GET"]}}],"collection":[{"href":"https:\/\/baba.org.pl\/index.php\/wp-json\/wp\/v2\/pages"}],"about":[{"href":"https:\/\/baba.org.pl\/index.php\/wp-json\/wp\/v2\/types\/page"}],"author":[{"embeddable":true,"href":"https:\/\/baba.org.pl\/index.php\/wp-json\/wp\/v2\/users\/4"}],"replies":[{"embeddable":true,"href":"https:\/\/baba.org.pl\/index.php\/wp-json\/wp\/v2\/comments?post=4123"}],"version-history":[{"count":4,"href":"https:\/\/baba.org.pl\/index.php\/wp-json\/wp\/v2\/pages\/4123\/revisions"}],"predecessor-version":[{"id":4193,"href":"https:\/\/baba.org.pl\/index.php\/wp-json\/wp\/v2\/pages\/4123\/revisions\/4193"}],"wp:attachment":[{"href":"https:\/\/baba.org.pl\/index.php\/wp-json\/wp\/v2\/media?parent=4123"}],"curies":[{"name":"wp","href":"https:\/\/api.w.org\/{rel}","templated":true}]}}