{"id":3975,"date":"2016-03-23T15:47:24","date_gmt":"2016-03-23T13:47:24","guid":{"rendered":"http:\/\/baba.org.pl\/?page_id=3975"},"modified":"2016-04-06T13:28:20","modified_gmt":"2016-04-06T11:28:20","slug":"lokalnie-przeciw-przemocy-wobec-kobiet","status":"publish","type":"page","link":"https:\/\/baba.org.pl\/index.php\/akcje\/lokalnie-przeciw-przemocy-wobec-kobiet\/","title":{"rendered":"Lokalnie przeciw przemocy wobec kobiet"},"content":{"rendered":"<div>&nbsp;<\/div>\n<div><img loading=\"lazy\" decoding=\"async\" alt=\"zaproszenie_konferencja_nowe-page-001 (1)\" class=\"alignleft size-medium wp-image-3948\" height=\"300\" src=\"http:\/\/babazg.home.pl\/autoinstalator\/wordpress\/wp-content\/uploads\/2016\/03\/zaproszenie_konferencja_nowe-page-001-1-212x300.jpg\" style=\"border-style: none; border-width: initial; color: rgb(255, 75, 51); background-color: rgb(255, 255, 255);\" width=\"212\" srcset=\"https:\/\/baba.org.pl\/wp-content\/uploads\/2016\/03\/zaproszenie_konferencja_nowe-page-001-1-212x300.jpg 212w, https:\/\/baba.org.pl\/wp-content\/uploads\/2016\/03\/zaproszenie_konferencja_nowe-page-001-1-724x1024.jpg 724w, https:\/\/baba.org.pl\/wp-content\/uploads\/2016\/03\/zaproszenie_konferencja_nowe-page-001-1-106x150.jpg 106w, https:\/\/baba.org.pl\/wp-content\/uploads\/2016\/03\/zaproszenie_konferencja_nowe-page-001-1-768x1086.jpg 768w, https:\/\/baba.org.pl\/wp-content\/uploads\/2016\/03\/zaproszenie_konferencja_nowe-page-001-1-1086x1536.jpg 1086w, https:\/\/baba.org.pl\/wp-content\/uploads\/2016\/03\/zaproszenie_konferencja_nowe-page-001-1-1448x2048.jpg 1448w, https:\/\/baba.org.pl\/wp-content\/uploads\/2016\/03\/zaproszenie_konferencja_nowe-page-001-1-scaled.jpg 1811w\" sizes=\"auto, (max-width: 212px) 100vw, 212px\" \/><\/div>\n<p>Dzi\u0119kujemy za obecno\u015b\u0107 Pa\u0144stwa na naszym seminarium. Dzi\u0119kujemy za inspiruj\u0105c\u0105 dyskusj\u0119 i zg\u0142oszone pomys\u0142y i rekomendacje. Dzi\u0119kujemy wszystkim, kt&oacute;rzy nam pomogli w organizacji seminarium: Bibliotece Uniwersytetu Zielonog&oacute;rskiego, kt&oacute;ra nas go\u015bci\u0142a; Katedrze Pedagogiki specjalnej i Profilaktyki oraz Ko\u0142u Naukowemu Student&oacute;w Psychologii &quot;Przeciw Przemocy&quot;.&nbsp;<\/p>\n<p>Nasze seminarium by\u0142o elementem og&oacute;lnopolskiego projektu <a href=\"http:\/\/baba.org.pl\/index.php\/akcje\/ask\/\">&quot;Antyprzemocowa Sie\u0107 Kobiet&quot;<\/a>, kt&oacute;rego jeste\u015bmy partnerkami. Projekt jest natomiast pok\u0142osiem polskiej edycji og&oacute;lno\u015bwiatowej akcji <a href=\"http:\/\/baba.org.pl\/index.php\/akcje\/nazywam-sie-miliard-zielona-gora\/\">One Billion Rising<\/a>.<\/p>\n<p>Dzi\u0119kujemy prelegentkom:<\/p>\n<p>Joanna Piotrowska, Fundacja Feminoteka,&nbsp;<a href=\"http:\/\/babazg.home.pl\/autoinstalator\/wordpress\/wp-content\/uploads\/2016\/03\/Monitoring_lokalnych_programow_przeciwdzialania_przemoc.pptx\">Monitoring_lokalnych_programow_przeciwdzialania_przemoc<\/a><br \/>\n\tMonika Bendyk, Kamilla Obuchowska, Stowarzyszenie BABA&nbsp;<a href=\"http:\/\/babazg.home.pl\/autoinstalator\/wordpress\/wp-content\/uploads\/2016\/03\/Wojew\u00f3dztwo-lubuskie-na-tle-kraju.pptx\">Wojew&oacute;dztwo lubuskie na tle kraju<\/a><br \/>\n\tprof. dr hab. Gra\u017cyna Milkowska, Uniwersytet Zielonog&oacute;rski&nbsp;<a href=\"http:\/\/babazg.home.pl\/autoinstalator\/wordpress\/wp-content\/uploads\/2016\/03\/Rola-Zespo\u0142\u00f3w-Interdyscyplinarnych....pptx\">Rola Zespo\u0142&oacute;w Interdyscyplinarnych&#8230;<\/a><\/p>\n<p>Dyskutowa\u0142y\u015bmy o raporcie z monitoringu lokalnych program&oacute;w przeciwprzemocowych w kraju:<br \/>\n\t<a href=\"http:\/\/babazg.home.pl\/autoinstalator\/wordpress\/wp-content\/uploads\/2016\/03\/skrot_raportu.pdf\">skrot_raportu<\/a><br \/>\n\t<a href=\"http:\/\/babazg.home.pl\/autoinstalator\/wordpress\/wp-content\/uploads\/2016\/04\/raport_OK.pdf\">Raport monitoringu &#8211; ca\u0142o\u015b\u0107<\/a><\/p>\n<p>&nbsp;<\/p>\n<p>Relacje medialne:<br \/>\n\thttp:\/\/gorzow.tvp.pl\/24539917\/22032016-skuteczna-pomoc-ofiarom-przemocy-gosc-anita-kucharskadziedzic<br \/>\n\thttp:\/\/gorzow.tvp.pl\/24540853\/debatowali-o-tym-jak-zapobiegac-przemocy-wobec-kobiet<br \/>\n\thttp:\/\/www.zachod.pl\/radio-zachod\/czy-samorzady-lokalne-wiedza-jak-walczyc-z-przemoca-wobec-kobiet\/<br \/>\n\thttp:\/\/rzg.pl\/radio-zielona-gora\/wiadomosci\/baba-i-nie-tylko-przeciwko-przemocy\/<br \/>\n\thttp:\/\/www.zachod.pl\/radio-zachod\/feminoteka-wziela-pod-lupe-lokalne-programy-antyprzemocowe\/<\/p>\n<p><a href=\"http:\/\/babazg.home.pl\/autoinstalator\/wordpress\/wp-content\/uploads\/2016\/03\/IMAG1807.jpg\" data-lightbox=\"gal[3975]\"><img loading=\"lazy\" decoding=\"async\" alt=\"IMAG1807\" class=\"alignleft size-medium wp-image-3981\" height=\"223\" src=\"http:\/\/babazg.home.pl\/autoinstalator\/wordpress\/wp-content\/uploads\/2016\/03\/IMAG1807-300x223.jpg\" width=\"300\" srcset=\"https:\/\/baba.org.pl\/wp-content\/uploads\/2016\/03\/IMAG1807-300x223.jpg 300w, https:\/\/baba.org.pl\/wp-content\/uploads\/2016\/03\/IMAG1807-1024x760.jpg 1024w, https:\/\/baba.org.pl\/wp-content\/uploads\/2016\/03\/IMAG1807-150x111.jpg 150w, https:\/\/baba.org.pl\/wp-content\/uploads\/2016\/03\/IMAG1807-768x570.jpg 768w, https:\/\/baba.org.pl\/wp-content\/uploads\/2016\/03\/IMAG1807-1536x1140.jpg 1536w, https:\/\/baba.org.pl\/wp-content\/uploads\/2016\/03\/IMAG1807-2048x1520.jpg 2048w\" sizes=\"auto, (max-width: 300px) 100vw, 300px\" \/><\/a> <a href=\"http:\/\/babazg.home.pl\/autoinstalator\/wordpress\/wp-content\/uploads\/2016\/03\/IMAG1808.jpg\" data-lightbox=\"gal[3975]\"><img loading=\"lazy\" decoding=\"async\" alt=\"IMAG1808\" class=\"alignleft size-medium wp-image-3982\" height=\"223\" src=\"http:\/\/babazg.home.pl\/autoinstalator\/wordpress\/wp-content\/uploads\/2016\/03\/IMAG1808-300x223.jpg\" width=\"300\" srcset=\"https:\/\/baba.org.pl\/wp-content\/uploads\/2016\/03\/IMAG1808-300x223.jpg 300w, https:\/\/baba.org.pl\/wp-content\/uploads\/2016\/03\/IMAG1808-1024x760.jpg 1024w, https:\/\/baba.org.pl\/wp-content\/uploads\/2016\/03\/IMAG1808-150x111.jpg 150w, https:\/\/baba.org.pl\/wp-content\/uploads\/2016\/03\/IMAG1808-768x570.jpg 768w, https:\/\/baba.org.pl\/wp-content\/uploads\/2016\/03\/IMAG1808-1536x1140.jpg 1536w, https:\/\/baba.org.pl\/wp-content\/uploads\/2016\/03\/IMAG1808-2048x1520.jpg 2048w\" sizes=\"auto, (max-width: 300px) 100vw, 300px\" \/><\/a> <a href=\"http:\/\/babazg.home.pl\/autoinstalator\/wordpress\/wp-content\/uploads\/2016\/03\/IMAG1809.jpg\" data-lightbox=\"gal[3975]\"><img loading=\"lazy\" decoding=\"async\" alt=\"IMAG1809\" class=\"alignleft size-medium wp-image-3983\" height=\"300\" src=\"http:\/\/babazg.home.pl\/autoinstalator\/wordpress\/wp-content\/uploads\/2016\/03\/IMAG1809-223x300.jpg\" width=\"223\" srcset=\"https:\/\/baba.org.pl\/wp-content\/uploads\/2016\/03\/IMAG1809-223x300.jpg 223w, https:\/\/baba.org.pl\/wp-content\/uploads\/2016\/03\/IMAG1809-760x1024.jpg 760w, https:\/\/baba.org.pl\/wp-content\/uploads\/2016\/03\/IMAG1809-111x150.jpg 111w, https:\/\/baba.org.pl\/wp-content\/uploads\/2016\/03\/IMAG1809-768x1034.jpg 768w, https:\/\/baba.org.pl\/wp-content\/uploads\/2016\/03\/IMAG1809-1140x1536.jpg 1140w, https:\/\/baba.org.pl\/wp-content\/uploads\/2016\/03\/IMAG1809-1520x2048.jpg 1520w, https:\/\/baba.org.pl\/wp-content\/uploads\/2016\/03\/IMAG1809-scaled.jpg 1901w\" sizes=\"auto, (max-width: 223px) 100vw, 223px\" \/><\/a> <a href=\"http:\/\/babazg.home.pl\/autoinstalator\/wordpress\/wp-content\/uploads\/2016\/03\/IMAG1811.jpg\" data-lightbox=\"gal[3975]\"><img loading=\"lazy\" decoding=\"async\" alt=\"IMAG1811\" class=\"alignleft size-medium wp-image-3984\" height=\"223\" src=\"http:\/\/babazg.home.pl\/autoinstalator\/wordpress\/wp-content\/uploads\/2016\/03\/IMAG1811-300x223.jpg\" width=\"300\" srcset=\"https:\/\/baba.org.pl\/wp-content\/uploads\/2016\/03\/IMAG1811-300x223.jpg 300w, https:\/\/baba.org.pl\/wp-content\/uploads\/2016\/03\/IMAG1811-1024x760.jpg 1024w, https:\/\/baba.org.pl\/wp-content\/uploads\/2016\/03\/IMAG1811-150x111.jpg 150w, https:\/\/baba.org.pl\/wp-content\/uploads\/2016\/03\/IMAG1811-768x570.jpg 768w, https:\/\/baba.org.pl\/wp-content\/uploads\/2016\/03\/IMAG1811-1536x1140.jpg 1536w, https:\/\/baba.org.pl\/wp-content\/uploads\/2016\/03\/IMAG1811-2048x1520.jpg 2048w\" sizes=\"auto, (max-width: 300px) 100vw, 300px\" \/><\/a><a href=\"http:\/\/babazg.home.pl\/autoinstalator\/wordpress\/wp-content\/uploads\/2016\/03\/20160322_111002.jpg\" data-lightbox=\"gal[3975]\"><img loading=\"lazy\" decoding=\"async\" alt=\"20160322_111002\" class=\"alignleft size-medium wp-image-3985\" height=\"225\" src=\"http:\/\/babazg.home.pl\/autoinstalator\/wordpress\/wp-content\/uploads\/2016\/03\/20160322_111002-300x225.jpg\" width=\"300\" srcset=\"https:\/\/baba.org.pl\/wp-content\/uploads\/2016\/03\/20160322_111002-300x225.jpg 300w, https:\/\/baba.org.pl\/wp-content\/uploads\/2016\/03\/20160322_111002-1024x768.jpg 1024w, https:\/\/baba.org.pl\/wp-content\/uploads\/2016\/03\/20160322_111002-150x113.jpg 150w, https:\/\/baba.org.pl\/wp-content\/uploads\/2016\/03\/20160322_111002-768x576.jpg 768w, https:\/\/baba.org.pl\/wp-content\/uploads\/2016\/03\/20160322_111002-1536x1152.jpg 1536w, https:\/\/baba.org.pl\/wp-content\/uploads\/2016\/03\/20160322_111002-2048x1536.jpg 2048w\" sizes=\"auto, (max-width: 300px) 100vw, 300px\" \/><\/a> <a href=\"http:\/\/babazg.home.pl\/autoinstalator\/wordpress\/wp-content\/uploads\/2016\/03\/20160322_111052.jpg\" data-lightbox=\"gal[3975]\"><img loading=\"lazy\" decoding=\"async\" alt=\"20160322_111052\" class=\"alignleft size-medium wp-image-3986\" height=\"225\" src=\"http:\/\/babazg.home.pl\/autoinstalator\/wordpress\/wp-content\/uploads\/2016\/03\/20160322_111052-300x225.jpg\" width=\"300\" srcset=\"https:\/\/baba.org.pl\/wp-content\/uploads\/2016\/03\/20160322_111052-300x225.jpg 300w, https:\/\/baba.org.pl\/wp-content\/uploads\/2016\/03\/20160322_111052-1024x768.jpg 1024w, https:\/\/baba.org.pl\/wp-content\/uploads\/2016\/03\/20160322_111052-150x113.jpg 150w, https:\/\/baba.org.pl\/wp-content\/uploads\/2016\/03\/20160322_111052-768x576.jpg 768w, https:\/\/baba.org.pl\/wp-content\/uploads\/2016\/03\/20160322_111052-1536x1152.jpg 1536w, https:\/\/baba.org.pl\/wp-content\/uploads\/2016\/03\/20160322_111052-2048x1536.jpg 2048w\" sizes=\"auto, (max-width: 300px) 100vw, 300px\" \/><\/a><\/p>\n","protected":false},"excerpt":{"rendered":"<p>&nbsp; Dzi\u0119kujemy za obecno\u015b\u0107 Pa\u0144stwa na naszym seminarium. Dzi\u0119kujemy za inspiruj\u0105c\u0105 dyskusj\u0119 i zg\u0142oszone pomys\u0142y i rekomendacje. Dzi\u0119kujemy wszystkim, kt&oacute;rzy nam pomogli w organizacji seminarium: Bibliotece Uniwersytetu Zielonog&oacute;rskiego, kt&oacute;ra nas go\u015bci\u0142a; Katedrze Pedagogiki specjalnej i Profilaktyki oraz Ko\u0142u Naukowemu Student&oacute;w Psychologii &quot;Przeciw Przemocy&quot;.&nbsp; Nasze seminarium by\u0142o elementem og&oacute;lnopolskiego projektu &quot;Antyprzemocowa Sie\u0107 Kobiet&quot;, kt&oacute;rego jeste\u015bmy partnerkami. [&hellip;]<\/p>\n","protected":false},"author":4,"featured_media":0,"parent":574,"menu_order":1,"comment_status":"closed","ping_status":"closed","template":"","meta":{"footnotes":""},"class_list":["post-3975","page","type-page","status-publish","hentry"],"_links":{"self":[{"href":"https:\/\/baba.org.pl\/index.php\/wp-json\/wp\/v2\/pages\/3975","targetHints":{"allow":["GET"]}}],"collection":[{"href":"https:\/\/baba.org.pl\/index.php\/wp-json\/wp\/v2\/pages"}],"about":[{"href":"https:\/\/baba.org.pl\/index.php\/wp-json\/wp\/v2\/types\/page"}],"author":[{"embeddable":true,"href":"https:\/\/baba.org.pl\/index.php\/wp-json\/wp\/v2\/users\/4"}],"replies":[{"embeddable":true,"href":"https:\/\/baba.org.pl\/index.php\/wp-json\/wp\/v2\/comments?post=3975"}],"version-history":[{"count":5,"href":"https:\/\/baba.org.pl\/index.php\/wp-json\/wp\/v2\/pages\/3975\/revisions"}],"predecessor-version":[{"id":4129,"href":"https:\/\/baba.org.pl\/index.php\/wp-json\/wp\/v2\/pages\/3975\/revisions\/4129"}],"up":[{"embeddable":true,"href":"https:\/\/baba.org.pl\/index.php\/wp-json\/wp\/v2\/pages\/574"}],"wp:attachment":[{"href":"https:\/\/baba.org.pl\/index.php\/wp-json\/wp\/v2\/media?parent=3975"}],"curies":[{"name":"wp","href":"https:\/\/api.w.org\/{rel}","templated":true}]}}