{"id":354,"date":"2011-09-04T17:17:30","date_gmt":"2011-09-04T15:17:30","guid":{"rendered":"http:\/\/babazg.home.pl\/autoinstalator\/wordpress\/?page_id=354"},"modified":"2018-04-10T10:16:27","modified_gmt":"2018-04-10T08:16:27","slug":"nagrody","status":"publish","type":"page","link":"https:\/\/baba.org.pl\/index.php\/o-nas\/nagrody\/","title":{"rendered":"Nagrody"},"content":{"rendered":"<p><a href=\"http:\/\/babazg.home.pl\/autoinstalator\/wordpress\/wp-content\/uploads\/2018\/04\/idalia.jpg\" data-lightbox=\"gal[354]\" rel=\"\" style=\"\" target=\"\" title=\"\"><img loading=\"lazy\" decoding=\"async\" alt=\"\" class=\"alignleft size-medium wp-image-5234\" height=\"149\" src=\"http:\/\/babazg.home.pl\/autoinstalator\/wordpress\/wp-content\/uploads\/2018\/04\/idalia-300x249.jpg\" style=\"\" title=\"\" width=\"180\" srcset=\"https:\/\/baba.org.pl\/wp-content\/uploads\/2018\/04\/idalia-300x249.jpg 300w, https:\/\/baba.org.pl\/wp-content\/uploads\/2018\/04\/idalia-150x124.jpg 150w, https:\/\/baba.org.pl\/wp-content\/uploads\/2018\/04\/idalia.jpg 338w\" sizes=\"auto, (max-width: 180px) 100vw, 180px\" \/><\/a> <a href=\"http:\/\/babazg.home.pl\/autoinstalator\/wordpress\/wp-content\/uploads\/2018\/04\/kryszta\u0142owe-serce-300x225.jpg\" data-lightbox=\"gal[354]\" rel=\"\" style=\"\" target=\"\" title=\"\"><img loading=\"lazy\" decoding=\"async\" alt=\"\" class=\"alignleft size-medium wp-image-5235\" height=\"135\" src=\"http:\/\/babazg.home.pl\/autoinstalator\/wordpress\/wp-content\/uploads\/2018\/04\/kryszta\u0142owe-serce-300x225-300x225.jpg\" style=\"\" title=\"\" width=\"180\" \/><\/a> <a href=\"http:\/\/babazg.home.pl\/autoinstalator\/wordpress\/wp-content\/uploads\/2017\/04\/DSC_9145-Edit.jpg\" data-lightbox=\"gal[354]\" rel=\"\" style=\"\" target=\"\" title=\"\"><img loading=\"lazy\" decoding=\"async\" alt=\"\" class=\"alignleft size-medium wp-image-4695\" height=\"180\" src=\"http:\/\/babazg.home.pl\/autoinstalator\/wordpress\/wp-content\/uploads\/2017\/04\/DSC_9145-Edit-200x300.jpg\" style=\"\" title=\"\" width=\"120\" srcset=\"https:\/\/baba.org.pl\/wp-content\/uploads\/2017\/04\/DSC_9145-Edit-200x300.jpg 200w, https:\/\/baba.org.pl\/wp-content\/uploads\/2017\/04\/DSC_9145-Edit-684x1024.jpg 684w, https:\/\/baba.org.pl\/wp-content\/uploads\/2017\/04\/DSC_9145-Edit-100x150.jpg 100w, https:\/\/baba.org.pl\/wp-content\/uploads\/2017\/04\/DSC_9145-Edit-768x1151.jpg 768w, https:\/\/baba.org.pl\/wp-content\/uploads\/2017\/04\/DSC_9145-Edit-1025x1536.jpg 1025w, https:\/\/baba.org.pl\/wp-content\/uploads\/2017\/04\/DSC_9145-Edit.jpg 1367w\" sizes=\"auto, (max-width: 120px) 100vw, 120px\" \/><\/a><\/p>\n<p>&nbsp;<\/p>\n<p>&nbsp;<\/p>\n<p>&nbsp;<\/p>\n<p>&nbsp;<\/p>\n<p>W 2017 i 2018 roku nasze radczynie prawne Milena Krawczonek i&nbsp;Idalia \u0141yczkowska zdoby\u0142y&nbsp;wyr&oacute;\u017cnienie&nbsp;&bdquo;Kryszta\u0142owego Serca Radcy Prawnego&rdquo; &#8211; nagrod\u0119 \u015brodowiska zawodowego radc&oacute;w prawnych dla przedstawicieli grupy zawodowej, kt&oacute;rzy po\u015bwi\u0119cili sw&oacute;j czas na wyj\u0105tkow\u0105 dzia\u0142alno\u015b\u0107 &ndash; pomoc prawn\u0105 pro bono potrzebuj\u0105cym. Obie panie pracuj\u0105 w BABIE jako wolontariuszki od kilku lat i \u015bwiadcz\u0105 pomoc prawn\u0105 na najwy\u017cszym kompetencyjnym poziomie.&nbsp;<\/p>\n<p><a href=\"http:\/\/babazg.home.pl\/autoinstalator\/wordpress\/wp-content\/uploads\/2011\/09\/nagroda_prb.jpg\" data-lightbox=\"gal[354]\" rel=\"attachment wp-att-4201\"><img loading=\"lazy\" decoding=\"async\" alt=\"nagroda_prb\" class=\"alignleft size-medium wp-image-4201\" height=\"111\" src=\"http:\/\/babazg.home.pl\/autoinstalator\/wordpress\/wp-content\/uploads\/2011\/09\/nagroda_prb-300x111.jpg\" width=\"300\" srcset=\"https:\/\/baba.org.pl\/wp-content\/uploads\/2011\/09\/nagroda_prb-300x111.jpg 300w, https:\/\/baba.org.pl\/wp-content\/uploads\/2011\/09\/nagroda_prb-1024x379.jpg 1024w, https:\/\/baba.org.pl\/wp-content\/uploads\/2011\/09\/nagroda_prb-150x55.jpg 150w, https:\/\/baba.org.pl\/wp-content\/uploads\/2011\/09\/nagroda_prb-768x284.jpg 768w, https:\/\/baba.org.pl\/wp-content\/uploads\/2011\/09\/nagroda_prb.jpg 1366w\" sizes=\"auto, (max-width: 300px) 100vw, 300px\" \/><\/a>2016 Nasza prezeska Anita Kucharska-Dziedzic w \u015bcis\u0142ym finale&nbsp;<strong>nagrody Polskiej Rady Biznesu im. Jana Wejcherta w kategorii &bdquo;dzia\u0142alno\u015b\u0107 spo\u0142eczna&rdquo;<\/strong>.<strong>&nbsp;<\/strong>Do nagrody Polskiej Rady Biznesu im. Jana Wejcherta nominowane s\u0105 osoby, kt&oacute;re wykaza\u0142y si\u0119 wyj\u0105tkowymi osi\u0105gni\u0119ciami biznesowymi, odnios\u0142y spektakularny sukces w dzia\u0142alno\u015bci spo\u0142ecznej, a tak\u017ce biznesmeni-wizjonerzy, kt&oacute;rych pomys\u0142y s\u0105 szczeg&oacute;lnie warte wsparcia i promocji.&nbsp;W kategorii&nbsp;<strong>&bdquo;dzia\u0142alno\u015b\u0107 spo\u0142eczna&rdquo; <\/strong>finalistami zostali tak\u017ce:&nbsp;ks. Andrzej Augusty\u0144ski&nbsp;&#8211; inicjator powstania i przewodnicza\u0328cy Zarza\u0328du Stowarzyszenia SIEMACHA, organizacji poz\u0307ytku publicznego, dzia\u0142aja\u0328cej w zakresie wychowania, sportu i terapii m\u0142odziez\u0307y;&nbsp;Barbara Sadowska&nbsp;&#8211; psycholog, za\u0142o\u017cycielka (wraz z m\u0119\u017cem) Fundacji Pomocy Wzajemnej &bdquo;Barka&rdquo; oraz&nbsp;Wojciech Wilk&nbsp;&#8211; za\u0142o\u017cyciel i fundator Polskiego Centrum Pomocy Mi\u0119dzynarodowej,&nbsp; fundacji nios\u0105cej pomoc humanitarn\u0105 i rozwojow\u0105 w 8 krajach Bliskiego Wschodu, Afryki i E&nbsp; &nbsp; &nbsp; &nbsp; &nbsp; &nbsp; &nbsp; &nbsp; &nbsp; &nbsp;uropy Wschodniej.&nbsp;<\/p>\n<p><a href=\"http:\/\/babazg.home.pl\/autoinstalator\/wordpress\/wp-content\/uploads\/2014\/12\/PC120140.jpg\" data-lightbox=\"gal[354]\"><img loading=\"lazy\" decoding=\"async\" alt=\"OLYMPUS DIGITAL CAMERA\" class=\"alignleft size-medium wp-image-2941\" height=\"48\" src=\"http:\/\/babazg.home.pl\/autoinstalator\/wordpress\/wp-content\/uploads\/2014\/12\/PC120140-300x225.jpg\" style=\"width: 147px;\" width=\"300\" \/><\/a>2014 Wyr&oacute;\u017cnienie przyznane&nbsp;przez Instytut Spraw Publicznych i Polsko-Ameryka\u0144sk\u0105 Fundacj\u0119 Wolno\u015bci za realizacj\u0119 projekt&oacute;w o szczeg&oacute;lnych walorach w ramach Programu &bdquo;Obywatel i Prawo&rdquo;. Depesza PAP: <a href=\"http:\/\/wyborcza.pl\/1,91446,17123652,W_Warszawie_gala_wienczaca_Program_Obywatel_i_Prawo.html\">http:\/\/wyborcza.pl\/1,91446,17123652,W_Warszawie_gala_wienczaca_Program_Obywatel_i_Prawo.html<\/a><\/p>\n<p>&nbsp;<\/p>\n<p><img loading=\"lazy\" decoding=\"async\" alt=\"\" class=\"alignleft size-thumbnail wp-image-974\" height=\"112\" src=\"http:\/\/babazg.home.pl\/autoinstalator\/wordpress\/wp-content\/uploads\/2011\/09\/anita_kucharska_prezydent_komorowski-150x112.jpg\" title=\"OLYMPUS DIGITAL CAMERA\" width=\"150\" \/>2011 &#8211; Z\u0142oty Krzy\u017c Zas\u0142ugi dla Prezeski, Anity Kucharskiej-Dziedzic, <strong>w uznaniu dla wagi dzia\u0142alno\u015bci spo\u0142ecznej<\/strong> prowadzonej przez Stowarzyszenie BABA oraz budowy spo\u0142ecze\u0144stwa obywatelskiego<\/p>\n<p>&nbsp;<\/p>\n<p>&nbsp;<\/p>\n<p><a href=\"http:\/\/babazg.home.pl\/autoinstalator\/wordpress\/wp-content\/uploads\/2011\/09\/nagroda_foto7.jpg\" data-lightbox=\"gal[354]\"><img loading=\"lazy\" decoding=\"async\" width=\"448\" height=\"298\" alt=\"\" class=\"alignleft size-full wp-image-615\" src=\"http:\/\/babazg.home.pl\/autoinstalator\/wordpress\/wp-content\/uploads\/2011\/09\/nagroda_foto7.jpg\" style=\"width: 150px; height: 99px;\" title=\"nagroda\" srcset=\"https:\/\/baba.org.pl\/wp-content\/uploads\/2011\/09\/nagroda_foto7.jpg 448w, https:\/\/baba.org.pl\/wp-content\/uploads\/2011\/09\/nagroda_foto7-300x200.jpg 300w, https:\/\/baba.org.pl\/wp-content\/uploads\/2011\/09\/nagroda_foto7-150x100.jpg 150w\" sizes=\"auto, (max-width: 448px) 100vw, 448px\" \/><\/a>2009 &ndash; Nagroda Ministra Pracy i Polityki Spo\u0142ecznej <strong>za wybitne i nowatorskie rozwi\u0105zania w zakresie pomocy spo\u0142ecznej<\/strong>. Minister przyzna\u0142a 10 nagr&oacute;d indywidualnych i 10 nagr&oacute;d zespo\u0142owych (spo\u015br&oacute;d 173 nominowanych). BABA otrzyma\u0142a nagrod\u0119 jako jedyny NGO w kraju! <a href=\"http:\/\/baba.org.pl\/index.php\/2010\/11\/nagroda-dla-baby-ministra-pracy-i-polityki-spolecznej\/\" title=\"Nagroda dla BABY Ministra Pracy i Polityki Spo\u0142ecznej\">Uzasadnienie<\/a>.<\/p>\n<p>&nbsp;<\/p>\n<p>&nbsp;<\/p>\n<p><a href=\"http:\/\/babazg.home.pl\/autoinstalator\/wordpress\/wp-content\/uploads\/2011\/09\/nagroda_homini_bono_2008.jpg\" data-lightbox=\"gal[354]\"><img loading=\"lazy\" decoding=\"async\" width=\"500\" height=\"334\" alt=\"\" class=\"alignleft size-full wp-image-616\" src=\"http:\/\/babazg.home.pl\/autoinstalator\/wordpress\/wp-content\/uploads\/2011\/09\/nagroda_homini_bono_2008.jpg\" style=\"width: 150px; height: 100px;\" title=\"nagroda_homini_bono_2008\" srcset=\"https:\/\/baba.org.pl\/wp-content\/uploads\/2011\/09\/nagroda_homini_bono_2008.jpg 500w, https:\/\/baba.org.pl\/wp-content\/uploads\/2011\/09\/nagroda_homini_bono_2008-300x200.jpg 300w, https:\/\/baba.org.pl\/wp-content\/uploads\/2011\/09\/nagroda_homini_bono_2008-150x100.jpg 150w\" sizes=\"auto, (max-width: 500px) 100vw, 500px\" \/><\/a>2008 &ndash; Nagroda HOMINI BONO od Radia Zach&oacute;d<br \/>\n\t<a href=\"http:\/\/www.gazetalubuska.pl\/apps\/pbcs.dll\/article?AID=\/20081218\/POWIAT16\/700323819\">Artyku\u0142 w Gazecie Lubuskiej<\/a><\/p>\n<p>&nbsp;<\/p>\n<p>&nbsp;<\/p>\n<p>2007 rok &ndash; Wyr&oacute;\u017cnienie Wojewody Lubuskiego w konkursie Spo\u0142ecznik Roku w kategorii: <strong>Dzia\u0142ania na rzecz \u015brodowiska lokalnego<\/strong><\/p>\n<p>&nbsp;<\/p>\n","protected":false},"excerpt":{"rendered":"<p>&nbsp; &nbsp; &nbsp; &nbsp; W 2017 i 2018 roku nasze radczynie prawne Milena Krawczonek i&nbsp;Idalia \u0141yczkowska zdoby\u0142y&nbsp;wyr&oacute;\u017cnienie&nbsp;&bdquo;Kryszta\u0142owego Serca Radcy Prawnego&rdquo; &#8211; nagrod\u0119 \u015brodowiska zawodowego radc&oacute;w prawnych dla przedstawicieli grupy zawodowej, kt&oacute;rzy po\u015bwi\u0119cili sw&oacute;j czas na wyj\u0105tkow\u0105 dzia\u0142alno\u015b\u0107 &ndash; pomoc prawn\u0105 pro bono potrzebuj\u0105cym. Obie panie pracuj\u0105 w BABIE jako wolontariuszki od kilku lat i \u015bwiadcz\u0105 [&hellip;]<\/p>\n","protected":false},"author":6,"featured_media":0,"parent":187,"menu_order":0,"comment_status":"closed","ping_status":"closed","template":"","meta":{"footnotes":""},"class_list":["post-354","page","type-page","status-publish","hentry"],"_links":{"self":[{"href":"https:\/\/baba.org.pl\/index.php\/wp-json\/wp\/v2\/pages\/354","targetHints":{"allow":["GET"]}}],"collection":[{"href":"https:\/\/baba.org.pl\/index.php\/wp-json\/wp\/v2\/pages"}],"about":[{"href":"https:\/\/baba.org.pl\/index.php\/wp-json\/wp\/v2\/types\/page"}],"author":[{"embeddable":true,"href":"https:\/\/baba.org.pl\/index.php\/wp-json\/wp\/v2\/users\/6"}],"replies":[{"embeddable":true,"href":"https:\/\/baba.org.pl\/index.php\/wp-json\/wp\/v2\/comments?post=354"}],"version-history":[{"count":21,"href":"https:\/\/baba.org.pl\/index.php\/wp-json\/wp\/v2\/pages\/354\/revisions"}],"predecessor-version":[{"id":5242,"href":"https:\/\/baba.org.pl\/index.php\/wp-json\/wp\/v2\/pages\/354\/revisions\/5242"}],"up":[{"embeddable":true,"href":"https:\/\/baba.org.pl\/index.php\/wp-json\/wp\/v2\/pages\/187"}],"wp:attachment":[{"href":"https:\/\/baba.org.pl\/index.php\/wp-json\/wp\/v2\/media?parent=354"}],"curies":[{"name":"wp","href":"https:\/\/api.w.org\/{rel}","templated":true}]}}

<p><a href="http://babazg.home.pl/autoinstalator/wordpress/wp-content/uploads/2018/04/idalia.jpg" data-lightbox="gal[354]" rel="" style="" target="" title=""><img loading="lazy" decoding="async" alt="" class="alignleft size-medium wp-image-5234" height="149" src="http://babazg.home.pl/autoinstalator/wordpress/wp-content/uploads/2018/04/idalia-300x249.jpg" style="" title="" width="180" srcset="https://baba.org.pl/wp-content/uploads/2018/04/idalia-300x249.jpg 300w, https://baba.org.pl/wp-content/uploads/2018/04/idalia-150x124.jpg 150w, https://baba.org.pl/wp-content/uploads/2018/04/idalia.jpg 338w" sizes="auto, (max-width: 180px) 100vw, 180px" /></a> <a href="http://babazg.home.pl/autoinstalator/wordpress/wp-content/uploads/2018/04/kryształowe-serce-300x225.jpg" data-lightbox="gal[354]" rel="" style="" target="" title=""><img loading="lazy" decoding="async" alt="" class="alignleft size-medium wp-image-5235" height="135" src="http://babazg.home.pl/autoinstalator/wordpress/wp-content/uploads/2018/04/kryształowe-serce-300x225-300x225.jpg" style="" title="" width="180" /></a> <a href="http://babazg.home.pl/autoinstalator/wordpress/wp-content/uploads/2017/04/DSC_9145-Edit.jpg" data-lightbox="gal[354]" rel="" style="" target="" title=""><img loading="lazy" decoding="async" alt="" class="alignleft size-medium wp-image-4695" height="180" src="http://babazg.home.pl/autoinstalator/wordpress/wp-content/uploads/2017/04/DSC_9145-Edit-200x300.jpg" style="" title="" width="120" srcset="https://baba.org.pl/wp-content/uploads/2017/04/DSC_9145-Edit-200x300.jpg 200w, https://baba.org.pl/wp-content/uploads/2017/04/DSC_9145-Edit-684x1024.jpg 684w, https://baba.org.pl/wp-content/uploads/2017/04/DSC_9145-Edit-100x150.jpg 100w, https://baba.org.pl/wp-content/uploads/2017/04/DSC_9145-Edit-768x1151.jpg 768w, https://baba.org.pl/wp-content/uploads/2017/04/DSC_9145-Edit-1025x1536.jpg 1025w, https://baba.org.pl/wp-content/uploads/2017/04/DSC_9145-Edit.jpg 1367w" sizes="auto, (max-width: 120px) 100vw, 120px" /></a></p>
<p>&nbsp;</p>
<p>&nbsp;</p>
<p>&nbsp;</p>
<p>&nbsp;</p>
<p>W 2017 i 2018 roku nasze radczynie prawne Milena Krawczonek i&nbsp;Idalia Łyczkowska zdobyły&nbsp;wyr&oacute;żnienie&nbsp;&bdquo;Kryształowego Serca Radcy Prawnego&rdquo; &#8211; nagrodę środowiska zawodowego radc&oacute;w prawnych dla przedstawicieli grupy zawodowej, kt&oacute;rzy poświęcili sw&oacute;j czas na wyjątkową działalność &ndash; pomoc prawną pro bono potrzebującym. Obie panie pracują w BABIE jako wolontariuszki od kilku lat i świadczą pomoc prawną na najwyższym kompetencyjnym poziomie.&nbsp;</p>
<p><a href="http://babazg.home.pl/autoinstalator/wordpress/wp-content/uploads/2011/09/nagroda_prb.jpg" data-lightbox="gal[354]" rel="attachment wp-att-4201"><img loading="lazy" decoding="async" alt="nagroda_prb" class="alignleft size-medium wp-image-4201" height="111" src="http://babazg.home.pl/autoinstalator/wordpress/wp-content/uploads/2011/09/nagroda_prb-300x111.jpg" width="300" srcset="https://baba.org.pl/wp-content/uploads/2011/09/nagroda_prb-300x111.jpg 300w, https://baba.org.pl/wp-content/uploads/2011/09/nagroda_prb-1024x379.jpg 1024w, https://baba.org.pl/wp-content/uploads/2011/09/nagroda_prb-150x55.jpg 150w, https://baba.org.pl/wp-content/uploads/2011/09/nagroda_prb-768x284.jpg 768w, https://baba.org.pl/wp-content/uploads/2011/09/nagroda_prb.jpg 1366w" sizes="auto, (max-width: 300px) 100vw, 300px" /></a>2016 Nasza prezeska Anita Kucharska-Dziedzic w ścisłym finale&nbsp;<strong>nagrody Polskiej Rady Biznesu im. Jana Wejcherta w kategorii &bdquo;działalność społeczna&rdquo;</strong>.<strong>&nbsp;</strong>Do nagrody Polskiej Rady Biznesu im. Jana Wejcherta nominowane są osoby, kt&oacute;re wykazały się wyjątkowymi osiągnięciami biznesowymi, odniosły spektakularny sukces w działalności społecznej, a także biznesmeni-wizjonerzy, kt&oacute;rych pomysły są szczeg&oacute;lnie warte wsparcia i promocji.&nbsp;W kategorii&nbsp;<strong>&bdquo;działalność społeczna&rdquo; </strong>finalistami zostali także:&nbsp;ks. Andrzej Augustyński&nbsp;&#8211; inicjator powstania i przewodniczący Zarządu Stowarzyszenia SIEMACHA, organizacji pożytku publicznego, działającej w zakresie wychowania, sportu i terapii młodzieży;&nbsp;Barbara Sadowska&nbsp;&#8211; psycholog, założycielka (wraz z mężem) Fundacji Pomocy Wzajemnej &bdquo;Barka&rdquo; oraz&nbsp;Wojciech Wilk&nbsp;&#8211; założyciel i fundator Polskiego Centrum Pomocy Międzynarodowej,&nbsp; fundacji niosącej pomoc humanitarną i rozwojową w 8 krajach Bliskiego Wschodu, Afryki i E&nbsp; &nbsp; &nbsp; &nbsp; &nbsp; &nbsp; &nbsp; &nbsp; &nbsp; &nbsp;uropy Wschodniej.&nbsp;</p>
<p><a href="http://babazg.home.pl/autoinstalator/wordpress/wp-content/uploads/2014/12/PC120140.jpg" data-lightbox="gal[354]"><img loading="lazy" decoding="async" alt="OLYMPUS DIGITAL CAMERA" class="alignleft size-medium wp-image-2941" height="48" src="http://babazg.home.pl/autoinstalator/wordpress/wp-content/uploads/2014/12/PC120140-300x225.jpg" style="width: 147px;" width="300" /></a>2014 Wyr&oacute;żnienie przyznane&nbsp;przez Instytut Spraw Publicznych i Polsko-Amerykańską Fundację Wolności za realizację projekt&oacute;w o szczeg&oacute;lnych walorach w ramach Programu &bdquo;Obywatel i Prawo&rdquo;. Depesza PAP: <a href="http://wyborcza.pl/1,91446,17123652,W_Warszawie_gala_wienczaca_Program_Obywatel_i_Prawo.html">http://wyborcza.pl/1,91446,17123652,W_Warszawie_gala_wienczaca_Program_Obywatel_i_Prawo.html</a></p>
<p>&nbsp;</p>
<p><img loading="lazy" decoding="async" alt="" class="alignleft size-thumbnail wp-image-974" height="112" src="http://babazg.home.pl/autoinstalator/wordpress/wp-content/uploads/2011/09/anita_kucharska_prezydent_komorowski-150x112.jpg" title="OLYMPUS DIGITAL CAMERA" width="150" />2011 &#8211; Złoty Krzyż Zasługi dla Prezeski, Anity Kucharskiej-Dziedzic, <strong>w uznaniu dla wagi działalności społecznej</strong> prowadzonej przez Stowarzyszenie BABA oraz budowy społeczeństwa obywatelskiego</p>
<p>&nbsp;</p>
<p>&nbsp;</p>
<p><a href="http://babazg.home.pl/autoinstalator/wordpress/wp-content/uploads/2011/09/nagroda_foto7.jpg" data-lightbox="gal[354]"><img loading="lazy" decoding="async" width="448" height="298" alt="" class="alignleft size-full wp-image-615" src="http://babazg.home.pl/autoinstalator/wordpress/wp-content/uploads/2011/09/nagroda_foto7.jpg" style="width: 150px; height: 99px;" title="nagroda" srcset="https://baba.org.pl/wp-content/uploads/2011/09/nagroda_foto7.jpg 448w, https://baba.org.pl/wp-content/uploads/2011/09/nagroda_foto7-300x200.jpg 300w, https://baba.org.pl/wp-content/uploads/2011/09/nagroda_foto7-150x100.jpg 150w" sizes="auto, (max-width: 448px) 100vw, 448px" /></a>2009 &ndash; Nagroda Ministra Pracy i Polityki Społecznej <strong>za wybitne i nowatorskie rozwiązania w zakresie pomocy społecznej</strong>. Minister przyznała 10 nagr&oacute;d indywidualnych i 10 nagr&oacute;d zespołowych (spośr&oacute;d 173 nominowanych). BABA otrzymała nagrodę jako jedyny NGO w kraju! <a href="http://baba.org.pl/index.php/2010/11/nagroda-dla-baby-ministra-pracy-i-polityki-spolecznej/" title="Nagroda dla BABY Ministra Pracy i Polityki Społecznej">Uzasadnienie</a>.</p>
<p>&nbsp;</p>
<p>&nbsp;</p>
<p><a href="http://babazg.home.pl/autoinstalator/wordpress/wp-content/uploads/2011/09/nagroda_homini_bono_2008.jpg" data-lightbox="gal[354]"><img loading="lazy" decoding="async" width="500" height="334" alt="" class="alignleft size-full wp-image-616" src="http://babazg.home.pl/autoinstalator/wordpress/wp-content/uploads/2011/09/nagroda_homini_bono_2008.jpg" style="width: 150px; height: 100px;" title="nagroda_homini_bono_2008" srcset="https://baba.org.pl/wp-content/uploads/2011/09/nagroda_homini_bono_2008.jpg 500w, https://baba.org.pl/wp-content/uploads/2011/09/nagroda_homini_bono_2008-300x200.jpg 300w, https://baba.org.pl/wp-content/uploads/2011/09/nagroda_homini_bono_2008-150x100.jpg 150w" sizes="auto, (max-width: 500px) 100vw, 500px" /></a>2008 &ndash; Nagroda HOMINI BONO od Radia Zach&oacute;d<br />
	<a href="http://www.gazetalubuska.pl/apps/pbcs.dll/article?AID=/20081218/POWIAT16/700323819">Artykuł w Gazecie Lubuskiej</a></p>
<p>&nbsp;</p>
<p>&nbsp;</p>
<p>2007 rok &ndash; Wyr&oacute;żnienie Wojewody Lubuskiego w konkursie Społecznik Roku w kategorii: <strong>Działania na rzecz środowiska lokalnego</strong></p>
<p>&nbsp;</p>

<p>&nbsp; &nbsp; &nbsp; &nbsp; W 2017 i 2018 roku nasze radczynie prawne Milena Krawczonek i&nbsp;Idalia Łyczkowska zdobyły&nbsp;wyr&oacute;żnienie&nbsp;&bdquo;Kryształowego Serca Radcy Prawnego&rdquo; &#8211; nagrodę środowiska zawodowego radc&oacute;w prawnych dla przedstawicieli grupy zawodowej, kt&oacute;rzy poświęcili sw&oacute;j czas na wyjątkową działalność &ndash; pomoc prawną pro bono potrzebującym. Obie panie pracują w BABIE jako wolontariuszki od kilku lat i świadczą [&hellip;]</p>
