{"id":2882,"date":"2014-10-20T09:35:50","date_gmt":"2014-10-20T07:35:50","guid":{"rendered":"http:\/\/baba.org.pl\/?page_id=2882"},"modified":"2018-09-18T11:35:55","modified_gmt":"2018-09-18T09:35:55","slug":"2882-2","status":"publish","type":"page","link":"https:\/\/baba.org.pl\/index.php\/akcje\/2882-2\/","title":{"rendered":"Lubuski Kongres Kobiet"},"content":{"rendered":"<p><a href=\"http:\/\/babazg.home.pl\/autoinstalator\/wordpress\/wp-content\/uploads\/2014\/10\/2e244433d184420735d1b92d777a7376bb19ed111811400.jpg\"><img loading=\"lazy\" decoding=\"async\" alt=\"2e244433d184420735d1b92d777a7376bb19ed11!1811400\" class=\"alignleft size-medium wp-image-2868\" height=\"225\" src=\"http:\/\/babazg.home.pl\/autoinstalator\/wordpress\/wp-content\/uploads\/2014\/10\/2e244433d184420735d1b92d777a7376bb19ed111811400-300x225.jpg\" width=\"300\" srcset=\"https:\/\/baba.org.pl\/wp-content\/uploads\/2014\/10\/2e244433d184420735d1b92d777a7376bb19ed111811400-300x225.jpg 300w, https:\/\/baba.org.pl\/wp-content\/uploads\/2014\/10\/2e244433d184420735d1b92d777a7376bb19ed111811400-150x113.jpg 150w, https:\/\/baba.org.pl\/wp-content\/uploads\/2014\/10\/2e244433d184420735d1b92d777a7376bb19ed111811400.jpg 640w\" sizes=\"auto, (max-width: 300px) 100vw, 300px\" \/><\/a><strong><span style=\"font-size:20px;\">VI Lubuski Kongres Kobiet<\/span><\/strong><\/p>\n<p>W sobot\u0119 18 pa\u017adziernika w Zielonej G&oacute;rze odby\u0142 si\u0119 VI Lubuski Kongres Kobiet. Tym razem m&oacute;wi\u0142y\u015bmy o kobiecych sukcesach i pora\u017ckach w ciagu 25 lat wolno\u015bci. co si\u0119 nam uda\u0142o, a co jeszcze nie. Dlaczego zaradno\u015b\u0107 Polek i Lubuszanek jest naszym&nbsp;osi\u0105gni\u0119ciem i k\u0142opotem jednocze\u015bnie.&nbsp;Jak bardzo zmieni\u0142a si\u0119 \u015bwiadomo\u015b\u0107 kobiet&nbsp;(i m\u0119\u017cczyzn). Dzi\u0119kujemy 500 kobietom, kt&oacute;re postanowi\u0142y sp\u0119dzi\u0107 sobot\u0119 we w\u0142asnym gronie. Niech ta moc pozostanie z nami! Relacje medialne &#8211; <a href=\"http:\/\/baba.org.pl\/index.php\/o-nas\/media-o-stowarzyszeniu-baba\/\">tutaj po linkiem<\/a>.<\/p>\n<p>Rekomendacje panelu &quot;Macierzy\u0144stwo &#8211; blaski i cienie&quot; dla samorz\u0105d&oacute;w lokalnych w wojew&oacute;dztwie lubuskim:<br \/>\n\t\u015aci\u0105galno\u015b\u0107 aliment&oacute;w w Polsce jest bardzo niska (ok. 13%), przede wszystkim ze wzgl\u0119du na zaniechania organ&oacute;w samorz\u0105dowych w korzystaniu z dost\u0119pnych \u015brodk&oacute;w egzekucji. Gminy wyp\u0142acaj\u0105 alimenty matkom (zazwyczaj s\u0105 to matki) dzieci, kt&oacute;rych ojcowie uchylaj\u0105 si\u0119 od obowi\u0105zku alimentacyjnego. Nie podejmuj\u0105 jednak skutecznych dzia\u0142a\u0144, aby te pieni\u0105dze od d\u0142u\u017cnik&oacute;w wyegzekwowa\u0107. Podatnicy pokrywaj\u0105 rokrocznie d\u0142ug w wielko\u015bci oko\u0142o miliarda z\u0142otych.<br \/>\n\t1) Rekomendujemy w&oacute;jtom, burmistrzom i prezydentom miast przekazywanie do biur informacji gospodarczych informacji o d\u0142u\u017cnikach alimentacyjnych, kt&oacute;rzy nie reguluj\u0105 zobowi\u0105za\u0144 na czas (przez okres d\u0142u\u017cszy ni\u017c 6 miesi\u0119cy).<br \/>\n\t2) Nalegamy, by gminy bez zb\u0119dnej zw\u0142oki: ustala\u0142y sytuacj\u0119 maj\u0105tkow\u0105 d\u0142u\u017cnik&oacute;w i przyczyn, dla kt&oacute;rych nie p\u0142ac\u0105 aliment&oacute;w, zbiera\u0142y informacje o stanie ich zdrowia oraz egzekwowa\u0142y od niego o\u015bwiadczenie maj\u0105tkowe.<br \/>\n\t3) Nalegamy, by gminy nie zwleka\u0142y z przekazaniem informacji komornikom o konieczno\u015bci podj\u0119cia dzia\u0142a\u0144 wobec d\u0142u\u017cnika. A w przypadkach opiesza\u0142o\u015bci samych komornik&oacute;w, skar\u017cy\u0142y si\u0119 do s\u0105d&oacute;w na ich bezczynno\u015b\u0107.<br \/>\n\t4) Przypominamy, \u017ce gminy maj\u0105 mo\u017cliwo\u015b\u0107 skierowania bezrobotnego d\u0142u\u017cnika do pracy przy robotach publicznych oraz mog\u0105 sk\u0142ada\u0107 wniosek o zatrzymanie prawa jazdy osoby uchylaj\u0105cej si\u0119 od p\u0142acenia aliment&oacute;w.<\/p>\n<p>W Polsce jedynie 3 proc. dzieci przebywaj\u0105cych w domach dziecka to sieroty, 17 proc. wychowank&oacute;w ma jednego rodzica, 80 proc. dzieci ma oboje rodzic&oacute;w. Maleje liczba kandydat&oacute;w na rodzic&oacute;w zast\u0119pczych i adopcyjnych. Pa\u0144stwo wci\u0105\u017c bardziej wspiera tradycyjne domy dziecka, chocia\u017c rodziny zast\u0119pcze osi\u0105gaj\u0105 o wiele lepsze wyniki wychowawcze. Te ostatnie otrzymuj\u0105 na dziecko \u015brednio 1200 z\u0142 miesi\u0119cznie, domy dziecka &#8211; 3200 z\u0142. System macierzy\u0144stwa i rodzicielstwa zast\u0119pczego wymaga dodatkowego wsparcia realizowanego przez jednostki samorz\u0105du lokalnego.<br \/>\n\tRekomendujemy:<br \/>\n\t1. Przyspieszenie oczekiwania na mieszkania dla dzieci opuszczaj\u0105cych rodziny zast\u0119pcze (teraz jest 8 lat), lub dost\u0119p do mieszka\u0144 chronionych. Trud w\u0142o\u017cony w wychowanie dzieci z do\u015bwiadczeniem traumy nie mo\u017ce i\u015b\u0107 na marne z powodu zmuszenia doros\u0142ych dzieci to powrotu do biologicznych zwykle dysfunkcyjnych rodzin. Powinno zabezpieczy\u0107 si\u0119 liczb\u0119 mieszka\u0144 adekwatn\u0105 do liczby dzieci wkraczaj\u0105cych w doros\u0142o\u015b\u0107.<br \/>\n\t2. Zapewnienie mieszka\u0144 dla rodzin zast\u0119pczych zawodowych na czas prowadzenia rodziny zawodowej. Rodziny zawodowe nie s\u0105 w stanie z pensji rodzica zawodowego pokry\u0107 koszt&oacute;w ewentualnego zakupu wi\u0119kszego mieszkania by przyj\u0105\u0107 wi\u0119cej ni\u017c jedno, dwoje dzieci.<br \/>\n\t3. Podnoszenie kompetencji zar&oacute;wno koordynator&oacute;w, pedagog&oacute;w szkolnych oraz rodzic&oacute;w zast\u0119pczych poprzez dost\u0119p do szkole\u0144 z tematyki powi\u0105zanej ze specyfik\u0105 rodzicielstwa zast\u0119pczego oraz pracownik&oacute;w instytucji pomocowych w zakresie realizacji aktywnego wsparcia i wsp&oacute;\u0142pracy.<\/p>\n<p>Prawne orzeczenie o niepe\u0142nosprawno\u015bci lub r&oacute;wnowa\u017cne posiada w Polsce ponad 4,2 mln Polak&oacute;w, w tym blisko 185 tys. dzieci do lat 16. W bud\u017cetach samorz\u0105dowych brakuje zabezpieczenia funduszy na organizacj\u0119 kszta\u0142cenia integracyjnego, zespo\u0142&oacute;w wczesnego wspomagania i innych form wspierania rozwoju dzieci ze specjalnymi potrzebami, cho\u0107by tak podstawowych, jak zaj\u0119cia logopedyczne w przedszkolach gminnych. Co roku w Polsce rodzi si\u0119 blisko 5 tysi\u0119cy dzieci niepe\u0142nosprawnych intelektualnie.<br \/>\n\tRekomendujemy:<br \/>\n\t1. Zapewnienie ka\u017cdemu dziecku niepe\u0142nosprawnemu z terenu danej jednostki samorz\u0105du terytorialnego miejsca w \u017c\u0142obku, przedszkolu i szkole. Liczba miejsc ma by\u0107 adekwatna do liczby dzieci, tak aby ka\u017cde dziecko mia\u0142o dost\u0119p do instytucjonalnej opieki i edukacji.<\/p>\n<p>W zakresie ochrony zdrowia rekomendujemy przy\u015bpieszenie i zintensyfikowanie prac na powstaniem Wojew&oacute;dzkiego Szpitala Pediatrycznego w Zielonej G&oacute;rze oraz zapewnienie do tego czasu pe\u0142nego dost\u0119pu do lekarzy specjalist&oacute;w na terenie wojew&oacute;dztwa. Chcemy, by Zarz\u0105d Wojew&oacute;dztwa wykorzysta\u0142 w pe\u0142ni swoje mo\u017cliwo\u015bci i uprawnienia w realizacji polityki zdrowotnej do wykreowania<br \/>\n\tnarz\u0119dzi wspieraj\u0105cych poszerzenie oferty w zakresie dost\u0119pno\u015bci kadry medycznej i zaawansowanych procedur medycznych.<br \/>\n\tSzczeg&oacute;lnie istotne jest, by umo\u017cliwi\u0107 natychmiastow\u0105 diagnostyk\u0119 w przypadku nowo narodzonych dzieci niepe\u0142nosprawnych oraz dzieci<br \/>\n\tprzekazywanych pod opiek\u0119 rodzinom zast\u0119pczym. P&oacute;\u0142roczny czas oczekiwania na diagnoz\u0119 psychiatry czy neurologa dzieci\u0119cego uniemo\u017cliwia rodzicom zast\u0119pczym wdro\u017cenie w\u0142a\u015bciwej opieki wychowawczej w przypadku dzieci z zespo\u0142em z\u0142o\u017conej traumy rozwojowej, po do\u015bwiadczeniu przemocy czy z FAS<br \/>\n\t<img loading=\"lazy\" decoding=\"async\" alt=\"fb2c5e76faf29928f3c8fbb1c72e1181bbe7b75c!1811400\" class=\"alignleft size-medium wp-image-2875\" height=\"187\" src=\"http:\/\/babazg.home.pl\/autoinstalator\/wordpress\/wp-content\/uploads\/2014\/10\/fb2c5e76faf29928f3c8fbb1c72e1181bbe7b75c1811400-300x225.jpg\" style=\"width: 288px;\" width=\"300\" \/> <img loading=\"lazy\" decoding=\"async\" alt=\"3674418573393e9169072adcf39a271aa5e911dc!1811400\" class=\"alignleft size-medium wp-image-2873\" height=\"220\" src=\"http:\/\/babazg.home.pl\/autoinstalator\/wordpress\/wp-content\/uploads\/2014\/10\/3674418573393e9169072adcf39a271aa5e911dc1811400-300x225.jpg\" style=\"width: 289px;\" width=\"300\" \/><\/p>\n<p>&nbsp;<\/p>\n<h1><a href=\"http:\/\/babazg.home.pl\/autoinstalator\/wordpress\/wp-content\/uploads\/2014\/10\/2014-10-18-251.jpg\" style=\"background-color: rgb(255, 255, 255);\"><img loading=\"lazy\" decoding=\"async\" alt=\"2014-10-18-251\" class=\"alignleft size-medium wp-image-2872\" height=\"143\" src=\"http:\/\/babazg.home.pl\/autoinstalator\/wordpress\/wp-content\/uploads\/2014\/10\/2014-10-18-251-300x225.jpg\" style=\"width: 288px;\" width=\"300\" \/><\/a><a href=\"http:\/\/babazg.home.pl\/autoinstalator\/wordpress\/wp-content\/uploads\/2014\/10\/40d61286ae72032be46b52ad34508681380bf0ba1811400.jpg\" style=\"background-color: rgb(255, 255, 255);\"><img loading=\"lazy\" decoding=\"async\" alt=\"40d61286ae72032be46b52ad34508681380bf0ba!1811400\" class=\"alignleft size-medium wp-image-2870\" height=\"163\" src=\"http:\/\/babazg.home.pl\/autoinstalator\/wordpress\/wp-content\/uploads\/2014\/10\/40d61286ae72032be46b52ad34508681380bf0ba1811400-300x225.jpg\" style=\"width: 289px;\" width=\"300\" \/><\/a><\/h1>\n<div>&nbsp;<\/div>\n<h1>&nbsp;<\/h1>\n<h1><span style=\"font-size:20px;\"><strong>V Lubuski Kongres Kobiet<\/strong><\/span><\/h1>\n<p>&nbsp;<\/p>\n<p><span style=\"font-size:16px;\"><strong><u>PROGRAM V LUBUSKIEGO KONGRESU KOBIET:<\/u><\/strong><br \/>\n\t11.00 &ndash; 11.15 Otwarcie i powitanie&nbsp;<em><strong>El\u017cbieta Polak<\/strong><\/em><em>, Marsza\u0142kini Wojew&oacute;dztwa Lubuskiego&nbsp;<\/em><br \/>\n\t11.15 &ndash; 11.20 Projekcja filmu&nbsp;<em>&bdquo;Szwedzki system rodzinny&rdquo;<\/em><br \/>\n\t11.20 &ndash; 11.40 &bdquo;M\u0119\u017cczy\u017ani i r&oacute;wnouprawnienie &ndash; szwedzkie do\u015bwiadczenia&rdquo;&nbsp;<em><strong>Staffan Herrstr&ouml;m<\/strong><\/em><em>, Ambasador Szwecji w Polsce<\/em><br \/>\n\t11.40 &ndash; 11.50 Pytania z sali<br \/>\n\t11.50 &ndash; 12.05 Polityka prorodzinna w Polsce&nbsp;<em><strong>Jaros\u0142awPrzeperski<\/strong><\/em><em>, Pracownik Naukowy Uniwersytetu Miko\u0142aja Kopernika<\/em><br \/>\n\t<em>w Toruniu, Dyrektor Fundacji &bdquo;Nadzieja dla rodzin&rdquo;<\/em><br \/>\n\t12.05 &ndash; 12.15 Pytania z sali<br \/>\n\t12.15 &ndash; 12.30 Wyst\u0119p Misi Furtak*<br \/>\n\t12.30 &ndash; 12.45 &bdquo;Moda, kt&oacute;rej warto ulec!&rdquo;&nbsp;<em><strong>Gra\u017cyna Wycza\u0142kowska<\/strong><\/em><em>, Mi\u0119dzynarodowy Instruktor Nordic Walking<\/em><br \/>\n\t12.45 &ndash; 12.55 Pytania z sali<br \/>\n\t12.55 &ndash; 13.25 Przerwa<br \/>\n\t13.25 &ndash; 13.55 Lubuskie kobiety sukcesu&nbsp;<em><strong>Ewa Minge,&nbsp;<\/strong><\/em><em>Mi\u0119dzynarodowa Projektantka Mody<\/em><br \/>\n\t<em><strong>Misia Furtak<\/strong><\/em><em>, Wokalistka, cz\u0142onkini zespo\u0142u &quot;<a href=\"http:\/\/pl.wikipedia.org\/wiki\/Tr%C3%A8s.b\" target=\"_blank\" title=\"Tr\u00e8s.b\">Tr&egrave;s.b<\/a>&quot;, laureatka Paszportu Polityki oraz Fryderyka<\/em><br \/>\n\t13.55 &ndash; 14.05 Pytania z sali<br \/>\n\t14.05 &ndash; 14.15 Kobieta w EFS&nbsp;<em><strong>Marek Kami\u0144ski,<\/strong><\/em><em>&nbsp;Dyrektor Departamentu EFS Urz\u0119du Marsza\u0142kowskiego Wojew&oacute;dztwa Lubuskiego&nbsp;<\/em><br \/>\n\t14.15 &ndash; 14.25&nbsp;<strong>One billion Rusing <\/strong>Nazywam si\u0119 miliard. Protestuj, powsta\u0144 i ta\u0144cz! Przeciwko przemocy wobec kobiet<br \/>\n\t14.25 &ndash; 14.35 Podsumowanie&nbsp;<em><strong>El\u017cbieta Polak<\/strong><\/em><em>, Marsza\u0142kini Wojew&oacute;dztwa Lubuskiego<\/em><br \/>\n\t14.35 &ndash; 15.30 Koncert Lemko Tower<\/span><\/p>\n<p>&nbsp;<\/p>\n<h1><strong><span style=\"font-size:20px;\">IV Lubuski Kongres Kobiet<\/span><\/strong><\/h1>\n<p>&nbsp;<\/p>\n<p align=\"left\"><a href=\"http:\/\/lubuskie.pl\/strona-glowna\/news\/&amp;news_category=TOP&amp;news_id=11447\/\">http:\/\/lubuskie.pl\/strona-glowna\/news\/&amp;news_category=TOP&amp;news_id=11447\/<\/a><br \/>\n\t<a href=\"http:\/\/zielonagora.gazeta.pl\/zielonagora\/1,35161,12515466,Kongres_Kobiet__Czy_facetow_trzeba_wyslac_na_Marsa_.html\">http:\/\/zielonagora.gazeta.pl\/zielonagora\/1,35161,12515466,Kongres_Kobiet__Czy_facetow_trzeba_wyslac_na_Marsa_.html<\/a><br \/>\n\t<a href=\"http:\/\/www.gazetalubuska.pl\/apps\/pbcs.dll\/article?AID=\/20120919\/POWIAT16\/120919339\">http:\/\/www.gazetalubuska.pl\/apps\/pbcs.dll\/article?AID=\/20120919\/POWIAT16\/120919339<\/a><\/p>\n<p align=\"left\">Pozdrawiamy Wielkopolanki:&nbsp;<a href=\"http:\/\/www.facebook.com\/media\/set\/?set=a.486089348079463.111615.475265579161840&amp;type=1#!\/photo.php?fbid=486091958079202&amp;set=a.486089348079463.111615.475265579161840&amp;type=3&amp;theater\">http:\/\/www.facebook.com\/media\/set\/?set=a.486089348079463.111615.475265579161840&amp;type=1#!\/photo.php?fbid=486091958079202&amp;set=a.486089348079463.111615.475265579161840&amp;type=3&amp;theater<\/a><br \/>\n\t<a href=\"http:\/\/www.facebook.com\/media\/set\/?set=a.486089348079463.111615.475265579161840&amp;type=1#!\/photo.php?fbid=486091824745882&amp;set=a.486089348079463.111615.475265579161840&amp;type=3&amp;theater\">http:\/\/www.facebook.com\/media\/set\/?set=a.486089348079463.111615.475265579161840&amp;type=1#!\/photo.php?fbid=486091824745882&amp;set=a.486089348079463.111615.475265579161840&amp;type=3&amp;theater<\/a><\/p>\n<p>&nbsp;<\/p>\n<p>&nbsp;<\/p>\n","protected":false},"excerpt":{"rendered":"<p>VI Lubuski Kongres Kobiet W sobot\u0119 18 pa\u017adziernika w Zielonej G&oacute;rze odby\u0142 si\u0119 VI Lubuski Kongres Kobiet. Tym razem m&oacute;wi\u0142y\u015bmy o kobiecych sukcesach i pora\u017ckach w ciagu 25 lat wolno\u015bci. co si\u0119 nam uda\u0142o, a co jeszcze nie. Dlaczego zaradno\u015b\u0107 Polek i Lubuszanek jest naszym&nbsp;osi\u0105gni\u0119ciem i k\u0142opotem jednocze\u015bnie.&nbsp;Jak bardzo zmieni\u0142a si\u0119 \u015bwiadomo\u015b\u0107 kobiet&nbsp;(i m\u0119\u017cczyzn). Dzi\u0119kujemy [&hellip;]<\/p>\n","protected":false},"author":4,"featured_media":0,"parent":574,"menu_order":5,"comment_status":"closed","ping_status":"closed","template":"","meta":{"footnotes":""},"class_list":["post-2882","page","type-page","status-publish","hentry"],"_links":{"self":[{"href":"https:\/\/baba.org.pl\/index.php\/wp-json\/wp\/v2\/pages\/2882","targetHints":{"allow":["GET"]}}],"collection":[{"href":"https:\/\/baba.org.pl\/index.php\/wp-json\/wp\/v2\/pages"}],"about":[{"href":"https:\/\/baba.org.pl\/index.php\/wp-json\/wp\/v2\/types\/page"}],"author":[{"embeddable":true,"href":"https:\/\/baba.org.pl\/index.php\/wp-json\/wp\/v2\/users\/4"}],"replies":[{"embeddable":true,"href":"https:\/\/baba.org.pl\/index.php\/wp-json\/wp\/v2\/comments?post=2882"}],"version-history":[{"count":16,"href":"https:\/\/baba.org.pl\/index.php\/wp-json\/wp\/v2\/pages\/2882\/revisions"}],"predecessor-version":[{"id":5440,"href":"https:\/\/baba.org.pl\/index.php\/wp-json\/wp\/v2\/pages\/2882\/revisions\/5440"}],"up":[{"embeddable":true,"href":"https:\/\/baba.org.pl\/index.php\/wp-json\/wp\/v2\/pages\/574"}],"wp:attachment":[{"href":"https:\/\/baba.org.pl\/index.php\/wp-json\/wp\/v2\/media?parent=2882"}],"curies":[{"name":"wp","href":"https:\/\/api.w.org\/{rel}","templated":true}]}}