{"id":144,"date":"2010-11-16T20:35:17","date_gmt":"2010-11-16T19:35:17","guid":{"rendered":"http:\/\/host.iswift.eu\/"},"modified":"2019-12-31T13:59:01","modified_gmt":"2019-12-31T11:59:01","slug":"broszury-zdrowotne","status":"publish","type":"page","link":"https:\/\/baba.org.pl\/index.php\/programy\/broszury\/broszury-zdrowotne\/","title":{"rendered":"Poradniki zdrowotne"},"content":{"rendered":"<div>&nbsp;<\/div>\n<div>&nbsp;<\/div>\n<div>&nbsp;<\/div>\n<table border=\"0\">\n<tbody>\n<tr>\n<td><a href=\"http:\/\/babazg.home.pl\/autoinstalator\/wordpress\/wp-content\/uploads\/2011\/09\/wstydliwe-choroby.pdf\">Wstydliwe choroby kobiet<\/a><\/td>\n<td>\n<p><a href=\"http:\/\/babazg.home.pl\/autoinstalator\/wordpress\/wp-content\/uploads\/2011\/09\/plodnosc.pdf\">P\u0142odno\u015b\u0107 kobiet<\/a><\/p>\n<\/td>\n<td>\n<p><a href=\"http:\/\/babazg.home.pl\/autoinstalator\/wordpress\/wp-content\/uploads\/2011\/09\/choroby-nowotworowe.pdf\">Choroby nowotworowe kobiet<\/a><\/p>\n<\/td>\n<\/tr>\n<tr>\n<td><a href=\"http:\/\/babazg.home.pl\/autoinstalator\/wordpress\/wp-content\/uploads\/2011\/09\/wstydliwe-choroby.pdf\"><img loading=\"lazy\" decoding=\"async\" alt=\"\" class=\"alignleft size-medium wp-image-2295\" height=\"213\" src=\"http:\/\/babazg.home.pl\/autoinstalator\/wordpress\/wp-content\/uploads\/2010\/11\/okadka-wstydliwe-choroby.jpg\" style=\"width: 124px; float: left;\" width=\"187\" \/><\/a><\/td>\n<td><a href=\"http:\/\/babazg.home.pl\/autoinstalator\/wordpress\/wp-content\/uploads\/2011\/09\/plodnosc.pdf\"><img loading=\"lazy\" decoding=\"async\" alt=\"\" class=\"alignleft size-medium wp-image-2295\" height=\"213\" src=\"http:\/\/babazg.home.pl\/autoinstalator\/wordpress\/wp-content\/uploads\/2010\/11\/plodnosc.jpg\" style=\"width: 124px; float: left;\" width=\"187\" \/><\/a><\/td>\n<td><a href= \"http:\/\/babazg.home.pl\/autoinstalator\/wordpress\/wp-content\/uploads\/2011\/09\/choroby-nowotworowe.pdf\"><img loading=\"lazy\" decoding=\"async\" alt=\"\" class=\"alignleft size-medium wp-image-2295\" height=\"213\" src=\"http:\/\/babazg.home.pl\/autoinstalator\/wordpress\/wp-content\/uploads\/2010\/11\/nowotwory.jpg\" style=\"width: 124px; float: left;\" width=\"187\" \/><\/a><\/td>\n<\/tr>\n<tr>\n<td>&nbsp;<\/td>\n<td>&nbsp;<\/td>\n<td>&nbsp;<\/td>\n<\/tr>\n<tr>\n<td><a href=\"http:\/\/babazg.home.pl\/autoinstalator\/wordpress\/wp-content\/uploads\/2011\/11\/baba-aids-2011.pdf\">Bezpieczni od HIV\/AIDS<\/a><\/td>\n<td><a href=\"http:\/\/baba.org.pl\/wp-content\/uploads\/2019\/12\/bhiv_druk.pdf\">bhiv_druk<\/a><\/td>\n<td><a href=\"http:\/\/babazg.home.pl\/autoinstalator\/wordpress\/wp-content\/uploads\/2018\/07\/rodzinabezpiecznawchorobie2018.pdf\">Rodzina bezpieczna w chorobie<\/a><\/td>\n<\/tr>\n<tr>\n<td><a href=\"http:\/\/babazg.home.pl\/autoinstalator\/wordpress\/wp-content\/uploads\/2011\/11\/baba-aids-2011.pdf\"><img loading=\"lazy\" decoding=\"async\" alt=\"\" class=\"alignleft size-medium wp-image-2295\" height=\"213\" src=\"http:\/\/babazg.home.pl\/autoinstalator\/wordpress\/wp-content\/uploads\/2010\/11\/okladka-aids-nowa-215x300.jpg\" style=\"width: 124px; float: left;\" width=\"187\" \/><\/a><\/td>\n<td><a href=\"http:\/\/baba.org.pl\/wp-content\/uploads\/2019\/12\/bhiv_druk.pdf\"><img loading=\"lazy\" decoding=\"async\" alt=\"\" class=\"alignleft size-medium wp-image-2295\" height=\"213\" src=\"http:\/\/baba.org.pl\/wp-content\/uploads\/2019\/12\/baba-ok\u0142adka-aids-przod.jpg\" style=\"width: 124px; float: left;\" width=\"187\" \/><\/a><\/td>\n<td><a href=\"http:\/\/babazg.home.pl\/autoinstalator\/wordpress\/wp-content\/uploads\/2018\/07\/rodzinabezpiecznawchorobie2018.pdf\"><img loading=\"lazy\" decoding=\"async\" alt=\"\" class=\"alignleft size-medium wp-image-2295\" height=\"213\" src=\"http:\/\/babazg.home.pl\/autoinstalator\/wordpress\/wp-content\/uploads\/2010\/11\/rodzina-bezpieczna-w-chorobie-213x300.jpg\" style=\"width: 124px; float: left;\" width=\"187\" \/><\/a><\/td>\n<td>&nbsp;<\/td>\n<\/tr>\n<\/tbody>\n<\/table>\n<p>&nbsp;<\/p>\n<div>&nbsp;<\/div>\n<p>&nbsp;<\/p>\n","protected":false},"excerpt":{"rendered":"<p>&nbsp; &nbsp; &nbsp; Wstydliwe choroby kobiet P\u0142odno\u015b\u0107 kobiet Choroby nowotworowe kobiet &nbsp; &nbsp; &nbsp; Bezpieczni od HIV\/AIDS bhiv_druk Rodzina bezpieczna w chorobie &nbsp; &nbsp; &nbsp; &nbsp;<\/p>\n","protected":false},"author":6,"featured_media":0,"parent":134,"menu_order":0,"comment_status":"closed","ping_status":"closed","template":"","meta":{"footnotes":""},"class_list":["post-144","page","type-page","status-publish","hentry"],"_links":{"self":[{"href":"https:\/\/baba.org.pl\/index.php\/wp-json\/wp\/v2\/pages\/144","targetHints":{"allow":["GET"]}}],"collection":[{"href":"https:\/\/baba.org.pl\/index.php\/wp-json\/wp\/v2\/pages"}],"about":[{"href":"https:\/\/baba.org.pl\/index.php\/wp-json\/wp\/v2\/types\/page"}],"author":[{"embeddable":true,"href":"https:\/\/baba.org.pl\/index.php\/wp-json\/wp\/v2\/users\/6"}],"replies":[{"embeddable":true,"href":"https:\/\/baba.org.pl\/index.php\/wp-json\/wp\/v2\/comments?post=144"}],"version-history":[{"count":59,"href":"https:\/\/baba.org.pl\/index.php\/wp-json\/wp\/v2\/pages\/144\/revisions"}],"predecessor-version":[{"id":6102,"href":"https:\/\/baba.org.pl\/index.php\/wp-json\/wp\/v2\/pages\/144\/revisions\/6102"}],"up":[{"embeddable":true,"href":"https:\/\/baba.org.pl\/index.php\/wp-json\/wp\/v2\/pages\/134"}],"wp:attachment":[{"href":"https:\/\/baba.org.pl\/index.php\/wp-json\/wp\/v2\/media?parent=144"}],"curies":[{"name":"wp","href":"https:\/\/api.w.org\/{rel}","templated":true}]}}