{"id":1054,"date":"2011-11-11T16:17:55","date_gmt":"2011-11-11T14:17:55","guid":{"rendered":"http:\/\/baba.org.pl\/?page_id=1054"},"modified":"2013-09-15T11:20:57","modified_gmt":"2013-09-15T09:20:57","slug":"tak-dla-kobiet","status":"publish","type":"page","link":"https:\/\/baba.org.pl\/index.php\/akcje\/tak-dla-kobiet\/","title":{"rendered":"TAK dla kobiet"},"content":{"rendered":"<p><a href=\"http:\/\/baba.org.pl\/index.php\/2011\/11\/tak-dla-kobiet\/taklogobig\/\" rel=\"attachment wp-att-1029\"><img loading=\"lazy\" decoding=\"async\" alt=\"\" class=\"alignleft size-thumbnail wp-image-1029\" height=\"127\" src=\"http:\/\/babazg.home.pl\/autoinstalator\/wordpress\/wp-content\/uploads\/2011\/11\/TakLogoBig-150x127.jpg\" title=\"TakLogoBig\" width=\"150\" srcset=\"https:\/\/baba.org.pl\/wp-content\/uploads\/2011\/11\/TakLogoBig-150x127.jpg 150w, https:\/\/baba.org.pl\/wp-content\/uploads\/2011\/11\/TakLogoBig-300x254.jpg 300w, https:\/\/baba.org.pl\/wp-content\/uploads\/2011\/11\/TakLogoBig.jpg 522w\" sizes=\"auto, (max-width: 150px) 100vw, 150px\" \/><\/a><strong>BABA zbiera podpisy:<\/strong><br \/>\n\tO tym, \u017ce Polska nie jest krajem wolno\u015bci obywatelskich, nie trzeba nikogo przekonywa\u0107. Jednak nie ka\u017cdy wie, \u017ce poprzez zebranie 100 tys. podpis&oacute;w ludzie mog\u0105 wp\u0142yn\u0105\u0107 na zmian\u0119 ustaw. Taki proces zwany jest &bdquo;Inicjatyw\u0105 obywatelsk\u0105&rdquo;, a jego najnowsz\u0105 ods\u0142on\u0105 jest &bdquo;TAK dla kobiet &ndash; masz prawo do decyzji&rdquo;. Jest to projekt nowej ustawy o \u015bwiadomym rodzicielstwie i innych prawach reprodukcyjnych. Zak\u0142ada on nastepuj\u0105ce zmiany w polskim prawie:<\/p>\n<ul>\n<li>prawo&nbsp;&nbsp;&nbsp;&nbsp;&nbsp; do samostanowienia w dziedzinie rozrodczo\u015bci i \u015bwiadomego decydowania o&nbsp;&nbsp;&nbsp;&nbsp;&nbsp; rodzicielstwie<\/li>\n<li>dofinansowanie&nbsp;&nbsp;&nbsp;&nbsp;&nbsp; \u015brodk&oacute;w antykoncepcyjnych i medycznych procedur wspomagania prokreacji<\/li>\n<li>pe\u0142n\u0105&nbsp;&nbsp;&nbsp;&nbsp;&nbsp; opiek\u0119 zdrowotn\u0105 i pomoc materialn\u0105 dla kobiet w ci\u0105\u017cy oraz pe\u0142n\u0105&nbsp;&nbsp;&nbsp;&nbsp;&nbsp; informacj\u0119 o przys\u0142uguj\u0105cych im&nbsp;&nbsp;&nbsp;&nbsp;&nbsp;&nbsp; prawach<\/li>\n<li>zmniejszenie&nbsp;&nbsp;&nbsp;&nbsp;&nbsp; dyskryminacji kobiet, kt&oacute;re chc\u0105 prowadzi\u0107 \u015bwiadome i bezpieczne \u017cycie&nbsp;&nbsp;&nbsp;&nbsp;&nbsp; seksualne<\/li>\n<li>edukacj\u0119&nbsp;&nbsp;&nbsp;&nbsp;&nbsp; seksualn\u0105 dostosowan\u0105 do wieku, dzi\u0119ki czemu zmniejszy si\u0119 liczba&nbsp;&nbsp;&nbsp;&nbsp;&nbsp; niechcianych ci\u0105\u017c oraz zachorowa\u0144 na raka&nbsp;&nbsp;&nbsp;&nbsp;&nbsp;&nbsp; w\u015br&oacute;d kobiet.<\/li>\n<\/ul>\n<p>Pe\u0142ny projekt ustawy jest dost\u0119pny tutaj:<\/p>\n<p><a href=\"http:\/\/takdlakobiet.pl\/wp-content\/uploads\/2011\/07\/ustawa-z-uzasadnieniem.pdf\">http:\/\/takdlakobiet.pl\/wp-content\/uploads\/2011\/07\/ustawa-z-uzasadnieniem.pdf<\/a><\/p>\n<p>Je\u015bli uwa\u017casz, \u017ce pomys\u0142 jest dobry, mo\u017cesz z\u0142o\u017cy\u0107 podpis pod projektem ustawy. Wystarczy \u015bci\u0105gn\u0105\u0107 formularz&nbsp; do zbierania podpis&oacute;w (ze strony <a href=\"http:\/\/www.takdlakobiet.pl\/\">www.takdlakobiet.pl<\/a> ), z\u0142o\u017cy\u0107 podpis lub zebra\u0107 kilka podpis&oacute;w i przed 15 grudnia 2011 wys\u0142a\u0107 formularz do centrali na adres:<\/p>\n<p><strong>Polskie Towarzystwo Prawa Antydyskryminacyjnego, ul. Ga\u0142czy\u0144skiego 7\/6, 00-362 Warszawa<\/strong><\/p>\n<p>FormularzTakDlaKobiet.doc (wersja MS Word) <a href=\"http:\/\/takdlakobiet.pl\/wp-content\/uploads\/2011\/08\/formularz-do-zbierania-podpisow_tak-dla-kobiet02.doc\">http:\/\/takdlakobiet.pl\/wp-content\/uploads\/2011\/08\/formularz-do-zbierania-podpisow_tak-dla-kobiet02.doc<\/a><\/p>\n<p>FormularzTakDlaKobiet.pdf&nbsp; (wersja PDF) <a href=\"http:\/\/takdlakobiet.pl\/wp-content\/uploads\/2011\/08\/formularz-do-zbierania-podpisow_tak-dla-kobiet02.pdf\">http:\/\/takdlakobiet.pl\/wp-content\/uploads\/2011\/08\/formularz-do-zbierania-podpisow_tak-dla-kobiet02.pdf<\/a><\/p>\n<p>Termin jest do 15 grudnia, bo 15 wrze\u015bnia 2011 Marsza\u0142ek Sejmu RP, na wniosek obywateli, zarejestrowa\u0142 Obywatelski Komitet Inicjatywy Ustawodawczej &bdquo;Tak dla kobiet&rdquo;. Prawo stanowi, \u017ce od daty rejestracji komitetu Polacy maj\u0105 trzy miesi\u0105ce na zebranie 100 tys. Podpis&oacute;w, by wzi\u0119to ich na powa\u017cnie.<\/p>\n<p>Je\u015bli jeste\u015bcie zainteresowani przy\u0142\u0105czeniem si\u0119 do akcji zbierania podpis&oacute;w, mo\u017cecie skontaktowa\u0107 si\u0119 z organizatorami akcji w Twojej okolicy <a href=\"http:\/\/takdlakobiet.pl\/zaangazuj-sie\/\">http:\/\/takdlakobiet.pl\/zaangazuj-sie\/<\/a> lub je\u015bli takich nie ma, mo\u017cecie pisa\u0107&nbsp; na e-mail <a href=\"mailto:kontakt@takldlakobiet.pl\">kontakt@takldlakobiet.pl<\/a> lub kontaktowa\u0107 si\u0119 telefonicznie.<\/p>\n<p>Je\u015bli nie lubisz wysy\u0142a\u0107 list&oacute;w, miejsca zbierania podpis&oacute;w mo\u017cesz sprawdzi\u0107 na: <a href=\"http:\/\/maps.google.pl\/maps\/ms?msa=0&amp;msid=204463990947429882630.0004ae04d34976a693183&amp;hl=pl&amp;ie=UTF8&amp;t=m&amp;vpsrc=6&amp;ll=51.672555,18.94043&amp;spn=6.13365,6.591797&amp;z=6&amp;source=embed\">http:\/\/maps.google.pl\/maps\/ms?msa=0&amp;msid=204463990947429882630.0004ae04d34976a693183&amp;hl=pl&amp;ie=UTF8&amp;t=m&amp;vpsrc=6&amp;ll=51.672555,18.94043&amp;spn=6.13365,6.591797&amp;z=6&amp;source=embed<\/a>,<\/p>\n<p>Wi\u0119cej o inicjatywie obywatelskiej tutaj:<\/p>\n<p>Ustawa Sejmu Rzeczypospolitej Polskiej z dnia 24 czerwca 1999 r. O wykonywaniu inicjatywy ustawodawczej przez obywateli (Dz.U. z 1999 r. Nr 62, poz. 688).<\/p>\n<p><a href=\"http:\/\/www.sejm.gov.pl\/prawo\/inicjat.htm\">http:\/\/www.sejm.gov.pl\/prawo\/inicjat.htm<\/a><\/p>\n","protected":false},"excerpt":{"rendered":"<p>BABA zbiera podpisy: O tym, \u017ce Polska nie jest krajem wolno\u015bci obywatelskich, nie trzeba nikogo przekonywa\u0107. Jednak nie ka\u017cdy wie, \u017ce poprzez zebranie 100 tys. podpis&oacute;w ludzie mog\u0105 wp\u0142yn\u0105\u0107 na zmian\u0119 ustaw. Taki proces zwany jest &bdquo;Inicjatyw\u0105 obywatelsk\u0105&rdquo;, a jego najnowsz\u0105 ods\u0142on\u0105 jest &bdquo;TAK dla kobiet &ndash; masz prawo do decyzji&rdquo;. Jest to projekt nowej [&hellip;]<\/p>\n","protected":false},"author":4,"featured_media":0,"parent":574,"menu_order":40,"comment_status":"closed","ping_status":"closed","template":"","meta":{"footnotes":""},"class_list":["post-1054","page","type-page","status-publish","hentry"],"_links":{"self":[{"href":"https:\/\/baba.org.pl\/index.php\/wp-json\/wp\/v2\/pages\/1054","targetHints":{"allow":["GET"]}}],"collection":[{"href":"https:\/\/baba.org.pl\/index.php\/wp-json\/wp\/v2\/pages"}],"about":[{"href":"https:\/\/baba.org.pl\/index.php\/wp-json\/wp\/v2\/types\/page"}],"author":[{"embeddable":true,"href":"https:\/\/baba.org.pl\/index.php\/wp-json\/wp\/v2\/users\/4"}],"replies":[{"embeddable":true,"href":"https:\/\/baba.org.pl\/index.php\/wp-json\/wp\/v2\/comments?post=1054"}],"version-history":[{"count":6,"href":"https:\/\/baba.org.pl\/index.php\/wp-json\/wp\/v2\/pages\/1054\/revisions"}],"predecessor-version":[{"id":2352,"href":"https:\/\/baba.org.pl\/index.php\/wp-json\/wp\/v2\/pages\/1054\/revisions\/2352"}],"up":[{"embeddable":true,"href":"https:\/\/baba.org.pl\/index.php\/wp-json\/wp\/v2\/pages\/574"}],"wp:attachment":[{"href":"https:\/\/baba.org.pl\/index.php\/wp-json\/wp\/v2\/media?parent=1054"}],"curies":[{"name":"wp","href":"https:\/\/api.w.org\/{rel}","templated":true}]}}